000
CXUS53 KGID 020358 AAA
CF6AUH
PRELIMINARY LOCAL CLIMATOLOGICAL DATA (WS FORM: F-6)
STATION: AURORA NE
MONTH: DECEMBER
YEAR: 2021
LATITUDE: 40 54 N
LONGITUDE: 97 59 W
TEMPERATURE IN F: :PCPN: SNOW: WIND :SUNSHINE: SKY :PK WND
================================================================================
1 2 3 4 5 6A 6B 7 8 9 10 11 12 13 14 15 16 17 18
12Z AVG MX 2MIN
DY MAX MIN AVG DEP HDD CDD WTR SNW DPTH SPD SPD DIR MIN PSBL S-S WX SPD DR
================================================================================
1 67 35 51 M 14 0 0.00 M M 10.2 18 250 M M 0 24 250
2 73 41 57 M 8 0 0.00 M M 7.9 14 210 M M 0 M M
3 59 33 46 M 19 0 0.00 M M 13.4 22 360 M M 0 27 360
4 41 27 34 M 31 0 0.00 M M 9.0 15 140 M M 4 1 20 130
5 55 29 42 M 23 0 0.00 M M 17.6 31 340 M M 1 38 340
6 30 17 24 M 41 0 0.00 M M 11.7 20 330 M M 2 27 330
7 43 24 34 M 31 0 0.00 M M 10.9 23 180 M M 4 32 180
8 53 19 36 M 29 0 0.00 M M 8.3 16 160 M M 1 21 180
9 56 32 44 M 21 0 0.00 M M 11.4 22 340 M M 1 30 340
10 40 28 34 M 31 0 M M M 19.7 28 340 M M 9 1 33 340
11 40 21 31 M 34 0 0.00 M M 12.7 18 260 M M 1 23 260
12 53 28 41 M 24 0 0.00 M M 12.4 16 190 M M 0 20 190
13 57 25 41 M 24 0 0.00 M M 6.8 12 100 M M 0 M M
14 57 24 41 M 24 0 0.00 M M 5.9 13 170 M M 0 17 140
15 70 30 50 M 15 0 0.06 M M 21.2 38 300 M M 4 8 50 300
16 44 22 33 M 32 0 0.00 M M 10.0 20 320 M M 0 25 310
17 41 24 33 M 32 0 0.00 M M 8.1 23 340 M M 0 27 340
18 28 11 20 M 45 0 0.00 M M 13.3 29 330 M M 5 36 330
19 43 12 28 M 37 0 0.00 M M 13.5 21 200 M M 0 29 200
20 32 14 23 M 42 0 0.00 M M 12.9 24 360 M M 0 32 360
21 49 17 33 M 32 0 0.00 M M 11.1 25 340 M M 0 31 340
22 58 21 40 M 25 0 0.00 M M 10.4 17 240 M M 0 22 240
23 60 29 45 M 20 0 0.00 M M 8.8 16 200 M M 0 20 200
24 64 30 47 M 18 0 0.00 M M 10.6 16 10 M M 2 25 10
25 57 17 37 M 28 0 0.00 M M 7.2 14 230 M M 1 20 210
26 54 20 37 M 28 0 0.00 M M 8.5 17 140 M M 1 23 120
27 36 18 27 M 38 0 0.00 M M 8.0 13 150 M M 0 17 150
28 34 8 21 M 44 0 0.00 M M 12.0 27 330 M M 1 32 330
29 29 6 18 M 47 0 0.00 M M 5.3 12 60 M M 2 M M
30 43 10 27 M 38 0 0.00 M M 9.7 20 220 M M 0 25 200
31 26 7 17 M 48 0 0.00 M M 16.9 31 10 M M 6 37 10
================================================================================
SM 1492 679 923 0 M M 345.4 M 45
================================================================================
AV 48.1 21.9 11.1 FASTST M M 1 MAX(MPH)
MISC ----> 38 300 M M
================================================================================
NOTES:
# LAST OF SEVERAL OCCURRENCES
COLUMN 17 PEAK WIND IN M.P.H.
PRELIMINARY LOCAL CLIMATOLOGICAL DATA (WS FORM: F-6) , PAGE 2
STATION: AURORA NE
MONTH: DECEMBER
YEAR: 2021
LATITUDE: 40 54 N
LONGITUDE: 97 59 W
[TEMPERATURE DATA] [PRECIPITATION DATA] SYMBOLS USED IN COLUMN 16
AVERAGE MONTHLY: 35.0 TOTAL FOR MONTH: M 1 = FOG OR MIST
DPTR FM NORMAL: M DPTR FM NORMAL: M 2 = FOG REDUCING VISIBILITY
HIGHEST: 73 ON 2 GRTST 24HR M ON M TO 1/4 MILE OR LESS
LOWEST: 6 ON 29 3 = THUNDER
SNOW, ICE PELLETS, HAIL 4 = ICE PELLETS
TOTAL MONTH: M 5 = HAIL
GRTST 24HR M ON M 6 = FREEZING RAIN OR DRIZZLE
GRTST DEPTH: M ON M 7 = DUSTSTORM OR SANDSTORM:
VSBY 1/2 MILE OR LESS
8 = SMOKE OR HAZE
[NO. OF DAYS WITH] [WEATHER - DAYS WITH] 9 = BLOWING SNOW
X = TORNADO
MAX 32 OR BELOW: 5 0.01 INCH OR MORE: M
MAX 90 OR ABOVE: 0 0.10 INCH OR MORE: M
MIN 32 OR BELOW: 28 0.50 INCH OR MORE: M
MIN 0 OR BELOW: 0 1.00 INCH OR MORE: M
[HDD (BASE 65) ]
TOTAL THIS MO. 923 CLEAR (SCALE 0-3) 25
DPTR FM NORMAL M PTCLDY (SCALE 4-7) 5
TOTAL FM JUL 1 1866 CLOUDY (SCALE 8-10) 1
DPTR FM NORMAL M
[CDD (BASE 65) ]
TOTAL THIS MO. 0
DPTR FM NORMAL M [PRESSURE DATA]
TOTAL FM JAN 1 1180 HIGHEST SLP M ON M
DPTR FM NORMAL 1170 LOWEST SLP M ON M
[REMARKS]
#FINAL-12-21#