000
CXUS53 KGID 011749 AAA
CF6AUH
PRELIMINARY LOCAL CLIMATOLOGICAL DATA (WS FORM: F-6)
STATION: AURORA
MONTH: DECEMBER
YEAR: 2020
LATITUDE: 40 54 N
LONGITUDE: 97 59 W
TEMPERATURE IN F: :PCPN: SNOW: WIND :SUNSHINE: SKY :PK WND
================================================================================
1 2 3 4 5 6A 6B 7 8 9 10 11 12 13 14 15 16 17 18
12Z AVG MX 2MIN
DY MAX MIN AVG DEP HDD CDD WTR SNW DPTH SPD SPD DIR MIN PSBL S-S WX SPD DR
================================================================================
1 45 19 32 2 33 0 0.00 M M 4.2 9 340 M M 0 M M
2 43 26 35 5 30 0 0.00 M M 12.9 18 360 M M 2 25 360
3 46 20 33 3 32 0 0.00 M M 6.7 14 360 M M 1 21 360
4 59 26 43 14 22 0 0.00 M M 8.3 13 320 M M 0 17 320
5 55 27 41 12 24 0 0.00 M M 10.4 18 360 M M 0 24 360
6 49 26 38 10 27 0 0.00 M M 6.4 9 10 M M 0 M M
7 60 29 45 17 20 0 0.00 M M 8.9 15 310 M M 0 21 320
8 64 28 46 18 19 0 0.00 M M 7.3 10 280 M M 0 M M
9 68 38 53 25 12 0 0.00 M M 6.6 10 340 M M 0 M M
10 48 31 40 13 25 0 0.00 M M 13.6 24 360 M M 1 29 10
11 36 31 34 7 31 0 M M M 18.1 23 10 M M 10 30 10
12 30 15 23 -4 42 0 M M M 13.5 23 350 M M 8 28 360
13 28 6 17 -9 48 0 0.00 M M 3.6 7 340 M M 4 12 M M
14 22 6 14 -12 51 0 0.00 M M 7.7 16 110 M M 2 M M
15 23 19 21 -5 44 0 M M M 4.8 10 110 M M 9 1 M M
16 26 17 22 -4 43 0 0.00 M M 4.9 10 210 M M 6 1 M M
17 37 18 28 2 37 0 0.00 M M 6.5 13 170 M M 0 18 170
18 40 27 34 8 31 0 0.00 M M 9.9 20 340 M M 0 23 160
19 37 12 25 -1 40 0 0.00 M M 7.7 12 200 M M 0 16 210
20 43 27 35 10 30 0 0.00 M M 10.3 17 260 M M 1 22 250
21 48 31 40 15 25 0 0.00 M M 9.1 15 290 M M 0 M M
22 56 31 44 19 21 0 0.00 M M 12.9 18 170 M M 0 25 170
23 47 21 34 9 31 0 M M M 24.9 38 320 M M 5 8 52 320
24 26 9 18 -7 47 0 0.00 M M 5.6 18 310 M M 4 28 310
25 48 17 33 8 32 0 0.00 M M 6.7 10 220 M M 1 M M
26 45 23 34 9 31 0 0.00 M M 3.6 7 90 M M 0 M M
27 42 26 34 9 31 0 M M M 15.0 27 330 M M 6 36 350
28 33 18 26 1 39 0 M M M 4.7 9 140 M M 6 M M
29 32 23 28 3 37 0 M M M 10.9 21 120 M M 9 1 27 110
30 33 10 22 -3 43 0 0.00 M M 9.3 18 330 M M 0 24 330
31 36 11 24 -1 41 0 0.00 M M 8.2 15 190 M M 0 1 20 190
================================================================================
SM 1305 668 1019 0 M M 283.2 M 75
================================================================================
AV 42.1 21.5 9.1 FASTST M M 2 MAX(MPH)
MISC ----> 38 320 M M
================================================================================
NOTES:
# LAST OF SEVERAL OCCURRENCES
COLUMN 17 PEAK WIND IN M.P.H.
PRELIMINARY LOCAL CLIMATOLOGICAL DATA (WS FORM: F-6) , PAGE 2
STATION: AURORA
MONTH: DECEMBER
YEAR: 2020
LATITUDE: 40 54 N
LONGITUDE: 97 59 W
[TEMPERATURE DATA] [PRECIPITATION DATA] SYMBOLS USED IN COLUMN 16
AVERAGE MONTHLY: 31.8 TOTAL FOR MONTH: M 1 = FOG OR MIST
DPTR FM NORMAL: 5.3 DPTR FM NORMAL: M 2 = FOG REDUCING VISIBILITY
HIGHEST: 68 ON 9 GRTST 24HR M ON M TO 1/4 MILE OR LESS
LOWEST: 6 ON 14,13 3 = THUNDER
SNOW, ICE PELLETS, HAIL 4 = ICE PELLETS
TOTAL MONTH: M 5 = HAIL
GRTST 24HR M ON M 6 = FREEZING RAIN OR DRIZZLE
GRTST DEPTH: M ON M 7 = DUSTSTORM OR SANDSTORM:
VSBY 1/2 MILE OR LESS
8 = SMOKE OR HAZE
[NO. OF DAYS WITH] [WEATHER - DAYS WITH] 9 = BLOWING SNOW
X = TORNADO
MAX 32 OR BELOW: 7 0.01 INCH OR MORE: M
MAX 90 OR ABOVE: 0 0.10 INCH OR MORE: M
MIN 32 OR BELOW: 30 0.50 INCH OR MORE: M
MIN 0 OR BELOW: 0 1.00 INCH OR MORE: M
[HDD (BASE 65) ]
TOTAL THIS MO. 1019 CLEAR (SCALE 0-3) 21
DPTR FM NORMAL -174 PTCLDY (SCALE 4-7) 7
TOTAL FM JUL 1 2223 CLOUDY (SCALE 8-10) 3
DPTR FM NORMAL -296
[CDD (BASE 65) ]
TOTAL THIS MO. 0
DPTR FM NORMAL 0 [PRESSURE DATA]
TOTAL FM JAN 1 1220 HIGHEST SLP M ON M
DPTR FM NORMAL 242 LOWEST SLP M ON M
[REMARKS]
#FINAL-12-20#