000
CXUS54 KBMX 011010
CF6AUO
PRELIMINARY LOCAL CLIMATOLOGICAL DATA (WS FORM: F-6)
STATION: AUBURN AWOS
MONTH: OCTOBER
YEAR: 2022
LATITUDE: 32 34 N
LONGITUDE: 85 30 W
TEMPERATURE IN F: :PCPN: SNOW: WIND :SUNSHINE: SKY :PK WND
================================================================================
1 2 3 4 5 6A 6B 7 8 9 10 11 12 13 14 15 16 17 18
12Z AVG MX 2MIN
DY MAX MIN AVG DEP HDD CDD WTR SNW DPTH SPD SPD DIR MIN PSBL S-S WX SPD DR
================================================================================
1 82 52 67 M 0 2 0.00 0.0 0 7.5 14 320 M M 0 21 320
2 80 55 68 M 0 3 0.00 0.0 0 10.7 16 350 M M 0 24 350
3 78 55 67 M 0 2 0.00 0.0 0 7.0 12 40 M M 0 18 80
4 77 54 66 M 0 1 0.00 0.0 0 3.0 10 330 M M 2 M M
5 81 52 67 M 0 2 0.00 0.0 0 6.5 12 330 M M 0 16 330
6 82 48 65 M 0 0 0.00 0.0 0 5.5 13 320 M M 0 M M
7 84 52 68 M 0 3 0.00 0.0 0 4.8 13 320 M M 0 16 280
8 79 54 67 M 0 2 0.00 0.0 0 8.4 13 330 M M 0 18 330
9 74 48 61 M 4 0 0.00 0.0 0 7.7 14 310 M M 0 20 320
10 77 49 63 M 2 0 0.00 0.0 0 7.2 13 10 M M 0 16 30
11 79 54 67 M 0 2 0.00 0.0 0 6.3 10 30 M M 3 M M
12 69 62 66 M 0 1 1.90 0.0 0 7.0 17 360 M M 8 1238 M M
13 76 56 66 M 0 1 0.55 0.0 0 6.6 24 310 M M 4 123 37 330
14 76 46 61 M 4 0 0.00 0.0 0 2.5 8 300 M M 0 M M
15 81 51 66 M 0 1 0.00 0.0 0 2.0 7 210 M M 0 M M
16 82 51 67 M 0 2 0.00 0.0 0 3.2 7 300 M M 0 M M
17 78 51 65 M 0 0 0.00 0.0 0 6.9 15 330 M M 3 20 330
18 55 38 47 M 18 0 0.00 0.0 0 10.8 20 330 M M 0 24 330
19 61 34 48 M 17 0 M M M 6.6 13 310 M M 0 17 310
20 62 34 48 M 17 0 M M M 4.0 9 250 M M 0 M M
21 71 38 55 M 10 0 M M M 2.7 7 70 M M 0 M M
22 75 42 59 M 6 0 M M M 3.1 7 90 M M 0 M M
23 76 45 61 M 4 0 0.00 0.0 0 4.2 7 90 M M 0 M M
24 78 49 64 M 1 0 0.00 0.0 0 5.7 10 160 M M 0 M M
25 80 58 69 M 0 4 0.41 0.0 0 9.1 17 160 M M 5 1 24 180
26 68 48 58 M 7 0 0.00 0.0 0 8.6 14 360 M M 0 M M
27 74 46 60 M 5 0 0.00 0.0 0 8.3 13 60 M M 0 16 70
28 72 53 63 M 2 0 0.00 0.0 0 9.3 13 90 M M 1 17 60
29 72 53 63 M 2 0 0.00 0.0 0 9.3 14 70 M M 4 1 18 70
30 66 58 62 M 3 0 0.42 0.0 0 8.2 13 80 M M 10 1 17 120
31 73 55 64 M 1 0 0.03 0.0 0 6.3 14 220 M M 5 1 M M
================================================================================
SM 2318 1541 103 26 3.31 0.0 199.0 M 45
================================================================================
AV 74.8 49.7 6.4 FASTST M M 1 MAX(MPH)
MISC ----> 24 310 37 330
================================================================================
NOTES:
# LAST OF SEVERAL OCCURRENCES
COLUMN 17 PEAK WIND IN M.P.H.
PRELIMINARY LOCAL CLIMATOLOGICAL DATA (WS FORM: F-6) , PAGE 2
STATION: AUBURN AWOS
MONTH: OCTOBER
YEAR: 2022
LATITUDE: 32 34 N
LONGITUDE: 85 30 W
[TEMPERATURE DATA] [PRECIPITATION DATA] SYMBOLS USED IN COLUMN 16
AVERAGE MONTHLY: 62.2 TOTAL FOR MONTH: 3.31 1 = FOG OR MIST
DPTR FM NORMAL: 0.0 DPTR FM NORMAL: M 2 = FOG REDUCING VISIBILITY
HIGHEST: 84 ON 7 GRTST 24HR 1.90 ON 12-12 TO 1/4 MILE OR LESS
LOWEST: 34 ON 20,19 3 = THUNDER
SNOW, ICE PELLETS, HAIL 4 = ICE PELLETS
TOTAL MONTH: 0.0 INCH 5 = HAIL
GRTST 24HR 0.0 6 = FREEZING RAIN OR DRIZZLE
GRTST DEPTH: 0 7 = DUSTSTORM OR SANDSTORM:
VSBY 1/2 MILE OR LESS
8 = SMOKE OR HAZE
[NO. OF DAYS WITH] [WEATHER - DAYS WITH] 9 = BLOWING SNOW
X = TORNADO
MAX 32 OR BELOW: 0 0.01 INCH OR MORE: 5
MAX 90 OR ABOVE: 0 0.10 INCH OR MORE: 4
MIN 32 OR BELOW: 0 0.50 INCH OR MORE: 2
MIN 0 OR BELOW: 0 1.00 INCH OR MORE: 1
[HDD (BASE 65) ]
TOTAL THIS MO. 103 CLEAR (SCALE 0-3) 24
DPTR FM NORMAL M PTCLDY (SCALE 4-7) 6
TOTAL FM JUL 1 105 CLOUDY (SCALE 8-10) 1
DPTR FM NORMAL M
[CDD (BASE 65) ]
TOTAL THIS MO. 26
DPTR FM NORMAL M [PRESSURE DATA]
TOTAL FM JAN 1 1932 HIGHEST SLP M ON M
DPTR FM NORMAL M LOWEST SLP M ON M
[REMARKS]
#FINAL-10-22#