000
CXUS53 KGRB 012058
CF6AUW
PRELIMINARY LOCAL CLIMATOLOGICAL DATA (WS FORM: F-6)
STATION: WAUSAU WI
MONTH: JUNE
YEAR: 2021
LATITUDE: 44 55 N
LONGITUDE: 89 37 W
TEMPERATURE IN F: :PCPN: SNOW: WIND :SUNSHINE: SKY :PK WND
================================================================================
1 2 3 4 5 6A 6B 7 8 9 10 11 12 13 14 15 16 17 18
12Z AVG MX 2MIN
DY MAX MIN AVG DEP HDD CDD WTR SNW DPTH SPD SPD DIR MIN PSBL S-S WX SPD DR
================================================================================
1 79 48 64 2 1 0 0.00 0.0 0 3.2 13 170 M M 2 18 17 180
2 80 53 67 5 0 2 0.16 0.0 0 5.7 14 230 M M 4 8 23 170
3 88 55 72 10 0 7 0.04 0.0 0 6.9 16 260 M M 4 30 220
4 93 60 77 15 0 12 0.00 0.0 0 8.6 20 230 M M 0 31 260
5 95 71 83 20 0 18 0.00 0.0 0 10.2 21 250 M M 1 29 260
6 88 73 81 18 0 16 0.00 0.0 0 10.3 22 170 M M 1 31 170
7 90 71 81 18 0 16 0.00 0.0 0 6.4 14 240 M M 0 21 220
8 95 69 82 18 0 17 1.51 0.0 0 4.5 28 10 M M 3 3 44 360
9 92 65 79 15 0 14 0.00 0.0 0 5.3 12 100 M M 1 18 110
10 93 68 81 17 0 16 0.11 0.0 0 6.1 25 40 M M 2 138 37 40
11 85 66 76 12 0 11 0.66 0.0 0 5.0 28 280 M M 2 13 40 290
12 84 65 75 10 0 10 0.00 0.0 0 8.4 18 270 M M 1 25 280
13 86 60 73 8 0 8 0.00 0.0 0 6.2 17 20 M M 1 27 40
14 82 57 70 5 0 5 0.00 0.0 0 8.7 23 290 M M 0 31 290
15 81 57 69 4 0 4 0.00 0.0 0 5.5 14 20 M M 2 20 340
16 81 51 66 0 0 1 0.00 0.0 0 4.0 10 220 M M 0 14 260
17 89 59 74 8 0 9 T 0.0 0 7.7 17 170 M M 4 3 24 170
18 88 63 76 10 0 11 0.00 0.0 0 9.7 25 270 M M 1 18 35 290
19 82 60 71 5 0 6 0.03 0.0 0 5.8 20 290 M M 2 3 28 290
20 74 55 65 -2 0 0 1.67 0.0 0 6.0 20 320 M M 5 13 30 300
21 65 53 59 -8 6 0 T 0.0 0 12.1 23 310 M M 9 35 300
22 71 51 61 -6 4 0 0.00 0.0 0 6.9 20 260 M M 6 26 260
23 77 49 63 -4 2 0 0.00 0.0 0 7.9 15 140 M M 4 22 130
24 79 65 72 4 0 7 0.72 0.0 0 7.9 21 160 M M 6 13 30 150
25 81 66 74 6 0 9 0.00 0.0 0 5.0 12 100 M M 7 16 90
26 69 61 65 -3 0 0 0.78 0.0 0 7.7 15 50 M M 9 1 21 40
27 80 59 70 2 0 5 0.54 0.0 0 5.2 14 20 M M 6 1 21 20
28 83 62 73 5 0 8 0.87 0.0 0 6.5 16 290 M M 4 138 21 140
29 79 66 73 5 0 8 0.57 0.0 0 3.0 28 270 M M 6 13 38 260
30 87 62 75 7 0 10 0.14 0.0 0 4.9 23 280 M M 3 1 34 280
================================================================================
SM 2496 1820 13 230 7.80 0.0 201.3 M 96
================================================================================
AV 83.2 60.7 6.7 FASTST M M 3 MAX(MPH)
MISC ----> # 28 10 44 360
================================================================================
NOTES:
# LAST OF SEVERAL OCCURRENCES
COLUMN 17 PEAK WIND IN M.P.H.
PRELIMINARY LOCAL CLIMATOLOGICAL DATA (WS FORM: F-6) , PAGE 2
STATION: WAUSAU WI
MONTH: JUNE
YEAR: 2021
LATITUDE: 44 55 N
LONGITUDE: 89 37 W
[TEMPERATURE DATA] [PRECIPITATION DATA] SYMBOLS USED IN COLUMN 16
AVERAGE MONTHLY: 71.9 TOTAL FOR MONTH: 7.80 1 = FOG OR MIST
DPTR FM NORMAL: 6.5 DPTR FM NORMAL: 3.13 2 = FOG REDUCING VISIBILITY
HIGHEST: 95 ON 8, 5 GRTST 24HR 1.67 ON 20-20 TO 1/4 MILE OR LESS
LOWEST: 48 ON 1 3 = THUNDER
SNOW, ICE PELLETS, HAIL 4 = ICE PELLETS
TOTAL MONTH: 0.0 INCH 5 = HAIL
GRTST 24HR 0.0 6 = FREEZING RAIN OR DRIZZLE
GRTST DEPTH: 0 7 = DUSTSTORM OR SANDSTORM:
VSBY 1/2 MILE OR LESS
8 = SMOKE OR HAZE
[NO. OF DAYS WITH] [WEATHER - DAYS WITH] 9 = BLOWING SNOW
X = TORNADO
MAX 32 OR BELOW: 0 0.01 INCH OR MORE: 13
MAX 90 OR ABOVE: 6 0.10 INCH OR MORE: 11
MIN 32 OR BELOW: 0 0.50 INCH OR MORE: 8
MIN 0 OR BELOW: 0 1.00 INCH OR MORE: 2
[HDD (BASE 65) ]
TOTAL THIS MO. 13 CLEAR (SCALE 0-3) 16
DPTR FM NORMAL -65 PTCLDY (SCALE 4-7) 12
TOTAL FM JUL 1 7647 CLOUDY (SCALE 8-10) 2
DPTR FM NORMAL -528
[CDD (BASE 65) ]
TOTAL THIS MO. 230
DPTR FM NORMAL 142 [PRESSURE DATA]
TOTAL FM JAN 1 273 HIGHEST SLP 30.19 ON 16
DPTR FM NORMAL 163 LOWEST SLP 29.43 ON 20
[REMARKS]
#FINAL-06-21#