000
CXUS53 KGRB 012122
CF6AUW
PRELIMINARY LOCAL CLIMATOLOGICAL DATA (WS FORM: F-6)
STATION: WAUSAU WI
MONTH: APRIL
YEAR: 2021
LATITUDE: 44 55 N
LONGITUDE: 89 37 W
TEMPERATURE IN F: :PCPN: SNOW: WIND :SUNSHINE: SKY :PK WND
================================================================================
1 2 3 4 5 6A 6B 7 8 9 10 11 12 13 14 15 16 17 18
12Z AVG MX 2MIN
DY MAX MIN AVG DEP HDD CDD WTR SNW DPTH SPD SPD DIR MIN PSBL S-S WX SPD DR
================================================================================
1 41 19 30 -7 35 0 0.00 0.0 0 4.4 12 250 M M 0 16 260
2 53 20 37 -1 28 0 0.00 0.0 0 10.5 22 150 M M 0 30 160
3 71 34 53 15 12 0 0.00 0.0 0 5.5 18 290 M M 0 27 150
4 73 40 57 18 8 0 0.00 0.0 0 7.7 20 140 M M 0 26 140
5 81 44 63 24 2 0 0.00 0.0 0 8.5 20 150 M M 0 27 130
6 79 55 67 27 0 2 0.14 0.0 0 6.0 18 170 M M 5 3 24 150
7 79 55 67 27 0 2 T 0.0 0 9.3 21 140 M M 4 27 130
8 63 55 59 18 6 0 0.54 0.0 0 9.7 17 70 M M 9 138 25 60
9 56 48 52 11 13 0 0.23 0.0 0 7.1 21 140 M M 10 18 26 140
10 55 45 50 8 15 0 0.05 0.0 0 7.5 15 330 M M 10 1 23 340
11 54 47 51 9 14 0 0.43 0.0 0 7.3 16 330 M M 10 18 24 330
12 54 43 49 7 16 0 0.36 0.0 0 9.5 22 240 M M 10 1 29 220
13 43 33 38 -5 27 0 T T 0 10.4 18 230 M M 9 28 260
14 46 32 39 -5 26 0 0.09 0.0 0 9.2 17 260 M M 9 8 25 320
15 54 38 46 2 19 0 T 0.0 0 8.1 18 310 M M 8 25 310
16 59 32 46 2 19 0 0.00 0.0 0 6.6 15 320 M M 0 21 10
17 60 32 46 1 19 0 0.00 0.0 0 5.9 15 300 M M 3 22 280
18 62 40 51 6 14 0 0.07 0.0 0 6.8 25 270 M M 7 35 290
19 44 31 38 -8 27 0 0.02 T 0 12.2 25 280 M M 10 8 35 300
20 42 26 34 -12 31 0 0.00 0.0 0 6.1 14 280 M M 6 19 300
21 43 29 36 -11 29 0 0.04 0.2 0 6.4 22 260 M M 7 8 29 260
22 63 23 43 -4 22 0 0.00 0.0 0 5.9 21 260 M M 1 29 280
23 60 41 51 3 14 0 T 0.0 0 8.7 18 190 M M 7 28 200
24 50 32 41 -7 24 0 0.06 0.0 0 6.2 20 290 M M 9 18 28 340
25 50 27 39 -9 26 0 T 0.0 0 6.8 18 130 M M 4 26 100
26 50 33 42 -7 23 0 0.03 0.1 0 12.6 22 70 M M 7 31 100
27 61 39 50 1 15 0 0.62 0.0 0 6.9 16 80 M M 5 13 21 60
28 66 43 55 5 10 0 T 0.0 0 5.4 10 280 M M 7 1 17 40
29 68 44 56 6 9 0 T 0.0 0 7.4 25 290 M M 2 18 36 290
30 61 40 51 1 14 0 T 0.0 0 9.2 22 330 M M 1 31 330
================================================================================
SM 1741 1120 517 4 2.68 0.3 233.8 M 160
================================================================================
AV 58.0 37.3 7.8 FASTST M M 5 MAX(MPH)
MISC ----> # 25 270 36 290
================================================================================
NOTES:
# LAST OF SEVERAL OCCURRENCES
COLUMN 17 PEAK WIND IN M.P.H.
PRELIMINARY LOCAL CLIMATOLOGICAL DATA (WS FORM: F-6) , PAGE 2
STATION: WAUSAU WI
MONTH: APRIL
YEAR: 2021
LATITUDE: 44 55 N
LONGITUDE: 89 37 W
[TEMPERATURE DATA] [PRECIPITATION DATA] SYMBOLS USED IN COLUMN 16
AVERAGE MONTHLY: 47.7 TOTAL FOR MONTH: 2.68 1 = FOG OR MIST
DPTR FM NORMAL: 3.6 DPTR FM NORMAL: -0.05 2 = FOG REDUCING VISIBILITY
HIGHEST: 81 ON 5 GRTST 24HR 0.62 ON 27-27 TO 1/4 MILE OR LESS
LOWEST: 19 ON 1 3 = THUNDER
SNOW, ICE PELLETS, HAIL 4 = ICE PELLETS
TOTAL MONTH: 0.3 INCH 5 = HAIL
GRTST 24HR 0.2 ON 21-21 6 = FREEZING RAIN OR DRIZZLE
GRTST DEPTH: 0 7 = DUSTSTORM OR SANDSTORM:
VSBY 1/2 MILE OR LESS
8 = SMOKE OR HAZE
[NO. OF DAYS WITH] [WEATHER - DAYS WITH] 9 = BLOWING SNOW
X = TORNADO
MAX 32 OR BELOW: 0 0.01 INCH OR MORE: 13
MAX 90 OR ABOVE: 0 0.10 INCH OR MORE: 6
MIN 32 OR BELOW: 11 0.50 INCH OR MORE: 2
MIN 0 OR BELOW: 0 1.00 INCH OR MORE: 0
[HDD (BASE 65) ]
TOTAL THIS MO. 517 CLEAR (SCALE 0-3) 9
DPTR FM NORMAL -114 PTCLDY (SCALE 4-7) 12
TOTAL FM JUL 1 7359 CLOUDY (SCALE 8-10) 9
DPTR FM NORMAL -493
[CDD (BASE 65) ]
TOTAL THIS MO. 4
DPTR FM NORMAL 2 [PRESSURE DATA]
TOTAL FM JAN 1 4 HIGHEST SLP 30.59 ON 1
DPTR FM NORMAL 2 LOWEST SLP 29.40 ON 11
[REMARKS]
#FINAL-04-21#