000
CXUS52 KGSP 180817
CF6AVL
PRELIMINARY LOCAL CLIMATOLOGICAL DATA (WS FORM: F-6)
STATION: ASHEVILLE NC
MONTH: APRIL
YEAR: 2024
LATITUDE: 35 25 N
LONGITUDE: 82 33 W
TEMPERATURE IN F: :PCPN: SNOW: WIND :SUNSHINE: SKY :PK WND
================================================================================
1 2 3 4 5 6A 6B 7 8 9 10 11 12 13 14 15 16 17 18
12Z AVG MX 2MIN
DY MAX MIN AVG DEP HDD CDD WTR SNW DPTH SPD SPD DIR MIN PSBL S-S WX SPD DR
================================================================================
1 78 50 64 11 1 0 0.00 0.0 0 4.1 17 210 M M 2 25 200
2 84 63 74 21 0 9 0.00 0.0 0 9.7 22 210 M M 1 31 170
3 67 40 54 1 11 0 0.35 0.0 0 9.6 29 320 M M 5 13 47 310
4 50 39 45 -9 20 0 T 0.0 0 10.7 24 310 M M 9 37 310
5 50 36 43 -11 22 0 T 0.0 0 11.4 28 340 M M 7 39 340
6 58 37 48 -6 17 0 0.00 0.0 0 10.8 22 320 M M 2 34 350
7 68 31 50 -4 15 0 0.00 0.0 0 3.7 14 130 M M 0 19 140
8 75 45 60 5 5 0 0.00 0.0 0 5.6 16 190 M M 4 25 190
9 62 54 58 3 7 0 0.44 0.0 0 4.7 14 200 M M 10 1 21 210
10 66 53 60 5 5 0 0.07 0.0 0 8.1 24 140 M M 8 1 37 130
11 69 53 61 5 4 0 0.44 0.0 0 12.2 31 310 M M 10 1 42 310
12 62 46 54 -2 11 0 T 0.0 0 16.0 38 300 M M 5 56 300
13 69 46 58 2 7 0 0.00 0.0 0 14.6 35 330 M M 1 46 330
14 82 40 61 4 4 0 0.00 0.0 0 2.7 16 240 M M 1 24 320
15 84 49 67 10 0 2 0.02 0.0 0 5.5 16 220 M M 1 3 25 300
16 82 52 67 10 0 2 0.00 0.0 0 3.7 14 140 M M 0 1 22 120
17 75 55 65 7 0 0 T 0.0 0 7.7 20 220 M M 2 31 190
================================================================================
SM 1181 789 129 13 1.32 0.0 140.8 M 68
================================================================================
AV 69.5 46.4 8.3 FASTST M M 4 MAX(MPH)
MISC ----> 38 300 56 300
================================================================================
NOTES:
# LAST OF SEVERAL OCCURRENCES
COLUMN 17 PEAK WIND IN M.P.H.
PRELIMINARY LOCAL CLIMATOLOGICAL DATA (WS FORM: F-6) , PAGE 2
STATION: ASHEVILLE NC
MONTH: APRIL
YEAR: 2024
LATITUDE: 35 25 N
LONGITUDE: 82 33 W
[TEMPERATURE DATA] [PRECIPITATION DATA] SYMBOLS USED IN COLUMN 16
AVERAGE MONTHLY: 57.9 TOTAL FOR MONTH: 1.32 1 = FOG OR MIST
DPTR FM NORMAL: 2.8 DPTR FM NORMAL: -0.97 2 = FOG REDUCING VISIBILITY
HIGHEST: 84 ON 15, 2 GRTST 24HR 0.44 ON 9- 9 TO 1/4 MILE OR LESS
LOWEST: 31 ON 7 3 = THUNDER
SNOW, ICE PELLETS, HAIL 4 = ICE PELLETS
TOTAL MONTH: 0.0 INCH 5 = HAIL
GRTST 24HR 0.0 6 = FREEZING RAIN OR DRIZZLE
GRTST DEPTH: 0 7 = DUSTSTORM OR SANDSTORM:
VSBY 1/2 MILE OR LESS
8 = SMOKE OR HAZE
[NO. OF DAYS WITH] [WEATHER - DAYS WITH] 9 = BLOWING SNOW
X = TORNADO
MAX 32 OR BELOW: 0 0.01 INCH OR MORE: 5
MAX 90 OR ABOVE: 0 0.10 INCH OR MORE: 3
MIN 32 OR BELOW: 1 0.50 INCH OR MORE: 0
MIN 0 OR BELOW: 0 1.00 INCH OR MORE: 0
[HDD (BASE 65) ]
TOTAL THIS MO. 129 CLEAR (SCALE 0-3) 9
DPTR FM NORMAL -43 PTCLDY (SCALE 4-7) 4
TOTAL FM JUL 1 3236 CLOUDY (SCALE 8-10) 4
DPTR FM NORMAL -430
[CDD (BASE 65) ]
TOTAL THIS MO. 13
DPTR FM NORMAL 13 [PRESSURE DATA]
TOTAL FM JAN 1 13 HIGHEST SLP M ON M
DPTR FM NORMAL 12 LOWEST SLP 29.33 ON 3
[REMARKS]