000
CXUS51 KBGM 011623 AAA
CF6AVP
PRELIMINARY LOCAL CLIMATOLOGICAL DATA (WS FORM: F-6)
STATION: AVOCA PA
MONTH: OCTOBER
YEAR: 2022
LATITUDE: 41 19 N
LONGITUDE: 75 44 W
TEMPERATURE IN F: :PCPN: SNOW: WIND :SUNSHINE: SKY :PK WND
================================================================================
1 2 3 4 5 6A 6B 7 8 9 10 11 12 13 14 15 16 17 18
12Z AVG MX 2MIN
DY MAX MIN AVG DEP HDD CDD WTR SNW DPTH SPD SPD DIR MIN PSBL S-S WX SPD DR
================================================================================
1 66 50 58 -1 7 0 0.07 0.0 M 7.2 17 40 M M 9 1 21 50
2 60 50 55 -3 10 0 0.23 0.0 M 6.4 16 30 M M 7 1 21 40
3 56 47 52 -6 13 0 0.02 0.0 M 6.3 15 30 M M 2 21 30
4 50 45 48 -10 17 0 1.12 0.0 M 4.0 10 40 M M 10 1 15 50
5 61 47 54 -3 11 0 0.58 0.0 M 2.3 8 270 M M 8 13 10 50
6 73 42 58 1 7 0 T 0.0 M 1.7 7 270 M M 1 12 9 280
7 68 49 59 3 6 0 T 0.0 M 4.9 14 340 M M 7 1 18 250
8 55 36 46 -10 19 0 0.00 0.0 M 6.7 15 350 M M 4 20 350
9 61 34 48 -8 17 0 0.00 0.0 M 5.4 17 240 M M 3 25 250
10 65 41 53 -2 12 0 0.00 0.0 M 3.9 14 260 M M 5 18 230
11 70 40 55 0 10 0 0.00 0.0 M 4.1 14 240 M M 0 19 250
12 69 43 56 2 9 0 0.00 0.0 M 5.2 15 200 M M 0 23 190
13 69 53 61 7 4 0 0.19 0.0 M 6.6 21 260 M M 10 1 31 190
14 65 44 55 1 10 0 0.01 0.0 M 4.4 13 240 M M 4 1 18 240
15 71 40 56 3 9 0 0.00 0.0 M 6.2 18 200 M M 1 29 220
16 M M M M M M 0.00 0.0 M M M M M M 0 M M
17 M M M M M M M M M M M M M M M M M
18 51 32 42 -10 23 0 T 0.0 M 6.3 17 260 M M 3 23 260
19 47 31 39 -13 26 0 0.00 0.0 M 5.3 17 230 M M 6 23 230
20 56 34 45 -7 20 0 0.00 0.0 M 7.7 24 250 M M 1 35 250
21 62 34 48 -3 17 0 0.00 0.0 M 4.3 12 180 M M 1 17 180
22 M M M M M M 0.00 0.0 M M M M M M 0 M M
23 M M M M M M M M M M M M M M M M M
24 62 M M M M M M 0.0 M M M M M M M 1 M M
25 75 58 67 17 0 2 M 0.0 M 4.2 9 170 M M 5 1 15 170
26 70 M M M M M M 0.0 M 8.5 14 230 M M 4 1 21 190
27 57 41 49 0 16 0 0.00 0.0 M 12.0 24 350 M M 4 32 350
28 61 33 47 -2 18 0 0.00 0.0 M 4.6 10 30 M M 0 14 30
29 64 32 48 -1 17 0 0.00 0.0 M 4.7 10 100 M M 0 13 110
30 66 30 48 0 17 0 0.00 0.0 M 3.1 9 250 M M 0 13 250
31 63 41 52 4 13 0 0.11 0.0 M 1.9 9 200 M M 5 18 15 210
================================================================================
SM 1693 1027 328 2 2.33 0.0 137.9 M 100
================================================================================
AV 62.7 41.1 5.3 FASTST M M 4 MAX(MPH)
MISC ----> # 24 250 35 250
================================================================================
NOTES:
# LAST OF SEVERAL OCCURRENCES
COLUMN 17 PEAK WIND IN M.P.H.
PRELIMINARY LOCAL CLIMATOLOGICAL DATA (WS FORM: F-6) , PAGE 2
STATION: AVOCA PA
MONTH: OCTOBER
YEAR: 2022
LATITUDE: 41 19 N
LONGITUDE: 75 44 W
[TEMPERATURE DATA] [PRECIPITATION DATA] SYMBOLS USED IN COLUMN 16
AVERAGE MONTHLY: 51.9 TOTAL FOR MONTH: 2.33 1 = FOG OR MIST
DPTR FM NORMAL: -1.3 DPTR FM NORMAL: -1.38 2 = FOG REDUCING VISIBILITY
HIGHEST: 75 ON 25 GRTST 24HR 1.60 ON 4- 5 TO 1/4 MILE OR LESS
LOWEST: 30 ON 30 3 = THUNDER
SNOW, ICE PELLETS, HAIL 4 = ICE PELLETS
TOTAL MONTH: 0.0 INCH 5 = HAIL
GRTST 24HR 0.0 6 = FREEZING RAIN OR DRIZZLE
GRTST DEPTH: M ON M 7 = DUSTSTORM OR SANDSTORM:
VSBY 1/2 MILE OR LESS
8 = SMOKE OR HAZE
[NO. OF DAYS WITH] [WEATHER - DAYS WITH] 9 = BLOWING SNOW
X = TORNADO
MAX 32 OR BELOW: 0 0.01 INCH OR MORE: 8
MAX 90 OR ABOVE: 0 0.10 INCH OR MORE: 5
MIN 32 OR BELOW: 4 0.50 INCH OR MORE: 2
MIN 0 OR BELOW: 0 1.00 INCH OR MORE: 1
[HDD (BASE 65) ]
TOTAL THIS MO. 328 CLEAR (SCALE 0-3) 14
DPTR FM NORMAL -47 PTCLDY (SCALE 4-7) 11
TOTAL FM JUL 1 414 CLOUDY (SCALE 8-10) 6
DPTR FM NORMAL -67
[CDD (BASE 65) ]
TOTAL THIS MO. 2
DPTR FM NORMAL -7 [PRESSURE DATA]
TOTAL FM JAN 1 962 HIGHEST SLP 30.55 ON 28
DPTR FM NORMAL 172 LOWEST SLP 29.61 ON 18
[REMARKS]
#FINAL-10-22#
MISSING DATA DUE TO A COMMUNICATION PROBLEM