000
CXUS51 KBGM 010810
CF6AVP
PRELIMINARY LOCAL CLIMATOLOGICAL DATA (WS FORM: F-6)
STATION: AVOCA PA
MONTH: MAY
YEAR: 2021
LATITUDE: 41 19 N
LONGITUDE: 75 44 W
TEMPERATURE IN F: :PCPN: SNOW: WIND :SUNSHINE: SKY :PK WND
================================================================================
1 2 3 4 5 6A 6B 7 8 9 10 11 12 13 14 15 16 17 18
12Z AVG MX 2MIN
DY MAX MIN AVG DEP HDD CDD WTR SNW DPTH SPD SPD DIR MIN PSBL S-S WX SPD DR
================================================================================
1 64 38 51 -5 14 0 T 0.0 M 11.9 24 310 M M 4 34 300
2 84 56 70 13 0 5 T 0.0 M 8.9 21 240 M M 4 28 220
3 69 56 63 6 2 0 0.15 0.0 M 4.1 12 180 M M 6 1 17 190
4 80 55 68 10 0 3 0.38 0.0 M 5.2 15 230 M M 8 138 20 230
5 67 49 58 0 7 0 0.59 0.0 M 5.1 18 320 M M 9 18 23 350
6 61 44 53 -5 12 0 T 0.0 M 10.5 22 340 M M 4 30 330
7 63 38 51 -7 14 0 0.04 0.0 M 4.8 12 280 M M 6 16 40
8 54 41 48 -11 17 0 0.41 0.0 M 5.1 16 340 M M 10 1 21 310
9 56 35 46 -13 19 0 0.42 0.0 M 5.0 21 250 M M 5 1 26 250
10 61 44 53 -6 12 0 0.12 0.0 M 6.3 14 340 M M 8 1 19 310
11 58 37 48 -12 17 0 0.01 0.0 M 6.8 20 330 M M 5 26 320
12 66 40 53 -7 12 0 0.00 0.0 M 8.1 23 20 M M 3 30 20
13 69 35 52 -8 13 0 T 0.0 M 5.6 18 20 M M 1 25 30
14 74 41 58 -2 7 0 0.00 0.0 M 4.0 14 340 M M 0 17 350
15 75 45 60 -1 5 0 0.00 0.0 M 4.6 14 320 M M 2 18 310
16 72 50 61 0 4 0 0.01 0.0 M 4.4 17 310 M M 5 24 290
17 77 46 62 1 3 0 0.00 0.0 M 4.4 16 260 M M 0 20 270
18 81 47 64 2 1 0 0.00 0.0 M 4.9 15 240 M M 1 21 250
19 87 50 69 7 0 4 0.00 0.0 M 3.7 12 310 M M 0 14 320
20 90 56 73 11 0 8 0.00 0.0 M 4.6 12 120 M M 1 16 170
21 89 56 73 11 0 8 0.00 0.0 M 4.1 13 250 M M 0 16 240
22 86 61 74 12 0 9 0.00 0.0 M 4.8 14 310 M M 2 19 340
23 88 63 76 13 0 11 0.01 0.0 M 9.7 21 340 M M 7 26 310
24 69 57 63 0 2 0 0.00 0.0 M 5.5 13 230 M M 8 17 220
25 79 57 68 5 0 3 0.00 0.0 M 8.1 16 260 M M 5 21 270
26 91 60 76 12 0 11 0.33 0.0 M 7.6 25 330 M M 4 13 35 330
27 75 54 65 1 0 0 0.00 0.0 M 8.3 17 350 M M 1 18 24 10
28 66 48 57 -7 8 0 0.89 0.0 M 6.3 14 40 M M 6 1 21 60
29 50 46 48 -16 17 0 0.26 0.0 M 8.5 17 70 M M 10 1 25 60
30 52 47 50 -15 15 0 0.25 0.0 M 6.7 12 30 M M 10 1 17 50
31 72 48 60 -5 5 0 0.04 0.0 M 7.5 18 340 M M 5 1 25 330
================================================================================
SM 2225 1500 206 62 3.91 0.0 195.1 M 140
================================================================================
AV 71.8 48.4 6.3 FASTST M M 5 MAX(MPH)
MISC ----> 25 330 35 330
================================================================================
NOTES:
# LAST OF SEVERAL OCCURRENCES
COLUMN 17 PEAK WIND IN M.P.H.
PRELIMINARY LOCAL CLIMATOLOGICAL DATA (WS FORM: F-6) , PAGE 2
STATION: AVOCA PA
MONTH: MAY
YEAR: 2021
LATITUDE: 41 19 N
LONGITUDE: 75 44 W
[TEMPERATURE DATA] [PRECIPITATION DATA] SYMBOLS USED IN COLUMN 16
AVERAGE MONTHLY: 60.1 TOTAL FOR MONTH: 3.91 1 = FOG OR MIST
DPTR FM NORMAL: -0.8 DPTR FM NORMAL: 0.65 2 = FOG REDUCING VISIBILITY
HIGHEST: 91 ON 26 GRTST 24HR 1.15 ON 28-29 TO 1/4 MILE OR LESS
LOWEST: 35 ON 13, 9 3 = THUNDER
SNOW, ICE PELLETS, HAIL 4 = ICE PELLETS
TOTAL MONTH: 0.0 INCH 5 = HAIL
GRTST 24HR 0.0 6 = FREEZING RAIN OR DRIZZLE
GRTST DEPTH: M ON M 7 = DUSTSTORM OR SANDSTORM:
VSBY 1/2 MILE OR LESS
8 = SMOKE OR HAZE
[NO. OF DAYS WITH] [WEATHER - DAYS WITH] 9 = BLOWING SNOW
X = TORNADO
MAX 32 OR BELOW: 0 0.01 INCH OR MORE: 15
MAX 90 OR ABOVE: 2 0.10 INCH OR MORE: 10
MIN 32 OR BELOW: 0 0.50 INCH OR MORE: 2
MIN 0 OR BELOW: 0 1.00 INCH OR MORE: 0
[HDD (BASE 65) ]
TOTAL THIS MO. 206 CLEAR (SCALE 0-3) 10
DPTR FM NORMAL 29 PTCLDY (SCALE 4-7) 15
TOTAL FM JUL 1 5259 CLOUDY (SCALE 8-10) 6
DPTR FM NORMAL -449
[CDD (BASE 65) ]
TOTAL THIS MO. 62
DPTR FM NORMAL 12 [PRESSURE DATA]
TOTAL FM JAN 1 67 HIGHEST SLP 30.51 ON 21
DPTR FM NORMAL 9 LOWEST SLP 29.63 ON 4
[REMARKS]
#FINAL-05-21#