000
CXUS51 KBGM 040253 CCA
CF6AVP
PRELIMINARY LOCAL CLIMATOLOGICAL DATA (WS FORM: F-6)
STATION: AVOCA PA
MONTH: JANUARY
YEAR: 2021
LATITUDE: 41 19 N
LONGITUDE: 75 44 W
TEMPERATURE IN F: :PCPN: SNOW: WIND :SUNSHINE: SKY :PK WND
================================================================================
1 2 3 4 5 6A 6B 7 8 9 10 11 12 13 14 15 16 17 18
12Z AVG MX 2MIN
DY MAX MIN AVG DEP HDD CDD WTR SNW DPTH SPD SPD DIR MIN PSBL S-S WX SPD DR
================================================================================
1 36 20 28 1 37 0 0.33 0.0 M 2.2 8 30 M M 4 168 11 120
2 44 33 39 13 26 0 0.01 0.0 M 8.0 23 320 M M 10 1 33 340
3 36 30 33 7 32 0 0.41 3.2 M 4.0 10 100 M M 8 12 17 70
4 39 32 36 10 29 0 0.03 T M 1.2 6 320 M M 10 12 7 330
5 37 33 35 9 30 0 T T M 3.6 14 350 M M 10 1 20 360
6 35 32 34 8 31 0 T T M 11.6 20 330 M M 10 27 310
7 35 27 31 5 34 0 0.00 0.0 M 11.4 18 330 M M 10 27 350
8 34 22 28 2 37 0 0.00 0.0 M 7.9 15 340 M M 5 19 350
9 37 17 27 1 38 0 0.00 0.0 M 8.5 17 350 M M 1 23 360
10 39 25 32 6 33 0 0.00 0.0 M 5.3 13 350 M M 3 17 350
11 38 21 30 4 35 0 0.00 0.0 M 1.6 7 100 M M 2 9 100
12 40 23 32 6 33 0 0.00 0.0 M 3.3 9 250 M M 6 18 12 240
13 36 32 34 8 31 0 0.00 0.0 M 3.3 13 250 M M 8 8 16 250
14 41 34 38 12 27 0 0.10 0.2 M 1.8 7 250 M M 10 128 9 230
15 43 34 39 13 26 0 0.03 0.0 M 7.4 16 120 M M 6 18 28 120
16 43 32 38 12 27 0 0.20 T M 7.4 14 310 M M 9 1 21 310
17 39 32 36 10 29 0 T T M 11.7 20 250 M M 9 27 230
18 40 32 36 10 29 0 0.17 1.0 M 8.1 16 250 M M 10 1 21 230
19 36 32 34 8 31 0 T T M 9.2 20 240 M M 9 28 250
20 34 21 28 2 37 0 0.01 0.1 M 8.7 24 310 M M 9 18 30 280
21 39 17 28 2 37 0 0.00 0.0 M 5.1 18 250 M M 5 24 250
22 40 28 34 8 31 0 T T M 11.2 24 330 M M 9 8 30 330
23 28 22 25 -1 40 0 T T M 14.1 22 330 M M 10 32 330
24 29 18 24 -2 41 0 T T M 9.8 24 340 M M 6 35 360
25 34 15 25 -1 40 0 T T M 2.3 8 100 M M 1 10 360
26 33 28 31 5 34 0 0.15 1.1 M 3.5 10 110 M M 10 18 17 130
27 35 27 31 5 34 0 T T M 10.1 21 340 M M 10 1 28 330
28 27 18 23 -3 42 0 T T M 13.2 26 320 M M 7 8 35 330
29 20 11 16 -10 49 0 T T M 12.2 28 330 M M 6 8 41 340
30 28 13 21 -5 44 0 T T M 7.2 21 340 M M 4 28 330
31 27 13 20 -6 45 0 0.22 2.6 M 5.7 12 40 M M 6 18 16 40
================================================================================
SM 1102 774 1069 0 1.66 8.2 220.6 M 223
================================================================================
AV 35.5 25.0 7.1 FASTST M M 7 MAX(MPH)
MISC ----> 28 330 41 340
================================================================================
NOTES:
# LAST OF SEVERAL OCCURRENCES
COLUMN 17 PEAK WIND IN M.P.H.
PRELIMINARY LOCAL CLIMATOLOGICAL DATA (WS FORM: F-6) , PAGE 2
STATION: AVOCA PA
MONTH: JANUARY
YEAR: 2021
LATITUDE: 41 19 N
LONGITUDE: 75 44 W
[TEMPERATURE DATA] [PRECIPITATION DATA] SYMBOLS USED IN COLUMN 16
AVERAGE MONTHLY: 30.3 TOTAL FOR MONTH: 1.66 1 = FOG OR MIST
DPTR FM NORMAL: 4.5 DPTR FM NORMAL: -0.71 2 = FOG REDUCING VISIBILITY
HIGHEST: 44 ON 2 GRTST 24HR 0.44 ON 3- 4 TO 1/4 MILE OR LESS
LOWEST: 11 ON 29 3 = THUNDER
SNOW, ICE PELLETS, HAIL 4 = ICE PELLETS
TOTAL MONTH: 8.2 INCHES 5 = HAIL
GRTST 24HR 3.2 ON 3- 3 6 = FREEZING RAIN OR DRIZZLE
GRTST DEPTH: M ON M 7 = DUSTSTORM OR SANDSTORM:
VSBY 1/2 MILE OR LESS
8 = SMOKE OR HAZE
[NO. OF DAYS WITH] [WEATHER - DAYS WITH] 9 = BLOWING SNOW
X = TORNADO
MAX 32 OR BELOW: 6 0.01 INCH OR MORE: 11
MAX 90 OR ABOVE: 0 0.10 INCH OR MORE: 7
MIN 32 OR BELOW: 27 0.50 INCH OR MORE: 0
MIN 0 OR BELOW: 0 1.00 INCH OR MORE: 0
[HDD (BASE 65) ]
TOTAL THIS MO. 1069 CLEAR (SCALE 0-3) 4
DPTR FM NORMAL -144 PTCLDY (SCALE 4-7) 11
TOTAL FM JUL 1 2940 CLOUDY (SCALE 8-10) 16
DPTR FM NORMAL -646
[CDD (BASE 65) ]
TOTAL THIS MO. 0
DPTR FM NORMAL 0 [PRESSURE DATA]
TOTAL FM JAN 1 0 HIGHEST SLP 30.51 ON 1
DPTR FM NORMAL 0 LOWEST SLP 29.40 ON 16
[REMARKS]
#FINAL-01-21#
ADDED A TRACE OF PRECIPITATION AND SNOWFALL TO DAY 25