000
CXUS51 KBGM 030304 AAA
CF6AVP
PRELIMINARY LOCAL CLIMATOLOGICAL DATA (WS FORM: F-6)
STATION: AVOCA PA
MONTH: DECEMBER
YEAR: 2023
LATITUDE: 41 19 N
LONGITUDE: 75 44 W
TEMPERATURE IN F: :PCPN: SNOW: WIND :SUNSHINE: SKY :PK WND
================================================================================
1 2 3 4 5 6A 6B 7 8 9 10 11 12 13 14 15 16 17 18
12Z AVG MX 2MIN
DY MAX MIN AVG DEP HDD CDD WTR SNW DPTH SPD SPD DIR MIN PSBL S-S WX SPD DR
================================================================================
1 43 31 37 -1 28 0 0.03 0.0 M 1.9 10 300 M M 6 18 16 200
2 52 41 47 10 18 0 0.01 0.0 M 4.2 10 240 M M 6 128 15 220
3 50 45 48 11 17 0 0.36 0.0 M 4.8 10 320 M M 9 18 16 190
4 46 38 42 5 23 0 T 0.0 M 8.4 18 250 M M 6 25 240
5 39 34 37 1 28 0 0.03 0.2 M 3.0 14 340 M M 10 18 19 320
6 36 30 33 -3 32 0 0.02 0.2 M 6.4 20 340 M M 10 18 28 320
7 36 28 32 -4 33 0 0.05 1.0 M 5.2 17 290 M M 10 18 25 320
8 50 32 41 6 24 0 0.00 0.0 M 3.6 10 200 M M 5 18 18 200
9 55 37 46 11 19 0 0.00 0.0 M 2.6 9 270 M M 2 10 70
10 56 36 46 11 19 0 1.18 0.0 M 3.7 17 340 M M 9 18 23 330
11 37 33 35 1 30 0 0.36 1.5 M 8.8 23 310 M M 10 1 36 330
12 43 30 37 3 28 0 0.00 0.0 M 8.1 15 230 M M 3 24 230
13 41 30 36 2 29 0 0.00 0.0 M 9.1 18 280 M M 3 25 310
14 39 26 33 -1 32 0 0.00 0.0 M 5.2 14 240 M M 1 20 260
15 52 33 43 10 22 0 0.00 0.0 M 6.7 15 230 M M 0 8 21 250
16 53 29 41 8 24 0 0.00 0.0 M 2.2 8 110 M M 0 15 140
17 50 43 47 14 18 0 0.69 0.0 M 5.0 12 110 M M 9 18 19 170
18 52 37 45 12 20 0 2.16 0.0 M 9.2 22 250 M M 9 1 31 310
19 37 29 33 1 32 0 0.04 0.2 M 10.4 24 330 M M 10 1 32 300
20 39 24 32 0 33 0 0.00 0.0 M 3.8 12 340 M M 4 8 16 350
21 39 24 32 0 33 0 0.00 0.0 M 6.0 15 10 M M 3 21 10
22 38 21 30 -2 35 0 0.00 0.0 M 1.5 6 230 M M 4 9 240
23 41 30 36 5 29 0 0.07 0.0 M 1.9 10 110 M M 9 1 18 100
24 44 37 41 10 24 0 0.00 0.0 M 1.2 7 240 M M 10 8 8 200
25 55 38 47 16 18 0 0.00 0.0 M 2.3 7 100 M M 7 18 11 190
26 47 34 41 10 24 0 T 0.0 M 2.4 8 100 M M 6 18 12 90
27 53 45 49 19 16 0 0.46 0.0 M 4.7 14 110 M M 10 1 27 100
28 54 46 50 20 15 0 0.18 0.0 M 2.9 18 110 M M 9 1 33 130
29 47 37 42 12 23 0 0.16 0.0 M 6.6 13 220 M M 10 1 22 200
30 40 34 37 7 28 0 0.04 T M 6.9 16 310 M M 10 18 21 300
31 39 34 37 7 28 0 T T M 5.1 13 230 M M 10 1 20 320
================================================================================
SM 1403 1046 782 0 5.84 3.1 153.8 M 210
================================================================================
AV 45.3 33.7 5.0 FASTST M M 7 MAX(MPH)
MISC ----> 24 330 36 330
================================================================================
NOTES:
# LAST OF SEVERAL OCCURRENCES
COLUMN 17 PEAK WIND IN M.P.H.
PRELIMINARY LOCAL CLIMATOLOGICAL DATA (WS FORM: F-6) , PAGE 2
STATION: AVOCA PA
MONTH: DECEMBER
YEAR: 2023
LATITUDE: 41 19 N
LONGITUDE: 75 44 W
[TEMPERATURE DATA] [PRECIPITATION DATA] SYMBOLS USED IN COLUMN 16
AVERAGE MONTHLY: 39.5 TOTAL FOR MONTH: 5.84 1 = FOG OR MIST
DPTR FM NORMAL: 6.2 DPTR FM NORMAL: 3.04 2 = FOG REDUCING VISIBILITY
HIGHEST: 56 ON 10 GRTST 24HR 2.84 ON 17-18 TO 1/4 MILE OR LESS
LOWEST: 21 ON 22 3 = THUNDER
SNOW, ICE PELLETS, HAIL 4 = ICE PELLETS
TOTAL MONTH: 3.1 INCHES 5 = HAIL
GRTST 24HR 1.5 ON 11-11 6 = FREEZING RAIN OR DRIZZLE
GRTST DEPTH: M ON M 7 = DUSTSTORM OR SANDSTORM:
VSBY 1/2 MILE OR LESS
8 = SMOKE OR HAZE
[NO. OF DAYS WITH] [WEATHER - DAYS WITH] 9 = BLOWING SNOW
X = TORNADO
MAX 32 OR BELOW: 0 0.01 INCH OR MORE: 16
MAX 90 OR ABOVE: 0 0.10 INCH OR MORE: 8
MIN 32 OR BELOW: 13 0.50 INCH OR MORE: 3
MIN 0 OR BELOW: 0 1.00 INCH OR MORE: 2
[HDD (BASE 65) ]
TOTAL THIS MO. 782 CLEAR (SCALE 0-3) 7
DPTR FM NORMAL -201 PTCLDY (SCALE 4-7) 8
TOTAL FM JUL 1 1883 CLOUDY (SCALE 8-10) 16
DPTR FM NORMAL -249
[CDD (BASE 65) ]
TOTAL THIS MO. 0
DPTR FM NORMAL 0 [PRESSURE DATA]
TOTAL FM JAN 1 760 HIGHEST SLP 30.68 ON 14
DPTR FM NORMAL -30 LOWEST SLP 29.15 ON 18
[REMARKS]
#FINAL-12-23#
3RD WARMEST DECEMBER
3RD MOST DECEMBER PRECIPITATION
TAC