000
CXUS51 KBGM 012342 CCA
CF6AVP
PRELIMINARY LOCAL CLIMATOLOGICAL DATA (WS FORM: F-6)
STATION: AVOCA PA
MONTH: JULY
YEAR: 2020
LATITUDE: 41 19 N
LONGITUDE: 75 44 W
TEMPERATURE IN F: :PCPN: SNOW: WIND :SUNSHINE: SKY :PK WND
================================================================================
1 2 3 4 5 6A 6B 7 8 9 10 11 12 13 14 15 16 17 18
12Z AVG MX 2MIN
DY MAX MIN AVG DEP HDD CDD WTR SNW DPTH SPD SPD DIR MIN PSBL S-S WX SPD DR
================================================================================
1 84 66 75 4 0 10 T 0.0 M 3.3 17 320 M M 6 22 330
2 93 62 78 7 0 13 0.00 0.0 M 3.8 16 320 M M 4 12 21 310
3 93 70 82 11 0 17 0.16 0.0 M 4.2 14 330 M M 1 3 19 70
4 92 65 79 8 0 14 0.00 0.0 M 3.7 12 300 M M 4 1 16 40
5 94 63 79 8 0 14 0.00 0.0 M 4.5 12 330 M M 0 1 15 350
6 95 65 80 9 0 15 T 0.0 M 4.8 13 120 M M 1 3 23 120
7 87 67 77 6 0 12 0.00 0.0 M 3.9 16 230 M M 6 21 240
8 86 70 78 7 0 13 0.68 0.0 M 3.1 13 190 M M 5 138 20 190
9 92 68 80 9 0 15 0.51 0.0 M 3.6 17 40 M M 2 3 22 170
10 79 70 75 3 0 10 M 0.0 M 5.2 16 30 M M 7 1 21 30
11 86 70 78 6 0 13 M 0.0 M 8.8 28 250 M M 5 138 35 250
12 88 68 78 6 0 13 M 0.0 M 6.3 15 240 M M 5 20 200
13 84 65 75 3 0 10 0.00 0.0 M 5.4 15 290 M M 3 20 300
14 85 59 72 0 0 7 0.00 0.0 M 5.4 17 320 M M 2 23 320
15 88 62 75 3 0 10 0.00 0.0 M 4.6 13 150 M M 1 24 150
16 81 68 75 3 0 10 M 0.0 M 4.8 13 240 M M 9 23 200
17 90 68 79 7 0 14 M 0.0 M 6.4 14 320 M M 6 1 22 220
18 91 62 77 5 0 12 0.00 0.0 M 4.5 16 250 M M 0 20 250
19 94 69 82 10 0 17 0.00 0.0 M 5.5 18 230 M M 1 38 27 240
20 91 72 82 10 0 17 0.00 0.0 M 7.0 16 270 M M 5 1 23 250
21 90 67 79 7 0 14 0.00 0.0 M 4.1 13 280 M M 1 15 280
22 92 70 81 9 0 16 0.00 0.0 M 6.7 20 240 M M 1 25 240
23 89 71 80 8 0 15 0.36 0.0 M 6.2 22 40 M M 6 13 28 50
24 87 70 79 7 0 14 0.00 0.0 M 2.3 10 10 M M 6 1 14 20
25 91 68 80 8 0 15 T 0.0 M 3.7 10 280 M M 3 13 280
26 92 67 80 8 0 15 0.00 0.0 M 5.8 15 250 M M 0 1 21 250
27 97 65 81 9 0 16 T 0.0 M 7.1 21 270 M M 2 27 260
28 83 69 76 5 0 11 0.01 0.0 M 4.8 16 250 M M 4 20 250
29 92 64 78 7 0 13 0.13 0.0 M 5.1 22 300 M M 2 1 28 300
30 86 67 77 6 0 12 0.02 0.0 M 5.2 15 260 M M 3 1 20 260
31 89 67 78 7 0 13 T 0.0 M 4.2 13 350 M M 4 17 30
================================================================================
SM 2761 2074 0 410 1.87 0.0 154.0 M 105
================================================================================
AV 89.1 66.9 5.0 FASTST M M 3 MAX(MPH)
MISC ----> 28 250 35 250
================================================================================
NOTES:
# LAST OF SEVERAL OCCURRENCES
COLUMN 17 PEAK WIND IN M.P.H.
PRELIMINARY LOCAL CLIMATOLOGICAL DATA (WS FORM: F-6) , PAGE 2
STATION: AVOCA PA
MONTH: JULY
YEAR: 2020
LATITUDE: 41 19 N
LONGITUDE: 75 44 W
[TEMPERATURE DATA] [PRECIPITATION DATA] SYMBOLS USED IN COLUMN 16
AVERAGE MONTHLY: 78.0R TOTAL FOR MONTH: 1.87* 1 = FOG OR MIST
DPTR FM NORMAL: 6.6 DPTR FM NORMAL: -1.92 2 = FOG REDUCING VISIBILITY
HIGHEST: 97 ON 27 GRTST 24HR M ON M TO 1/4 MILE OR LESS
LOWEST: 59 ON 14 3 = THUNDER
SNOW, ICE PELLETS, HAIL 4 = ICE PELLETS
TOTAL MONTH: 0.0 INCH 5 = HAIL
GRTST 24HR 0.0 6 = FREEZING RAIN OR DRIZZLE
GRTST DEPTH: M ON M 7 = DUSTSTORM OR SANDSTORM:
VSBY 1/2 MILE OR LESS
8 = SMOKE OR HAZE
[NO. OF DAYS WITH] [WEATHER - DAYS WITH] 9 = BLOWING SNOW
X = TORNADO
MAX 32 OR BELOW: 0 0.01 INCH OR MORE: 7
MAX 90 OR ABOVE: 16 0.10 INCH OR MORE: 5
MIN 32 OR BELOW: 0 0.50 INCH OR MORE: 2
MIN 0 OR BELOW: 0 1.00 INCH OR MORE: 0
[HDD (BASE 65) ]
TOTAL THIS MO. 0 CLEAR (SCALE 0-3) 16
DPTR FM NORMAL -8 PTCLDY (SCALE 4-7) 14
TOTAL FM JUL 1 0 CLOUDY (SCALE 8-10) 1
DPTR FM NORMAL 0
[CDD (BASE 65) ]
TOTAL THIS MO. 410
DPTR FM NORMAL 204 [PRESSURE DATA]
TOTAL FM JAN 1 660 HIGHEST SLP 30.26 ON 16
DPTR FM NORMAL 300 LOWEST SLP 29.61 ON 11
[REMARKS]
#FINAL-07-20#
R - WARMEST JULY AND MONTH
* - RAIN GAUGE NOT WORKING CORRECTLY DAYS 10 TO 19
5 DAYS WITH RAINFALL NOT COUNTED IN THE TOTAL