000
CXUS51 KBGM 011550 CCA
CF6AVP
PRELIMINARY LOCAL CLIMATOLOGICAL DATA (WS FORM: F-6)
STATION: AVOCA PA
MONTH: MARCH
YEAR: 2020
LATITUDE: 41 19 N
LONGITUDE: 75 44 W
TEMPERATURE IN F: :PCPN: SNOW: WIND :SUNSHINE: SKY :PK WND
================================================================================
1 2 3 4 5 6A 6B 7 8 9 10 11 12 13 14 15 16 17 18
12Z AVG MX 2MIN
DY MAX MIN AVG DEP HDD CDD WTR SNW DPTH SPD SPD DIR MIN PSBL S-S WX SPD DR
================================================================================
1 42 22 32 0 33 0 T T M 7.1 15 240 M M 5 28 300
2 64 33 49 17 16 0 0.00 0.0 M 6.2 17 200 M M 5 27 200
3 57 43 50 18 15 0 0.30 0.0 M 6.8 30 270 M M 8 1 38 270
4 50 38 44 11 21 0 0.01 0.0 M 11.2 24 280 M M 8 31 280
5 51 32 42 9 23 0 0.00 0.0 M 5.7 20 320 M M 2 23 320
6 46 32 39 6 26 0 0.08 T M 4.0 13 130 M M 6 1 21 140
7 41 27 34 0 31 0 T T M 11.8 24 340 M M 3 31 350
8 57 22 40 6 25 0 0.00 0.0 M 5.7 16 230 M M 0 23 240
9 71 36 54 20 11 0 0.00 0.0 M 6.8 20 250 M M 0 27 240
10 62 47 55 20 10 0 0.07 0.0 M 6.4 21 320 M M 7 1 29 330
11 50 31 41 6 24 0 T 0.0 M 5.4 20 360 M M 4 24 350
12 52 38 45 10 20 0 0.00 0.0 M 4.2 13 190 M M 9 20 150
13 66 41 54 18 11 0 0.19 0.0 M 12.1 35 260 M M 5 1 43 270
14 48 35 42 6 23 0 0.00 0.0 M 9.0 18 300 M M 3 27 290
15 51 30 41 5 24 0 0.00 0.0 M 8.7 18 340 M M 4 24 330
16 50 23 37 0 28 0 0.00 0.0 M 6.8 15 150 M M 3 26 180
17 51 38 45 8 20 0 T T M 7.6 17 250 M M 9 22 270
18 56 31 44 7 21 0 0.20 0.0 M 4.8 12 190 M M 2 1 18 180
19 51 41 46 8 19 0 0.47 0.0 M 3.8 12 60 M M 10 18 15 60
20 73 48 61 23 4 0 0.15 0.0 M 9.6 28 320 M M 6 1 38 240
21 48 29 39 1 26 0 0.00 0.0 M 11.5 23 320 M M 5 29 360
22 49 22 36 -3 29 0 0.00 0.0 M 6.3 17 150 M M 1 27 140
23 38 33 36 -3 29 0 0.54 M M 4.8 15 140 M M 10 18 23 120
24 45 36 41 1 24 0 0.01 0.0 M 6.7 16 10 M M 9 1 22 10
25 49 34 42 2 23 0 T 0.0 M 5.6 13 50 M M 7 17 110
26 59 31 45 5 20 0 0.00 0.0 M 5.8 14 250 M M 5 18 210
27 63 43 53 12 12 0 0.00 0.0 M 7.4 17 330 M M 4 22 350
28 48 43 46 5 19 0 0.41 0.0 M 5.4 13 40 M M 8 19 100
29 54 44 49 7 16 0 0.33 0.0 M 5.1 15 70 M M 10 13 26 60
30 61 43 52 10 13 0 0.07 0.0 M 7.0 23 260 M M 8 1 27 270
31 50 41 46 4 19 0 0.02 0.0 M 3.5 10 340 M M 10 14 160
================================================================================
SM 1653 1087 635 0 2.85 T 212.8 M 176
================================================================================
AV 53.3 35.1 6.9 FASTST M M 6 MAX(MPH)
MISC ----> # 35 260 # 43 270
================================================================================
NOTES:
# LAST OF SEVERAL OCCURRENCES
COLUMN 17 PEAK WIND IN M.P.H.
PRELIMINARY LOCAL CLIMATOLOGICAL DATA (WS FORM: F-6) , PAGE 2
STATION: AVOCA PA
MONTH: MARCH
YEAR: 2020
LATITUDE: 41 19 N
LONGITUDE: 75 44 W
[TEMPERATURE DATA] [PRECIPITATION DATA] SYMBOLS USED IN COLUMN 16
AVERAGE MONTHLY: 44.2 TOTAL FOR MONTH: 2.85 1 = FOG OR MIST
DPTR FM NORMAL: 7.3 DPTR FM NORMAL: 0.30 2 = FOG REDUCING VISIBILITY
HIGHEST: 73 ON 20 GRTST 24HR 0.74 ON 28-29 TO 1/4 MILE OR LESS
LOWEST: 22 ON 22, 8 3 = THUNDER
SNOW, ICE PELLETS, HAIL 4 = ICE PELLETS
TOTAL MONTH: T 5 = HAIL
GRTST 24HR T ON 17+ 6 = FREEZING RAIN OR DRIZZLE
GRTST DEPTH: M ON M 7 = DUSTSTORM OR SANDSTORM:
VSBY 1/2 MILE OR LESS
8 = SMOKE OR HAZE
[NO. OF DAYS WITH] [WEATHER - DAYS WITH] 9 = BLOWING SNOW
X = TORNADO
MAX 32 OR BELOW: 0 0.01 INCH OR MORE: 14
MAX 90 OR ABOVE: 0 0.10 INCH OR MORE: 8
MIN 32 OR BELOW: 12 0.50 INCH OR MORE: 1
MIN 0 OR BELOW: 0 1.00 INCH OR MORE: 0
[HDD (BASE 65) ]
TOTAL THIS MO. 635 CLEAR (SCALE 0-3) 8
DPTR FM NORMAL -236 PTCLDY (SCALE 4-7) 14
TOTAL FM JUL 1 4527 CLOUDY (SCALE 8-10) 9
DPTR FM NORMAL -950
[CDD (BASE 65) ]
TOTAL THIS MO. 0
DPTR FM NORMAL 0 [PRESSURE DATA]
TOTAL FM JAN 1 0 HIGHEST SLP 30.64 ON 22
DPTR FM NORMAL 0 LOWEST SLP 29.41 ON 3
[REMARKS]
#FINAL-03-20#
CORRECTED SNOWFALL ON DAY 17 AND DAY 24
CORRECTED GREATEST 24 HOUR PRECIPITATION
TIED FOR 7TH WARMEST MARCH
TIED FOR LOWEST MARCH SNOWFALL BUT HAD SNOWFALL ON DAY 23 BUT
NO ONE THERE TO MEASURE DUE TO COVID 19
(TAC)