000
CXUS53 KGRR 011433
CLMAZO
CLIMATE REPORT
NATIONAL WEATHER SERVICE GRAND RAPIDS, MICHIGAN
1033 AM EDT SAT JUL 01 2023
...................................
...THE KALAMAZOO CLIMATE SUMMARY FOR THE MONTH OF JUNE 2023...
CLIMATE NORMAL PERIOD: 1991 TO 2020
CLIMATE RECORD PERIOD: 1887 TO 2023
WEATHER OBSERVED NORMAL DEPART LAST YEAR`S
VALUE DATE(S) VALUE FROM VALUE DATE(S)
NORMAL
................................................................
TEMPERATURE (F)
RECORD
HIGH 102 06/02/1934
LOW 34 06/10/1915
HIGHEST 93 06/01 MM MM 97 06/21
06/02
LOWEST 45 06/08 MM MM 43 06/04
AVG. MAXIMUM 82.3 79.5 2.8 82.9
AVG. MINIMUM 56.5 58.1 -1.6 58.2
MEAN 69.4 68.8 0.6 70.6
DAYS MAX >= 90 6 3.0 3.0 7
DAYS MAX <= 32 0 0.0 0.0 0
DAYS MIN <= 32 0 0.0 0.0 0
DAYS MIN <= 0 0 0.0 0.0 0
PRECIPITATION (INCHES)
RECORD
MAXIMUM 10.66 2021
TOTALS 1.03 3.20 -2.17 3.09
DAILY AVG. 0.03 0.11 -0.08 0.10
DAYS >= .01 4 11.7 -7.7 10
DAYS >= .10 3 6.2 -3.2 7
DAYS >= .50 0 2.0 -2.0 2
DAYS >= 1.00 0 0.7 -0.7 1
GREATEST
24 HR. TOTAL 0.46 06/25 TO 06/26
SNOWFALL (INCHES)
TOTALS 0.0
SINCE 7/1 60.2
SNOWDEPTH AVG. 0
DAYS >= TRACE 0
DAYS >= 1.0 0
GREATEST
SNOW DEPTH 0
DEGREE DAYS
HEATING TOTAL 21 39 -18 15
SINCE 7/1 5454 6322 -868 MM
COOLING TOTAL 161 153 8 189
SINCE 1/1 210 202 8 MM
................................................................
WIND (MPH)
AVERAGE WIND SPEED 5.6
RESULTANT WIND SPEED/DIRECTION 2/330
HIGHEST WIND SPEED/DIRECTION 30/210 DATE 06/25
HIGHEST GUST SPEED/DIRECTION 40/200 DATE 06/25
SKY COVER
POSSIBLE SUNSHINE (PERCENT) MM
AVERAGE SKY COVER 0.33
NUMBER OF DAYS FAIR 19
NUMBER OF DAYS PC 7
NUMBER OF DAYS CLOUDY 4
AVERAGE RH (PERCENT) 61
WEATHER CONDITIONS. NUMBER OF DAYS WITH
THUNDERSTORM 2 MIXED PRECIP 0
HEAVY RAIN 1 RAIN 3
LIGHT RAIN 6 FREEZING RAIN 0
LT FREEZING RAIN 0 HAIL 0
HEAVY SNOW 0 SNOW 0
LIGHT SNOW 0 SLEET 0
FOG 14 FOG W/VIS <= 1/4 MILE 1
HAZE 17
- INDICATES NEGATIVE NUMBERS.
R INDICATES RECORD WAS SET OR TIED.
MM INDICATES DATA IS MISSING.
T INDICATES TRACE AMOUNT.
$$