000
CXAK56 PAFC 020449
CF6BET
PRELIMINARY LOCAL CLIMATOLOGICAL DATA (WS FORM: F-6)
STATION: BETHEL
MONTH: DECEMBER
YEAR: 2022
LATITUDE: 60 46 N
LONGITUDE: 161 48 W
TEMPERATURE IN F: :PCPN: SNOW: WIND :SUNSHINE: SKY :PK WND
================================================================================
1 2 3 4 5 6A 6B 7 8 9 10 11 12 13 14 15 16 17 18
12Z AVG MX 2MIN
DY MAX MIN AVG DEP HDD CDD WTR SNW DPTH SPD SPD DIR MIN PSBL S-S WX SPD DR
================================================================================
1 29 20 25 11 40 0 0.01 M M 5.4 14 330 M M 10 12 18 300
2 33 22 28 14 37 0 0.00 M M 7.3 18 180 M M 4 22 170
3 36 31 34 21 31 0 T M M 9.7 18 170 M M 7 23 170
4 40 31 36 23 29 0 0.01 M M 23.4 47 190 M M 7 65 180
5 35 28 32 19 33 0 0.06 M M 14.8 26 150 M M 8 1 34 140
6 33 21 27 14 38 0 0.03 M M 14.1 25 240 M M 7 16 35 250
7 26 17 22 10 43 0 0.00 M M 9.8 16 230 M M 5 1 19 240
8 20 14 17 5 48 0 T M M 7.1 12 290 M M 6 1 14 260
9 29 9 19 7 46 0 0.02 M M 9.3 15 190 M M 9 1269 19 190
10 33 27 30 18 35 0 0.12 M M 21.9 33 160 M M 10 18 41 160
11 33 25 29 18 36 0 0.02 M M 12.3 23 290 M M 10 1 31 290
12 25 9 17 6 48 0 0.10 M M 10.7 20 100 M M 5 16 26 100
13 32 0 16 5 49 0 0.10 M M 15.2 28 160 M M 6 1 34 160
14 4 -5 0 -10 65 0 0.00 M M 12.8 20 20 M M 1 1 24 20
15 8 -9 0 -10 65 0 T M M 9.1 17 20 M M 4 12 M M
16 10 -4 3 -7 62 0 0.00 M M 14.9 21 40 M M 0 26 40
17 12 1 7 -3 58 0 0.00 M M 16.2 23 40 M M 0 28 50
18 6 -2 2 -8 63 0 0.00 M M 16.3 22 40 M M 0 28 40
19 1 -6 -2 -11 67 0 0.00 M M 16.8 22 30 M M 0 27 30
20 -4 -14 -9 -18 74 0 T M M 19.1 30 20 M M 0 37 30
21 7 -15 -4 -13 69 0 0.00 M M 25.9 36 40 M M 1 43 40
22 11 7 9 1 56 0 0.00 M M 27.2 40 40 M M 4 49 40
23 13 0 7 -1 58 0 0.00 M M 29.2 48 20 M M 0 8 63 20
24 0 -6 -3 -11 68 0 0.00 M M 32.8 44 40 M M 2 8 58 40
25 3 -4 0 -8 65 0 T M M 31.1 41 40 M M 8 8 52 40
26 7 -2 3 -4 62 0 T M M 16.9 33 30 M M 7 41 30
27 7 -2 3 -4 62 0 0.00 M M 5.0 9 30 M M 5 1 12 40
28 4 0 2 -5 63 0 0.00 M M 14.5 21 20 M M 0 25 30
29 10 4 7 0 58 0 0.00 M M 12.9 17 20 M M 0 21 20
30 15 5 10 3 55 0 0.00 M M 11.6 21 20 M M 4 25 20
31 15 8 12 6 53 0 T M M 16.0 28 20 M M 2 35 30
================================================================================
SM 533 210 1636 0 0.47 M 489.3 M 132
================================================================================
AV 17.2 6.8 15.8 FASTST M M 4 MAX(MPH)
MISC ----> 48 20 65 180
================================================================================
NOTES:
# LAST OF SEVERAL OCCURRENCES
COLUMN 17 PEAK WIND IN M.P.H.
PRELIMINARY LOCAL CLIMATOLOGICAL DATA (WS FORM: F-6) , PAGE 2
STATION: BETHEL
MONTH: DECEMBER
YEAR: 2022
LATITUDE: 60 46 N
LONGITUDE: 161 48 W
[TEMPERATURE DATA] [PRECIPITATION DATA] SYMBOLS USED IN COLUMN 16
AVERAGE MONTHLY: 12.0 TOTAL FOR MONTH: 0.47 1 = FOG OR MIST
DPTR FM NORMAL: 2.0 DPTR FM NORMAL: -0.59 2 = FOG REDUCING VISIBILITY
HIGHEST: 40 ON 4 GRTST 24HR 0.20 ON 12-13 TO 1/4 MILE OR LESS
LOWEST: -15 ON 21 3 = THUNDER
SNOW, ICE PELLETS, HAIL 4 = ICE PELLETS
TOTAL MONTH: M 5 = HAIL
GRTST 24HR M ON M 6 = FREEZING RAIN OR DRIZZLE
GRTST DEPTH: M ON M 7 = DUSTSTORM OR SANDSTORM:
VSBY 1/2 MILE OR LESS
8 = SMOKE OR HAZE
[NO. OF DAYS WITH] [WEATHER - DAYS WITH] 9 = BLOWING SNOW
X = TORNADO
MAX 32 OR BELOW: 24 0.01 INCH OR MORE: 9
MAX 90 OR ABOVE: 0 0.10 INCH OR MORE: 3
MIN 32 OR BELOW: 31 0.50 INCH OR MORE: 0
MIN 0 OR BELOW: 14 1.00 INCH OR MORE: 0
[HDD (BASE 65) ]
TOTAL THIS MO. 1636 CLEAR (SCALE 0-3) 12
DPTR FM NORMAL -69 PTCLDY (SCALE 4-7) 14
TOTAL FM JUL 1 5126 CLOUDY (SCALE 8-10) 5
DPTR FM NORMAL -176
[CDD (BASE 65) ]
TOTAL THIS MO. 0
DPTR FM NORMAL 0 [PRESSURE DATA]
TOTAL FM JAN 1 8 HIGHEST SLP 30.84 ON 15
DPTR FM NORMAL 2 LOWEST SLP 28.76 ON 26
[REMARKS]
#FINAL-12-22#