000
CXAK56 PAFC 011313
CF6BET
PRELIMINARY LOCAL CLIMATOLOGICAL DATA (WS FORM: F-6)
STATION: BETHEL
MONTH: NOVEMBER
YEAR: 2021
LATITUDE: 60 46 N
LONGITUDE: 161 48 W
TEMPERATURE IN F: :PCPN: SNOW: WIND :SUNSHINE: SKY :PK WND
================================================================================
1 2 3 4 5 6A 6B 7 8 9 10 11 12 13 14 15 16 17 18
12Z AVG MX 2MIN
DY MAX MIN AVG DEP HDD CDD WTR SNW DPTH SPD SPD DIR MIN PSBL S-S WX SPD DR
================================================================================
1 29 5 17 -7 48 0 T M M 8.3 12 120 M M 6 126 M M
2 29 13 21 -3 44 0 0.00 M M 7.5 13 40 M M 6 14 80
3 19 8 14 -9 51 0 0.04 M M 14.4 23 10 M M 6 1 28 360
4 24 7 16 -7 49 0 0.03 M M 9.2 17 320 M M 5 1 20 320
5 27 22 25 3 40 0 0.04 M M 12.7 21 290 M M 9 1 26 300
6 26 10 18 -4 47 0 0.03 M M 11.4 18 330 M M 8 18 24 330
7 19 2 11 -11 54 0 T M M 6.6 12 320 M M 4 1 14 310
8 17 4 11 -10 54 0 0.00 M M 7.2 14 10 M M 3 1 17 10
9 18 2 10 -11 55 0 T M M 12.6 20 20 M M 10 1 26 20
10 7 -5 1 -19 64 0 0.00 M M 5.6 14 360 M M 2 1 16 360
11 16 5 11 -9 54 0 0.00 M M 4.8 12 20 M M 10 18 15 10
12 18 4 11 -9 54 0 T M M 9.1 14 360 M M 10 1 17 340
13 12 -8 2 -17 63 0 0.00 M M 5.3 10 320 M M 2 128 12 320
14 1 -10 -4 -23 69 0 0.00 M M 7.7 12 20 M M 0 18 15 20
15 3 -6 -1 -19 66 0 0.00 M M 14.9 23 20 M M 0 18 29 30
16 -3 -9 -6 -24 71 0 0.00 M M 11.8 22 20 M M 0 18 27 30
17 -4 -17 -10 -28 75 0 0.00 M M 7.7 12 330 M M 0 18 15 330
18 -5 -15 -10 -27 75 0 0.00 M M 8.2 12 20 M M 0 18 14 20
19 2 -10 -4 -21 69 0 0.00 M M 14.4 22 30 M M 0 18 27 30
20 1 -6 -2 -19 67 0 0.00 M M 18.1 24 10 M M 0 33 20
21 -2 -9 -5 -21 70 0 0.00 M M 8.0 14 340 M M 0 16 340
22 -6 -13 -9 -25 74 0 0.00 M M 8.1 13 330 M M 1 M M
23 -1 -9 -5 -21 70 0 0.00 M M 14.0 18 350 M M 0 22 350
24 -2 -10 -6 -22 71 0 0.00 M M 11.1 15 330 M M 1 22 310
25 -1 -12 -6 -21 71 0 T M M 8.7 12 200 M M 3 18 16 300
26 5 -21 -8 -23 73 0 T M M 6.1 16 320 M M 3 18 20 320
27 -10 -21 -15 -30 80 0 0.00 M M 5.4 10 330 M M 4 18 13 360
28 -15 -28 -21 -35 86 0 0.00 M M 5.2 10 360 M M 0 8 M M
29 -10 -24 -17 -31 82 0 0.00 M M 18.2 26 10 M M 2 8 33 360
30 -4 -15 -9 -23 74 0 0.02 M M 13.5 21 360 M M 9 18 26 10
================================================================================
SM 210 -166 1920 0 0.16 M 295.8 M 104
================================================================================
AV 7.0 -5.5 9.9 FASTST M M 3 MAX(MPH)
MISC ----> 26 10 # 33 20
================================================================================
NOTES:
# LAST OF SEVERAL OCCURRENCES
COLUMN 17 PEAK WIND IN M.P.H.
PRELIMINARY LOCAL CLIMATOLOGICAL DATA (WS FORM: F-6) , PAGE 2
STATION: BETHEL
MONTH: NOVEMBER
YEAR: 2021
LATITUDE: 60 46 N
LONGITUDE: 161 48 W
[TEMPERATURE DATA] [PRECIPITATION DATA] SYMBOLS USED IN COLUMN 16
AVERAGE MONTHLY: 0.7 TOTAL FOR MONTH: 0.16 1 = FOG OR MIST
DPTR FM NORMAL: -17.8 DPTR FM NORMAL: -1.64 2 = FOG REDUCING VISIBILITY
HIGHEST: 29 ON 2, 1 GRTST 24HR 0.07 ON 4- 5 TO 1/4 MILE OR LESS
LOWEST: -28 ON 28 3 = THUNDER
SNOW, ICE PELLETS, HAIL 4 = ICE PELLETS
TOTAL MONTH: M 5 = HAIL
GRTST 24HR M ON M 6 = FREEZING RAIN OR DRIZZLE
GRTST DEPTH: M ON M 7 = DUSTSTORM OR SANDSTORM:
VSBY 1/2 MILE OR LESS
8 = SMOKE OR HAZE
[NO. OF DAYS WITH] [WEATHER - DAYS WITH] 9 = BLOWING SNOW
X = TORNADO
MAX 32 OR BELOW: 30 0.01 INCH OR MORE: 5
MAX 90 OR ABOVE: 0 0.10 INCH OR MORE: 0
MIN 32 OR BELOW: 30 0.50 INCH OR MORE: 0
MIN 0 OR BELOW: 19 1.00 INCH OR MORE: 0
[HDD (BASE 65) ]
TOTAL THIS MO. 1920 CLEAR (SCALE 0-3) 17
DPTR FM NORMAL 527 PTCLDY (SCALE 4-7) 8
TOTAL FM JUL 1 4257 CLOUDY (SCALE 8-10) 5
DPTR FM NORMAL 658
[CDD (BASE 65) ]
TOTAL THIS MO. 0
DPTR FM NORMAL 0 [PRESSURE DATA]
TOTAL FM JAN 1 3 HIGHEST SLP 30.38 ON 17
DPTR FM NORMAL -3 LOWEST SLP 29.22 ON 3
[REMARKS]
#FINAL-11-21#