000
CXUS55 KCYS 041559 CCA
CF6BFF
PRELIMINARY LOCAL CLIMATOLOGICAL DATA (WS FORM: F-6)...CORRECTED
STATION: SCOTTSBLUFF NE AIRPORT
MONTH: APRIL
YEAR: 2022
LATITUDE: 41 52 N
LONGITUDE: 103 36 W
TEMPERATURE IN F: :PCPN: SNOW: WIND :SUNSHINE: SKY :PK WND
================================================================================
1 2 3 4 5 6A 6B 7 8 9 10 11 12 13 14 15 16 17 18
12Z AVG MX 2MIN
DY MAX MIN AVG DEP HDD CDD WTR SNW DPTH SPD SPD DIR MIN PSBL S-S WX SPD DR
================================================================================
1 56 33 45 0 20 0 T 0.0 0 10.6 21 330 M M 6 32 340
2 67 25 46 1 19 0 0.00 0.0 0 7.0 17 140 M M 0 23 150
3 60 30 45 0 20 0 0.00 0.0 0 13.8 31 330 M M 0 42 340
4 73 24 49 4 16 0 0.00 0.0 0 14.3 30 270 M M 2 42 260
5 60 29 45 0 20 0 0.02 T 0 19.6 40 320 M M 6 8 65 300
6 49 27 38 -8 27 0 T 0.0 0 28.2 47 330 M M 3 8 66 310
7 54 26 40 -6 25 0 0.00 0.0 0 24.6 44 320 M M 1 58 330
8 66 19 43 -3 22 0 0.00 0.0 0 6.9 14 360 M M 0 24 300
9 79 36 58 12 7 0 0.02 0.0 0 12.9 29 20 M M 2 1 38 20
10 51 24 38 -8 27 0 0.15 0.0 0 15.3 38 290 M M 5 1 52 290
11 63 23 43 -3 22 0 0.00 0.0 0 12.4 33 140 M M 3 52 160
12 50 16 33 -13 32 0 0.00 0.0 0 20.3 37 330 M M 2 53 300
13 43 13 28 -19 37 0 0.00 0.0 0 18.1 35 310 M M 1 48 310
14 52 9 31 -16 34 0 0.00 0.0 0 8.2 21 290 M M 1 27 290
15 48 18 33 -14 32 0 0.00 0.0 0 7.9 17 40 M M 4 23 70
16 54 25 40 -7 25 0 T 0.0 0 17.0 31 150 M M 5 39 140
17 63 29 46 -2 19 0 T 0.0 0 13.8 29 330 M M 3 39 320
18 60 26 43 -5 22 0 0.00 0.0 0 10.4 24 150 M M 2 33 130
19 80 34 57 9 8 0 0.00 0.0 0 13.6 30 320 M M 2 40 320
20 69 40 55 7 10 0 0.00 0.0 0 15.3 36 300 M M 1 47 300
21 80 33 57 9 8 0 0.00 0.0 0 18.0 39 160 M M 0 54 160
22 91 50 71 22 0 6 T 0.0 0 17.4 52 290 M M 4 128 83 280
23 50 34 42 -7 23 0 0.18 0.5 T 30.2 47 310 M M 9 1 66 310
24 49 29 39 -10 26 0 0.00 0.0 0 23.8 43 310 M M 4 8 58 300
25 58 26 42 -8 23 0 0.00 0.0 0 6.5 13 310 M M 0 18 260
26 76 31 54 4 11 0 0.00 0.0 0 7.4 14 110 M M 0 17 140
27 76 37 57 7 8 0 0.00 0.0 0 11.4 26 70 M M 0 34 60
28 75 36 56 6 9 0 0.05 0.0 0 11.2 30 70 M M 0 3 40 70
29 65 44 55 4 10 0 T 0.0 0 19.0 40 320 M M 5 53 300
30 60 33 47 -4 18 0 0.00 0.0 0 23.2 38 310 M M 5 54 300
================================================================================
SM 1877 859 580 6 0.42 0.5 458.3 M 76
================================================================================
AV 62.6 28.6 15.3 FASTST M M 3 MAX(MPH)
MISC ----> 52 290 83 280
================================================================================
NOTES:
# LAST OF SEVERAL OCCURRENCES
COLUMN 17 PEAK WIND IN M.P.H.
PRELIMINARY LOCAL CLIMATOLOGICAL DATA (WS FORM: F-6) , PAGE 2
STATION: SCOTTSBLUFF NE AIRPORT
MONTH: APRIL
YEAR: 2022
LATITUDE: 41 52 N
LONGITUDE: 103 36 W
[TEMPERATURE DATA] [PRECIPITATION DATA] SYMBOLS USED IN COLUMN 16
AVERAGE MONTHLY: 45.6 TOTAL FOR MONTH: 0.42 1 = FOG OR MIST
DPTR FM NORMAL: -1.9 DPTR FM NORMAL: -1.50 2 = FOG REDUCING VISIBILITY
HIGHEST: 91 ON 22 GRTST 24HR 0.18 ON 23-23 TO 1/4 MILE OR LESS
LOWEST: 9 ON 14 3 = THUNDER
SNOW, ICE PELLETS, HAIL 4 = ICE PELLETS
TOTAL MONTH: 0.5 INCH 5 = HAIL
GRTST 24HR 0.5 ON 23-23 6 = FREEZING RAIN OR DRIZZLE
GRTST DEPTH: T 7 = DUSTSTORM OR SANDSTORM:
VSBY 1/2 MILE OR LESS
8 = SMOKE OR HAZE
[NO. OF DAYS WITH] [WEATHER - DAYS WITH] 9 = BLOWING SNOW
X = TORNADO
MAX 32 OR BELOW: 0 0.01 INCH OR MORE: 5
MAX 90 OR ABOVE: 1 0.10 INCH OR MORE: 2
MIN 32 OR BELOW: 19 0.50 INCH OR MORE: 0
MIN 0 OR BELOW: 0 1.00 INCH OR MORE: 0
[HDD (BASE 65) ]
TOTAL THIS MO. 580 CLEAR (SCALE 0-3) 19
DPTR FM NORMAL 52 PTCLDY (SCALE 4-7) 10
TOTAL FM JUL 1 5530 CLOUDY (SCALE 8-10) 1
DPTR FM NORMAL -483
[CDD (BASE 65) ]
TOTAL THIS MO. 6
DPTR FM NORMAL 5 [PRESSURE DATA]
TOTAL FM JAN 1 6 HIGHEST SLP 30.42 ON 18
DPTR FM NORMAL 5 LOWEST SLP 28.99 ON 22
[REMARKS]
APRIL 14...TIED RECORD LOW 9 DEGREES PREVIOUSLY SET IN 2020
APRIL 22...RECORD HIGH 91 DEGREES (PREVIOUS 90 DEGREES IN 1989)
MONTHLY PRECIPITATION 0.42" RANKED 6TH DRIEST APRIL
#FINAL-04-22#