000
CXUS54 KAMA 170710
CF6BGD
PRELIMINARY LOCAL CLIMATOLOGICAL DATA (WS FORM: F-6)
STATION: BORGER
MONTH: APRIL
YEAR: 2024
LATITUDE: 35 42 N
LONGITUDE: 101 24 W
TEMPERATURE IN F: :PCPN: SNOW: WIND :SUNSHINE: SKY :PK WND
================================================================================
1 2 3 4 5 6A 6B 7 8 9 10 11 12 13 14 15 16 17 18
12Z AVG MX 2MIN
DY MAX MIN AVG DEP HDD CDD WTR SNW DPTH SPD SPD DIR MIN PSBL S-S WX SPD DR
================================================================================
1 75 45 60 4 5 0 0.02 M M 13.1 24 250 M M 4 38 330
2 63 39 51 -6 14 0 T M M 14.0 31 10 M M 2 42 330
3 73 42 58 1 7 0 0.00 M M 7.3 16 350 M M 0 25 300
4 87 46 67 10 0 2 0.00 M M 8.2 21 140 M M 0 28 140
5 87 49 68 11 0 3 0.00 M M 15.3 29 180 M M 0 45 180
6 67 53 60 2 5 0 0.00 M M 25.5 48 240 M M 0 72 240
7 73 43 58 0 7 0 0.00 M M 12.8 31 250 M M 0 45 250
8 66 43 55 -3 10 0 0.00 M M 11.4 21 280 M M 0 32 280
9 51 44 48 -10 17 0 0.41 M M 6.5 17 20 M M 7 1 25 20
10 71 42 57 -2 8 0 0.08 M M 10.9 26 10 M M 3 39 340
11 68 45 57 -2 8 0 0.00 M M 8.4 16 360 M M 1 25 30
12 85 46 66 7 0 1 0.00 M M 10.6 25 180 M M 0 38 180
13 90 56 73 14 0 8 0.00 M M 14.0 24 220 M M 0 36 200
14 90 54 72 12 0 7 0.00 M M 12.1 21 190 M M 0 30 190
15 92 55 74 14 0 9 0.00 M M 13.8 32 220 M M 0 43 220
16 80 56 68 8 0 3 0.00 M M 14.6 29 250 M M 0 44 300
================================================================================
SM 1218 758 81 33 0.51 M 198.5 M 17
================================================================================
AV 76.1 47.4 12.4 FASTST M M 1 MAX(MPH)
MISC ----> 48 240 72 240
================================================================================
NOTES:
# LAST OF SEVERAL OCCURRENCES
COLUMN 17 PEAK WIND IN M.P.H.
PRELIMINARY LOCAL CLIMATOLOGICAL DATA (WS FORM: F-6) , PAGE 2
STATION: BORGER
MONTH: APRIL
YEAR: 2024
LATITUDE: 35 42 N
LONGITUDE: 101 24 W
[TEMPERATURE DATA] [PRECIPITATION DATA] SYMBOLS USED IN COLUMN 16
AVERAGE MONTHLY: 61.8 TOTAL FOR MONTH: 0.51 1 = FOG OR MIST
DPTR FM NORMAL: 3.5 DPTR FM NORMAL: -0.21 2 = FOG REDUCING VISIBILITY
HIGHEST: 92 ON 15 GRTST 24HR 0.49 ON 9-10 TO 1/4 MILE OR LESS
LOWEST: 39 ON 2 3 = THUNDER
SNOW, ICE PELLETS, HAIL 4 = ICE PELLETS
TOTAL MONTH: M 5 = HAIL
GRTST 24HR M ON M 6 = FREEZING RAIN OR DRIZZLE
GRTST DEPTH: M ON M 7 = DUSTSTORM OR SANDSTORM:
VSBY 1/2 MILE OR LESS
8 = SMOKE OR HAZE
[NO. OF DAYS WITH] [WEATHER - DAYS WITH] 9 = BLOWING SNOW
X = TORNADO
MAX 32 OR BELOW: 0 0.01 INCH OR MORE: 3
MAX 90 OR ABOVE: 3 0.10 INCH OR MORE: 1
MIN 32 OR BELOW: 0 0.50 INCH OR MORE: 0
MIN 0 OR BELOW: 0 1.00 INCH OR MORE: 0
[HDD (BASE 65) ]
TOTAL THIS MO. 81 CLEAR (SCALE 0-3) 13
DPTR FM NORMAL -48 PTCLDY (SCALE 4-7) 3
TOTAL FM JUL 1 2814 CLOUDY (SCALE 8-10) 0
DPTR FM NORMAL -575
[CDD (BASE 65) ]
TOTAL THIS MO. 33
DPTR FM NORMAL 12 [PRESSURE DATA]
TOTAL FM JAN 1 51 HIGHEST SLP M ON M
DPTR FM NORMAL 17 LOWEST SLP 29.40 ON 15
[REMARKS]