000
CXUS51 KCAR 010600
CF6BGR
PRELIMINARY LOCAL CLIMATOLOGICAL DATA (WS FORM: F-6)
STATION: BANGOR ME
MONTH: OCTOBER
YEAR: 2021
LATITUDE: 44 47 N
LONGITUDE: 68 49 W
TEMPERATURE IN F: :PCPN: SNOW: WIND :SUNSHINE: SKY :PK WND
================================================================================
1 2 3 4 5 6A 6B 7 8 9 10 11 12 13 14 15 16 17 18
12Z AVG MX 2MIN
DY MAX MIN AVG DEP HDD CDD WTR SNW DPTH SPD SPD DIR MIN PSBL S-S WX SPD DR
================================================================================
1 57 46 52 -2 13 0 T 0.0 0 5.2 12 300 M M 9 16 310
2 62 47 55 2 10 0 0.00 0.0 0 3.4 9 250 M M 9 13 220
3 63 46 55 2 10 0 0.00 0.0 0 2.5 9 20 M M 7 1 10 20
4 64 41 53 1 12 0 0.00 0.0 0 2.4 9 360 M M 5 1 12 40
5 73 41 57 5 8 0 0.00 0.0 0 0.6 6 190 M M 4 128 7 350
6 73 39 56 4 9 0 0.00 0.0 0 1.1 7 280 M M 2 1 9 310
7 73 41 57 6 8 0 0.00 0.0 0 2.2 10 270 M M 1 1 14 270
8 66 43 55 4 10 0 0.00 0.0 0 4.6 15 40 M M 3 1 19 50
9 61 40 51 0 14 0 0.00 0.0 0 3.1 10 190 M M 3 1 14 180
10 60 39 50 0 15 0 0.00 0.0 0 3.5 12 180 M M 7 1 15 190
11 71 41 56 6 9 0 0.00 0.0 0 1.2 9 200 M M 6 12 12 180
12 79 47 63 13 2 0 0.00 0.0 0 1.6 8 200 M M 5 1 11 180
13 77 50 64 15 1 0 0.00 0.0 0 3.9 12 150 M M 5 1 14 170
14 72 50 61 12 4 0 0.00 0.0 0 3.6 16 20 M M 6 1 19 20
15 60 56 58 10 7 0 T 0.0 0 5.0 10 170 M M 10 12 13 160
16 64 57 61 13 4 0 0.22 0.0 0 13.0 24 180 M M 10 12 36 190
17 64 50 57 9 8 0 0.80 0.0 0 7.0 26 180 M M 10 1 36 180
18 56 43 50 3 15 0 T 0.0 0 7.0 14 310 M M 6 19 320
19 54 42 48 1 17 0 T 0.0 0 7.2 17 310 M M 6 25 290
20 58 39 49 2 16 0 T 0.0 0 4.7 15 320 M M 7 19 320
21 65 40 53 7 12 0 0.01 0.0 0 5.1 16 180 M M 7 1 18 170
22 68 49 59 13 6 0 0.05 0.0 0 8.0 18 330 M M 8 1 23 330
23 52 41 47 1 18 0 0.00 0.0 0 6.6 15 310 M M 9 20 320
24 54 36 45 0 20 0 0.00 0.0 0 8.9 22 320 M M 2 30 310
25 48 41 45 0 20 0 0.04 0.0 0 3.8 9 270 M M 10 1 12 260
26 54 45 50 5 15 0 0.01 0.0 0 13.7 24 30 M M 10 1 35 50
27 52 45 49 5 16 0 0.22 0.0 0 21.2 32 20 M M 10 43 30
28 55 40 48 4 17 0 T 0.0 0 13.1 24 10 M M 5 30 20
29 55 35 45 1 20 0 0.00 0.0 0 6.1 15 30 M M 1 19 30
30 56 42 49 6 16 0 0.22 0.0 0 8.0 22 50 M M 10 1 25 50
31 62 50 56 13 9 0 2.88 0.0 0 13.0 33 170 M M 8 1 44 160
================================================================================
SM 1928 1362 361 0 4.45 0.0 190.3 M 201
================================================================================
AV 62.2 43.9 6.1 FASTST M M 6 MAX(MPH)
MISC ----> 33 170 44 160
================================================================================
NOTES:
# LAST OF SEVERAL OCCURRENCES
COLUMN 17 PEAK WIND IN M.P.H.
PRELIMINARY LOCAL CLIMATOLOGICAL DATA (WS FORM: F-6) , PAGE 2
STATION: BANGOR ME
MONTH: OCTOBER
YEAR: 2021
LATITUDE: 44 47 N
LONGITUDE: 68 49 W
[TEMPERATURE DATA] [PRECIPITATION DATA] SYMBOLS USED IN COLUMN 16
AVERAGE MONTHLY: 53.1 TOTAL FOR MONTH: 4.45 1 = FOG OR MIST
DPTR FM NORMAL: 4.9 DPTR FM NORMAL: -0.13 2 = FOG REDUCING VISIBILITY
HIGHEST: 79 ON 12 GRTST 24HR 3.10 ON 30-31 TO 1/4 MILE OR LESS
LOWEST: 35 ON 29 3 = THUNDER
SNOW, ICE PELLETS, HAIL 4 = ICE PELLETS
TOTAL MONTH: 0.0 INCH 5 = HAIL
GRTST 24HR 0.0 6 = FREEZING RAIN OR DRIZZLE
GRTST DEPTH: 0 7 = DUSTSTORM OR SANDSTORM:
VSBY 1/2 MILE OR LESS
8 = SMOKE OR HAZE
[NO. OF DAYS WITH] [WEATHER - DAYS WITH] 9 = BLOWING SNOW
X = TORNADO
MAX 32 OR BELOW: 0 0.01 INCH OR MORE: 9
MAX 90 OR ABOVE: 0 0.10 INCH OR MORE: 5
MIN 32 OR BELOW: 0 0.50 INCH OR MORE: 2
MIN 0 OR BELOW: 0 1.00 INCH OR MORE: 1
[HDD (BASE 65) ]
TOTAL THIS MO. 361 CLEAR (SCALE 0-3) 5
DPTR FM NORMAL -161 PTCLDY (SCALE 4-7) 15
TOTAL FM JUL 1 512 CLOUDY (SCALE 8-10) 11
DPTR FM NORMAL -240
[CDD (BASE 65) ]
TOTAL THIS MO. 0
DPTR FM NORMAL -1 [PRESSURE DATA]
TOTAL FM JAN 1 467 HIGHEST SLP M ON M
DPTR FM NORMAL 88 LOWEST SLP 29.32 ON 31
[REMARKS]
#FINAL-10-21#