000
CXUS55 KBYZ 011000
CF6BHK
PRELIMINARY LOCAL CLIMATOLOGICAL DATA (WS FORM: F-6)
STATION: BAKER MT
MONTH: JUNE
YEAR: 2023
LATITUDE: 46 20 N
LONGITUDE: 104 15 W
TEMPERATURE IN F: :PCPN: SNOW: WIND :SUNSHINE: SKY :PK WND
================================================================================
1 2 3 4 5 6A 6B 7 8 9 10 11 12 13 14 15 16 17 18
12Z AVG MX 2MIN
DY MAX MIN AVG DEP HDD CDD WTR SNW DPTH SPD SPD DIR MIN PSBL S-S WX SPD DR
================================================================================
1 81 58 70 12 0 5 0.22 M M 11.9 41 140 M M 2 138 50 140
2 81 58 70 11 0 5 T M M 12.6 26 130 M M 3 32 140
3 83 58 71 12 0 6 0.00 M M 11.5 24 120 M M 1 28 120
4 84 56 70 11 0 5 0.00 M M 9.2 20 60 M M 0 25 110
5 86 58 72 12 0 7 0.00 M M 9.4 22 170 M M 0 26 150
6 88 56 72 12 0 7 0.00 M M 10.8 20 150 M M 0 28 150
7 87 53 70 10 0 5 0.00 M M 3.0 14 180 M M 1 15 190
8 90 57 74 14 0 9 T M M 7.2 23 120 M M 1 3 29 110
9 78 60 69 8 0 4 1.37 M M 6.8 21 250 M M 6 13 26 260
10 71 49 60 -1 5 0 0.00 M M 13.2 22 70 M M 4 13 29 50
11 73 42 58 -3 7 0 0.00 M M 9.7 18 150 M M 0 1 25 140
12 78 44 61 -1 4 0 0.00 M M 5.9 17 160 M M 0 1 21 140
13 81 45 63 1 2 0 0.00 M M 4.2 12 80 M M 1 15 140
14 84 49 67 5 0 2 0.35 M M 11.4 26 280 M M 3 13 33 290
15 69 56 63 0 2 0 M M M 6.1 20 340 M M 6 25 330
16 69 52 61 -2 4 0 0.00 M M 9.5 18 340 M M 4 26 320
17 78 44 61 -2 4 0 T M M 6.5 31 260 M M 2 37 270
18 84 49 67 3 0 2 0.12 M M 11.6 28 310 M M 1 13 34 320
19 80 56 68 4 0 3 0.10 M M 9.5 30 70 M M 3 13 37 70
20 76 56 66 2 0 1 T M M 13.7 28 340 M M 5 37 340
21 69 53 61 -4 4 0 0.56 M M 9.1 22 240 M M 9 13 27 250
22 71 49 60 -5 5 0 0.00 M M 5.8 18 360 M M 6 23 360
23 72 57 65 0 0 0 0.66 M M 15.4 40 60 M M 8 13 47 60
24 67 53 60 -6 5 0 0.08 M M 11.6 28 60 M M 7 1 35 60
25 77 49 63 -3 2 0 0.00 M M 3.4 10 230 M M 0 1 13 240
26 80 52 66 0 0 1 0.34 M M 10.4 24 310 M M 2 13 31 310
27 80 51 66 0 0 1 0.75 M M 6.4 35 270 M M 3 13 46 280
28 81 52 67 0 0 2 0.01 M M 6.1 26 340 M M 1 3 34 340
29 82 56 69 2 0 4 0.00 M M 5.5 13 320 M M 0 16 300
30 85 57 71 4 0 6 T M M 5.7 24 80 M M 1 3 28 90
================================================================================
SM 2365 1585 44 75 4.56 M 263.1 M 80
================================================================================
AV 78.8 52.8 8.8 FASTST M M 3 MAX(MPH)
MISC ----> 41 140 50 140
================================================================================
NOTES:
# LAST OF SEVERAL OCCURRENCES
COLUMN 17 PEAK WIND IN M.P.H.
PRELIMINARY LOCAL CLIMATOLOGICAL DATA (WS FORM: F-6) , PAGE 2
STATION: BAKER MT
MONTH: JUNE
YEAR: 2023
LATITUDE: 46 20 N
LONGITUDE: 104 15 W
[TEMPERATURE DATA] [PRECIPITATION DATA] SYMBOLS USED IN COLUMN 16
AVERAGE MONTHLY: 65.8 TOTAL FOR MONTH: 4.56 1 = FOG OR MIST
DPTR FM NORMAL: 3.0 DPTR FM NORMAL: 1.75 2 = FOG REDUCING VISIBILITY
HIGHEST: 90 ON 8 GRTST 24HR 1.37 ON 9- 9 TO 1/4 MILE OR LESS
LOWEST: 42 ON 11 3 = THUNDER
SNOW, ICE PELLETS, HAIL 4 = ICE PELLETS
TOTAL MONTH: M 5 = HAIL
GRTST 24HR M ON M 6 = FREEZING RAIN OR DRIZZLE
GRTST DEPTH: M ON M 7 = DUSTSTORM OR SANDSTORM:
VSBY 1/2 MILE OR LESS
8 = SMOKE OR HAZE
[NO. OF DAYS WITH] [WEATHER - DAYS WITH] 9 = BLOWING SNOW
X = TORNADO
MAX 32 OR BELOW: 0 0.01 INCH OR MORE: 11
MAX 90 OR ABOVE: 1 0.10 INCH OR MORE: 9
MIN 32 OR BELOW: 0 0.50 INCH OR MORE: 4
MIN 0 OR BELOW: 0 1.00 INCH OR MORE: 1
[HDD (BASE 65) ]
TOTAL THIS MO. 44 CLEAR (SCALE 0-3) 19
DPTR FM NORMAL -76 PTCLDY (SCALE 4-7) 10
TOTAL FM JUL 1 8546 CLOUDY (SCALE 8-10) 1
DPTR FM NORMAL 269
[CDD (BASE 65) ]
TOTAL THIS MO. 75
DPTR FM NORMAL 19 [PRESSURE DATA]
TOTAL FM JAN 1 95 HIGHEST SLP 30.19 ON 22
DPTR FM NORMAL 34 LOWEST SLP 29.42 ON 18
[REMARKS]
#FINAL-06-23#