000
CXUS55 KBYZ 011000
CF6BHK
PRELIMINARY LOCAL CLIMATOLOGICAL DATA (WS FORM: F-6)
STATION: BAKER MT
MONTH: MARCH
YEAR: 2022
LATITUDE: 46 20 N
LONGITUDE: 104 15 W
TEMPERATURE IN F: :PCPN: SNOW: WIND :SUNSHINE: SKY :PK WND
================================================================================
1 2 3 4 5 6A 6B 7 8 9 10 11 12 13 14 15 16 17 18
12Z AVG MX 2MIN
DY MAX MIN AVG DEP HDD CDD WTR SNW DPTH SPD SPD DIR MIN PSBL S-S WX SPD DR
================================================================================
1 55 34 45 20 20 0 T M M 9.4 17 250 M M 4 20 240
2 44 27 36 10 29 0 0.02 M M 13.8 23 120 M M 6 168 29 120
3 29 22 26 0 39 0 T M M 26.2 38 140 M M 10 1 45 140
4 29 23 26 0 39 0 0.00 M M 11.2 35 130 M M 10 1 43 140
5 23 12 18 -9 47 0 0.02 M M 19.2 29 310 M M 10 1 37 310
6 24 6 15 -12 50 0 T M M 13.8 22 300 M M 4 18 30 290
7 38 7 23 -5 42 0 0.01 M M 15.4 28 260 M M 2 1 33 270
8 29 5 17 -11 48 0 T M M 22.1 32 320 M M 8 40 300
9 16 -3 7 -22 58 0 T M M 12.9 23 310 M M 7 8 30 300
10 25 -3 11 -18 54 0 T M M 21.4 38 270 M M 3 50 300
11 21 -7 7 -23 58 0 0.00 M M 9.8 17 300 M M 2 22 320
12 53 21 37 7 28 0 0.00 M M 13.7 32 310 M M 5 43 310
13 44 20 32 2 33 0 0.01 M M 9.6 24 110 M M 7 1 28 120
14 51 27 39 8 26 0 0.00 M M 10.6 22 260 M M 4 1 28 190
15 62 35 49 18 16 0 T M M 12.3 23 260 M M 4 28 280
16 52 29 41 9 24 0 0.01 M M 13.8 29 300 M M 3 37 290
17 52 27 40 8 25 0 T M M 9.0 21 270 M M 1 26 270
18 57 24 41 8 24 0 T M M 9.3 24 300 M M 1 32 280
19 61 23 42 9 23 0 0.00 M M 6.9 21 250 M M 0 27 290
20 61 28 45 12 20 0 0.01 M M 14.4 30 300 M M 3 40 300
21 49 24 37 3 28 0 T M M 13.0 30 320 M M 4 37 310
22 51 21 36 2 29 0 0.00 M M 12.6 30 320 M M 2 37 330
23 57 20 39 4 26 0 0.00 M M 6.6 13 170 M M 0 15 340
24 61 27 44 9 21 0 0.00 M M 19.0 40 320 M M 2 53 310
25 48 22 35 0 30 0 0.00 M M 12.5 22 340 M M 0 28 300
26 45 20 33 -3 32 0 0.00 M M 15.8 24 120 M M 1 31 130
27 55 19 37 1 28 0 0.00 M M 20.1 28 140 M M 2 34 130
28 67 28 48 12 17 0 0.00 M M 18.6 30 140 M M 0 35 140
29 47 25 36 -1 29 0 0.08 M M 21.1 31 310 M M 9 1 41 320
30 44 19 32 -5 33 0 T M M 11.6 22 320 M M 5 1 26 320
31 57 17 37 -1 28 0 0.00 M M 10.6 26 330 M M 2 32 330
================================================================================
SM 1407 599 1004 0 0.16 M 436.3 M 121
================================================================================
AV 45.4 19.3 14.1 FASTST M M 4 MAX(MPH)
MISC ----> 40 320 53 310
================================================================================
NOTES:
# LAST OF SEVERAL OCCURRENCES
COLUMN 17 PEAK WIND IN M.P.H.
PRELIMINARY LOCAL CLIMATOLOGICAL DATA (WS FORM: F-6) , PAGE 2
STATION: BAKER MT
MONTH: MARCH
YEAR: 2022
LATITUDE: 46 20 N
LONGITUDE: 104 15 W
[TEMPERATURE DATA] [PRECIPITATION DATA] SYMBOLS USED IN COLUMN 16
AVERAGE MONTHLY: 32.4 TOTAL FOR MONTH: 0.16 1 = FOG OR MIST
DPTR FM NORMAL: 0.8 DPTR FM NORMAL: -0.37 2 = FOG REDUCING VISIBILITY
HIGHEST: 67 ON 28 GRTST 24HR 0.08 ON 29-29 TO 1/4 MILE OR LESS
LOWEST: -7 ON 11 3 = THUNDER
SNOW, ICE PELLETS, HAIL 4 = ICE PELLETS
TOTAL MONTH: M 5 = HAIL
GRTST 24HR M ON M 6 = FREEZING RAIN OR DRIZZLE
GRTST DEPTH: M ON M 7 = DUSTSTORM OR SANDSTORM:
VSBY 1/2 MILE OR LESS
8 = SMOKE OR HAZE
[NO. OF DAYS WITH] [WEATHER - DAYS WITH] 9 = BLOWING SNOW
X = TORNADO
MAX 32 OR BELOW: 8 0.01 INCH OR MORE: 7
MAX 90 OR ABOVE: 0 0.10 INCH OR MORE: 0
MIN 32 OR BELOW: 29 0.50 INCH OR MORE: 0
MIN 0 OR BELOW: 3 1.00 INCH OR MORE: 0
[HDD (BASE 65) ]
TOTAL THIS MO. 1004 CLEAR (SCALE 0-3) 16
DPTR FM NORMAL -32 PTCLDY (SCALE 4-7) 10
TOTAL FM JUL 1 6619 CLOUDY (SCALE 8-10) 5
DPTR FM NORMAL -467
[CDD (BASE 65) ]
TOTAL THIS MO. 0
DPTR FM NORMAL 0 [PRESSURE DATA]
TOTAL FM JAN 1 0 HIGHEST SLP 30.48 ON 11
DPTR FM NORMAL 0 LOWEST SLP 29.45 ON 29
[REMARKS]
#FINAL-03-22#