000
CXUS55 KBYZ 011000
CF6BIL
PRELIMINARY LOCAL CLIMATOLOGICAL DATA (WS FORM: F-6)
STATION: BILLINGS MT
MONTH: AUGUST
YEAR: 2022
LATITUDE: 45 47 N
LONGITUDE: 108 32 W
TEMPERATURE IN F: :PCPN: SNOW: WIND :SUNSHINE: SKY :PK WND
================================================================================
1 2 3 4 5 6A 6B 7 8 9 10 11 12 13 14 15 16 17 18
12Z AVG MX 2MIN
DY MAX MIN AVG DEP HDD CDD WTR SNW DPTH SPD SPD DIR MIN PSBL S-S WX SPD DR
================================================================================
1 101 69 85 10 0 20 0.00 0.0 0 13.8 28 280 M M 4 37 320
2 97 71 84 9 0 19 0.00 0.0 0 12.1 28 330 M M 7 36 340
3 95 62 79 4 0 14 0.00 0.0 0 11.3 26 310 M M 2 40 310
4 101 64 83 8 0 18 T 0.0 0 10.0 35 320 M M 4 3 45 300
5 81 65 73 -1 0 8 T 0.0 0 8.9 21 60 M M 7 25 40
6 66 51 59 -15 6 0 0.14 0.0 0 9.9 24 60 M M 10 1 30 40
7 85 52 69 -5 0 4 0.00 0.0 0 11.6 21 240 M M 1 25 240
8 95 60 78 4 0 13 0.00 0.0 0 9.4 16 210 M M 0 22 220
9 91 64 78 4 0 13 0.00 0.0 0 10.5 20 240 M M 1 22 230
10 95 61 78 4 0 13 0.00 0.0 0 8.0 23 330 M M 4 29 330
11 96 71 84 11 0 19 0.00 0.0 0 6.4 17 310 M M 5 27 270
12 96 69 83 10 0 18 T 0.0 0 8.9 25 330 M M 6 3 32 320
13 93 65 79 6 0 14 0.27 0.0 0 8.2 45 310 M M 7 13 58 310
14 88 62 75 3 0 10 0.00 0.0 0 8.3 17 250 M M 6 22 250
15 92 63 78 6 0 13 0.00 0.0 0 7.7 26 10 M M 3 34 360
16 94 60 77 5 0 12 0.00 0.0 0 5.7 13 360 M M 1 15 60
17 93 65 79 7 0 14 0.00 0.0 0 8.6 21 30 M M 1 28 20
18 87 62 75 4 0 10 0.00 0.0 0 8.1 17 80 M M 1 22 50
19 86 62 74 3 0 9 0.00 0.0 0 8.6 18 80 M M 0 28 80
20 91 58 75 4 0 10 0.00 0.0 0 5.1 12 60 M M 1 16 70
21 95 63 79 9 0 14 T 0.0 0 8.7 36 310 M M 3 43 300
22 93 64 79 9 0 14 0.02 0.0 0 8.3 29 320 M M 5 3 34 320
23 85 65 75 5 0 10 T 0.0 0 10.0 21 40 M M 5 25 30
24 82 61 72 2 0 7 T 0.0 0 12.9 23 30 M M 6 29 40
25 77 61 69 0 0 4 0.00 0.0 0 6.4 14 110 M M 8 17 110
26 87 63 75 6 0 10 0.01 0.0 0 11.3 31 330 M M 5 3 37 330
27 90 58 74 5 0 9 0.03 0.0 0 12.6 45 280 M M 5 3 63 290
28 79 57 68 0 0 3 T 0.0 0 9.7 21 320 M M 5 29 310
29 84 53 69 1 0 4 0.00 0.0 0 6.2 12 110 M M 1 15 290
30 92 57 75 7 0 10 0.00 0.0 0 8.2 16 220 M M 1 19 230
31 97 62 80 13 0 15 0.00 0.0 0 7.5 16 230 M M 1 18 230
================================================================================
SM 2784 1920 6 351 0.47 0.0 282.9 M 116
================================================================================
AV 89.8 61.9 9.1 FASTST M M 4 MAX(MPH)
MISC ----> # 45 310 63 290
================================================================================
NOTES:
# LAST OF SEVERAL OCCURRENCES
COLUMN 17 PEAK WIND IN M.P.H.
PRELIMINARY LOCAL CLIMATOLOGICAL DATA (WS FORM: F-6) , PAGE 2
STATION: BILLINGS MT
MONTH: AUGUST
YEAR: 2022
LATITUDE: 45 47 N
LONGITUDE: 108 32 W
[TEMPERATURE DATA] [PRECIPITATION DATA] SYMBOLS USED IN COLUMN 16
AVERAGE MONTHLY: 75.9 TOTAL FOR MONTH: 0.47 1 = FOG OR MIST
DPTR FM NORMAL: 4.3 DPTR FM NORMAL: -0.40 2 = FOG REDUCING VISIBILITY
HIGHEST: 101 ON 4, 1 GRTST 24HR 0.27 ON 12-13 TO 1/4 MILE OR LESS
LOWEST: 51 ON 6 3 = THUNDER
SNOW, ICE PELLETS, HAIL 4 = ICE PELLETS
TOTAL MONTH: 0.0 INCH 5 = HAIL
GRTST 24HR 0.0 6 = FREEZING RAIN OR DRIZZLE
GRTST DEPTH: 0 7 = DUSTSTORM OR SANDSTORM:
VSBY 1/2 MILE OR LESS
8 = SMOKE OR HAZE
[NO. OF DAYS WITH] [WEATHER - DAYS WITH] 9 = BLOWING SNOW
X = TORNADO
MAX 32 OR BELOW: 0 0.01 INCH OR MORE: 5
MAX 90 OR ABOVE: 19 0.10 INCH OR MORE: 2
MIN 32 OR BELOW: 0 0.50 INCH OR MORE: 0
MIN 0 OR BELOW: 0 1.00 INCH OR MORE: 0
[HDD (BASE 65) ]
TOTAL THIS MO. 6 CLEAR (SCALE 0-3) 14
DPTR FM NORMAL -18 PTCLDY (SCALE 4-7) 16
TOTAL FM JUL 1 6 CLOUDY (SCALE 8-10) 1
DPTR FM NORMAL -28
[CDD (BASE 65) ]
TOTAL THIS MO. 351
DPTR FM NORMAL 121 [PRESSURE DATA]
TOTAL FM JAN 1 773 HIGHEST SLP 30.17 ON 6
DPTR FM NORMAL 178 LOWEST SLP 29.49 ON 27
[REMARKS]
#FINAL-08-22#