000
CXUS55 KBYZ 011057
CF6BIL
PRELIMINARY LOCAL CLIMATOLOGICAL DATA (WS FORM: F-6)
STATION: BILLINGS MT
MONTH: MARCH
YEAR: 2020
LATITUDE: 45 47 N
LONGITUDE: 108 32 W
TEMPERATURE IN F: :PCPN: SNOW: WIND :SUNSHINE: SKY :PK WND
================================================================================
1 2 3 4 5 6A 6B 7 8 9 10 11 12 13 14 15 16 17 18
12Z AVG MX 2MIN
DY MAX MIN AVG DEP HDD CDD WTR SNW DPTH SPD SPD DIR MIN PSBL S-S WX SPD DR
================================================================================
1 42 28 35 1 30 0 0.00 0.0 0 10.4 20 240 M M 6 26 350
2 51 29 40 6 25 0 0.00 0.0 0 23.5 40 320 M M 3 51 300
3 56 34 45 11 20 0 0.00 0.0 0 21.2 48 310 M M 5 62 300
4 58 27 43 9 22 0 0.00 0.0 0 20.7 49 280 M M 5 63 280
5 54 25 40 5 25 0 0.00 0.0 0 11.4 22 240 M M 4 29 240
6 70 44 57 22 8 0 0.00 0.0 0 17.1 26 250 M M 7 31 230
7 63 35 49 14 16 0 0.00 0.0 0 12.5 23 240 M M 8 27 250
8 38 27 33 -3 32 0 0.12 1.2 T 7.7 17 40 M M 8 1 20 40
9 46 25 36 0 29 0 0.00 0.0 0 7.8 14 220 M M 7 19 350
10 52 31 42 6 23 0 0.00 0.0 0 14.5 32 260 M M 5 41 270
11 60 29 45 9 20 0 0.17 1.7 0 17.1 36 320 M M 8 12 42 330
12 39 22 31 -6 34 0 T 0.1 1 6.7 20 50 M M 6 15 23 20
13 31 25 28 -9 37 0 0.01 0.1 0 14.2 24 80 M M 10 1 30 80
14 38 15 27 -10 38 0 0.09 1.8 T 12.8 23 30 M M 9 124 33 130
15 17 11 14 -24 51 0 0.10 2.6 4 4.5 10 30 M M 10 12 14 30
16 34 12 23 -15 42 0 0.00 0.0 1 3.7 10 230 M M 5 13 250
17 55 19 37 -1 28 0 0.00 0.0 0 8.5 17 60 M M 4 1 22 330
18 29 24 27 -11 38 0 0.04 0.4 0 8.2 16 60 M M 10 18 18 90
19 28 16 22 -17 43 0 0.01 0.2 T 8.8 14 80 M M 9 1 16 70
20 36 13 25 -14 40 0 T T T 4.4 14 230 M M 6 16 230
21 54 24 39 0 26 0 0.00 0.0 0 12.3 21 300 M M 2 28 300
22 44 28 36 -3 29 0 0.01 0.2 0 6.1 13 150 M M 5 1 16 150
23 60 27 44 4 21 0 0.00 0.0 0 10.4 20 250 M M 5 25 260
24 49 32 41 1 24 0 0.10 0.8 0 7.6 18 300 M M 8 12 27 320
25 40 30 35 -5 30 0 0.14 1.6 2 5.2 13 240 M M 9 12 16 220
26 46 29 38 -2 27 0 0.00 0.0 0 13.7 30 260 M M 4 12 36 260
27 49 25 37 -4 28 0 0.00 0.0 0 10.1 21 290 M M 2 25 300
28 52 28 40 -1 25 0 0.00 0.0 0 12.1 26 280 M M 6 32 290
29 59 31 45 4 20 0 0.00 0.0 0 12.4 18 180 M M 2 27 240
30 62 31 47 5 18 0 0.00 0.0 0 10.2 20 230 M M 5 26 240
31 49 32 41 -1 24 0 0.21 T 0 10.2 22 320 M M 9 12 28 350
================================================================================
SM 1461 808 873 0 1.00 10.7 346.0 M 192
================================================================================
AV 47.1 26.1 11.2 FASTST M M 6 MAX(MPH)
MISC ----> # 49 280 # 63 280
================================================================================
NOTES:
# LAST OF SEVERAL OCCURRENCES
COLUMN 17 PEAK WIND IN M.P.H.
PRELIMINARY LOCAL CLIMATOLOGICAL DATA (WS FORM: F-6) , PAGE 2
STATION: BILLINGS MT
MONTH: MARCH
YEAR: 2020
LATITUDE: 45 47 N
LONGITUDE: 108 32 W
[TEMPERATURE DATA] [PRECIPITATION DATA] SYMBOLS USED IN COLUMN 16
AVERAGE MONTHLY: 36.6 TOTAL FOR MONTH: 1.00 1 = FOG OR MIST
DPTR FM NORMAL: -1.1 DPTR FM NORMAL: -0.06 2 = FOG REDUCING VISIBILITY
HIGHEST: 70 ON 6 GRTST 24HR 0.21 ON 31-31 TO 1/4 MILE OR LESS
LOWEST: 11 ON 15 3 = THUNDER
SNOW, ICE PELLETS, HAIL 4 = ICE PELLETS
TOTAL MONTH: 10.7 INCHES 5 = HAIL
GRTST 24HR 2.6 ON 15-15 6 = FREEZING RAIN OR DRIZZLE
GRTST DEPTH: 4 ON 15 7 = DUSTSTORM OR SANDSTORM:
VSBY 1/2 MILE OR LESS
8 = SMOKE OR HAZE
[NO. OF DAYS WITH] [WEATHER - DAYS WITH] 9 = BLOWING SNOW
X = TORNADO
MAX 32 OR BELOW: 4 0.01 INCH OR MORE: 11
MAX 90 OR ABOVE: 0 0.10 INCH OR MORE: 6
MIN 32 OR BELOW: 28 0.50 INCH OR MORE: 0
MIN 0 OR BELOW: 0 1.00 INCH OR MORE: 0
[HDD (BASE 65) ]
TOTAL THIS MO. 873 CLEAR (SCALE 0-3) 3
DPTR FM NORMAL 28 PTCLDY (SCALE 4-7) 19
TOTAL FM JUL 1 5802 CLOUDY (SCALE 8-10) 9
DPTR FM NORMAL -3
[CDD (BASE 65) ]
TOTAL THIS MO. 0
DPTR FM NORMAL 0 [PRESSURE DATA]
TOTAL FM JAN 1 0 HIGHEST SLP 30.55 ON 20
DPTR FM NORMAL 0 LOWEST SLP 29.54 ON 7
[REMARKS]
#FINAL-03-20#