000
CXUS53 KGRR 010910
CF6BIV
PRELIMINARY LOCAL CLIMATOLOGICAL DATA (WS FORM: F-6)
STATION: HOLLAND
MONTH: MARCH
YEAR: 2022
LATITUDE: 42 49 N
LONGITUDE: 86 10 W
TEMPERATURE IN F: :PCPN: SNOW: WIND :SUNSHINE: SKY :PK WND
================================================================================
1 2 3 4 5 6A 6B 7 8 9 10 11 12 13 14 15 16 17 18
12Z AVG MX 2MIN
DY MAX MIN AVG DEP HDD CDD WTR SNW DPTH SPD SPD DIR MIN PSBL S-S WX SPD DR
================================================================================
1 42 28 35 4 30 0 0.00 M M 9.0 16 260 M M 2 23 250
2 41 23 32 1 33 0 T M M 6.1 14 260 M M 6 8 21 250
3 32 21 27 -5 38 0 0.00 M M 6.1 15 290 M M 1 22 300
4 43 17 30 -2 35 0 0.00 M M 3.8 13 110 M M 0 16 110
5 68 34 51 19 14 0 0.03 M M 13.8 37 210 M M 3 51 210
6 63 36 50 18 15 0 0.02 M M 18.3 45 250 M M 9 60 250
7 36 32 34 1 31 0 0.24 M M 8.2 20 320 M M 10 1268 32 300
8 36 28 32 -1 33 0 0.00 M M 9.5 20 240 M M 6 26 240
9 37 25 31 -3 34 0 0.00 M M 7.2 16 310 M M 3 26 320
10 31 21 26 -8 39 0 0.02 M M 6.9 13 320 M M 8 1 19 340
11 32 20 26 -8 39 0 0.03 M M 11.1 25 280 M M 9 18 36 300
12 23 15 19 -15 46 0 T M M 12.4 22 300 M M 10 8 34 340
13 42 18 30 -5 35 0 0.02 M M 11.7 25 250 M M 5 1 33 240
14 55 30 43 8 22 0 0.00 M M 7.3 25 220 M M 3 34 230
15 53 30 42 6 23 0 0.00 M M 5.4 13 100 M M 5 1 17 80
16 67 29 48 12 17 0 0.00 M M 7.9 23 220 M M 3 18 31 210
17 61 48 55 19 10 0 0.00 M M 6.9 15 260 M M 3 20 240
18 52 40 46 9 19 0 0.38 M M 10.9 23 90 M M 6 13 35 80
19 42 37 40 3 25 0 0.15 M M 8.3 21 310 M M 10 1 32 310
20 54 30 42 5 23 0 0.00 M M 3.9 13 240 M M 0 1 16 260
21 68 32 50 12 15 0 0.00 M M 7.2 20 90 M M 3 18 29 90
22 49 42 46 8 19 0 0.06 M M 16.3 29 110 M M 6 1 38 100
23 53 42 48 10 17 0 0.20 M M 12.8 23 110 M M 10 1 38 110
24 50 34 42 3 23 0 0.25 M M 11.8 25 220 M M 10 1 37 220
25 47 34 41 2 24 0 0.22 M M 11.6 22 280 M M 9 18 35 290
26 34 26 30 -10 35 0 0.06 M M 13.9 22 310 M M 10 1 35 320
27 26 20 23 -17 42 0 0.01 M M 11.5 22 330 M M 9 18 35 320
28 32 19 26 -14 39 0 0.00 M M 7.2 16 300 M M 4 25 290
29 42 20 31 -10 34 0 T M M 11.7 23 120 M M 6 35 110
30 57 36 47 6 18 0 1.11 M M 12.7 23 150 M M 10 1 36 130
31 57 32 45 4 20 0 0.61 M M 11.5 24 260 M M 10 18 37 280
================================================================================
SM 1425 899 847 0 3.41 M 302.9 M 189
================================================================================
AV 46.0 29.0 9.8 FASTST M M 6 MAX(MPH)
MISC ----> 45 250 60 250
================================================================================
NOTES:
# LAST OF SEVERAL OCCURRENCES
COLUMN 17 PEAK WIND IN M.P.H.
PRELIMINARY LOCAL CLIMATOLOGICAL DATA (WS FORM: F-6) , PAGE 2
STATION: HOLLAND
MONTH: MARCH
YEAR: 2022
LATITUDE: 42 49 N
LONGITUDE: 86 10 W
[TEMPERATURE DATA] [PRECIPITATION DATA] SYMBOLS USED IN COLUMN 16
AVERAGE MONTHLY: 37.5 TOTAL FOR MONTH: 3.41 1 = FOG OR MIST
DPTR FM NORMAL: 1.5 DPTR FM NORMAL: 1.34 2 = FOG REDUCING VISIBILITY
HIGHEST: 68 ON 21, 5 GRTST 24HR 1.64 ON 30-31 TO 1/4 MILE OR LESS
LOWEST: 15 ON 12 3 = THUNDER
SNOW, ICE PELLETS, HAIL 4 = ICE PELLETS
TOTAL MONTH: M 5 = HAIL
GRTST 24HR M ON M 6 = FREEZING RAIN OR DRIZZLE
GRTST DEPTH: M ON M 7 = DUSTSTORM OR SANDSTORM:
VSBY 1/2 MILE OR LESS
8 = SMOKE OR HAZE
[NO. OF DAYS WITH] [WEATHER - DAYS WITH] 9 = BLOWING SNOW
X = TORNADO
MAX 32 OR BELOW: 6 0.01 INCH OR MORE: 16
MAX 90 OR ABOVE: 0 0.10 INCH OR MORE: 8
MIN 32 OR BELOW: 21 0.50 INCH OR MORE: 2
MIN 0 OR BELOW: 0 1.00 INCH OR MORE: 1
[HDD (BASE 65) ]
TOTAL THIS MO. 847 CLEAR (SCALE 0-3) 8
DPTR FM NORMAL -53 PTCLDY (SCALE 4-7) 11
TOTAL FM JUL 1 5142 CLOUDY (SCALE 8-10) 12
DPTR FM NORMAL -358
[CDD (BASE 65) ]
TOTAL THIS MO. 0
DPTR FM NORMAL -1 [PRESSURE DATA]
TOTAL FM JAN 1 0 HIGHEST SLP 30.51 ON 4
DPTR FM NORMAL -1 LOWEST SLP 28.97 ON 31
[REMARKS]
#FINAL-03-22#