000
CXUS56 KBOI 011002
CF6BKE
PRELIMINARY LOCAL CLIMATOLOGICAL DATA (WS FORM: F-6)
STATION: BAKER OR
MONTH: NOVEMBER
YEAR: 2023
LATITUDE: 44 50 N
LONGITUDE: 117 49 W
TEMPERATURE IN F: :PCPN: SNOW: WIND :SUNSHINE: SKY :PK WND
================================================================================
1 2 3 4 5 6A 6B 7 8 9 10 11 12 13 14 15 16 17 18
12Z AVG MX 2MIN
DY MAX MIN AVG DEP HDD CDD WTR SNW DPTH SPD SPD DIR MIN PSBL S-S WX SPD DR
================================================================================
1 51 24 38 -3 27 0 T M M 2.1 6 130 M M 5 9 120
2 47 40 44 3 21 0 T M M 5.6 16 120 M M 10 1 23 120
3 57 40 49 9 16 0 T M M 5.2 14 100 M M 6 1 17 110
4 53 46 50 10 15 0 0.01 M M 11.1 23 110 M M 9 1 32 110
5 53 41 47 7 18 0 T M M 4.9 16 210 M M M 23 200
6 56 40 48 9 17 0 T M M 10.1 22 210 M M 6 35 200
7 52 28 40 1 25 0 0.00 M M 7.8 22 320 M M 3 30 330
8 49 21 35 -4 30 0 0.00 M M 3.1 9 40 M M 0 13 60
9 45 18 32 -6 33 0 T M M 9.3 23 120 M M 2 12 30 110
10 50 27 39 1 26 0 0.00 M M 3.7 15 150 M M 5 19 150
11 55 32 44 6 21 0 0.00 M M 8.3 22 110 M M 3 29 120
12 50 27 39 2 26 0 0.00 M M 8.2 23 120 M M 0 29 120
13 60 30 45 8 20 0 0.00 M M 6.2 23 350 M M 1 1 28 350
14 56 29 43 6 22 0 T M M 2.2 12 80 M M 4 18 15 70
15 57 35 46 10 19 0 0.00 M M 5.8 18 120 M M 5 25 120
16 54 24 39 3 26 0 0.00 M M 4.4 12 310 M M 1 1 14 310
17 54 21 38 2 27 0 T M M 1.7 9 290 M M 5 12 11 150
18 54 23 39 4 26 0 T M M 6.1 17 110 M M 8 12 24 110
19 46 22 34 -1 31 0 T M M 14.4 31 330 M M 6 43 330
20 47 17 32 -3 33 0 0.00 M M 2.1 9 80 M M 0 12 120
21 47 22 35 1 30 0 0.00 M M 12.7 23 130 M M 0 30 120
22 39 21 30 -4 35 0 0.01 M M 2.1 7 60 M M 8 1 10 280
23 41 26 34 0 31 0 0.00 M M 16.7 30 310 M M 2 1 44 300
24 39 18 29 -4 36 0 0.00 M M 14.2 26 340 M M 0 38 330
25 39 11 25 -8 40 0 0.00 M M 2.4 8 200 M M 0 11 280
26 38 10 24 -9 41 0 0.00 M M 3.8 13 110 M M 0 17 90
27 34 9 22 -10 43 0 0.00 M M 7.0 18 110 M M 1 24 100
28 40 10 25 -7 40 0 0.00 M M 6.0 22 100 M M 0 26 100
29 40 8 24 -8 41 0 0.00 M M 1.1 7 130 M M 2 9 130
30 38 23 31 -1 34 0 T M M 4.2 15 110 M M 10 1 19 120
================================================================================
SM 1441 743 850 0 0.02 M 192.5 M 102
================================================================================
AV 48.0 24.8 6.4 FASTST M M 4 MAX(MPH)
MISC ----> 31 330 44 300
================================================================================
NOTES:
# LAST OF SEVERAL OCCURRENCES
COLUMN 17 PEAK WIND IN M.P.H.
PRELIMINARY LOCAL CLIMATOLOGICAL DATA (WS FORM: F-6) , PAGE 2
STATION: BAKER OR
MONTH: NOVEMBER
YEAR: 2023
LATITUDE: 44 50 N
LONGITUDE: 117 49 W
[TEMPERATURE DATA] [PRECIPITATION DATA] SYMBOLS USED IN COLUMN 16
AVERAGE MONTHLY: 36.4 TOTAL FOR MONTH: 0.02 1 = FOG OR MIST
DPTR FM NORMAL: 0.2 DPTR FM NORMAL: -0.71 2 = FOG REDUCING VISIBILITY
HIGHEST: 60 ON 13 GRTST 24HR 0.01 ON 22-22 TO 1/4 MILE OR LESS
LOWEST: 8 ON 29 3 = THUNDER
SNOW, ICE PELLETS, HAIL 4 = ICE PELLETS
TOTAL MONTH: M 5 = HAIL
GRTST 24HR M ON M 6 = FREEZING RAIN OR DRIZZLE
GRTST DEPTH: M ON M 7 = DUSTSTORM OR SANDSTORM:
VSBY 1/2 MILE OR LESS
8 = SMOKE OR HAZE
[NO. OF DAYS WITH] [WEATHER - DAYS WITH] 9 = BLOWING SNOW
X = TORNADO
MAX 32 OR BELOW: 0 0.01 INCH OR MORE: 2
MAX 90 OR ABOVE: 0 0.10 INCH OR MORE: 0
MIN 32 OR BELOW: 24 0.50 INCH OR MORE: 0
MIN 0 OR BELOW: 0 1.00 INCH OR MORE: 0
[HDD (BASE 65) ]
TOTAL THIS MO. 850 CLEAR (SCALE 0-3) 15
DPTR FM NORMAL -14 PTCLDY (SCALE 4-7) 11
TOTAL FM JUL 1 1650 CLOUDY (SCALE 8-10) 4
DPTR FM NORMAL -45
[CDD (BASE 65) ]
TOTAL THIS MO. 0
DPTR FM NORMAL 0 [PRESSURE DATA]
TOTAL FM JAN 1 264 HIGHEST SLP 30.72 ON 20
DPTR FM NORMAL -61 LOWEST SLP 29.61 ON 6
[REMARKS]
#FINAL-11-23#