000
CXUS51 KRNK 011503
CF6BLF
PRELIMINARY LOCAL CLIMATOLOGICAL DATA (WS FORM: F-6)
STATION: BLUEFIELD WV
MONTH: JUNE
YEAR: 2023
LATITUDE: 37 17 N
LONGITUDE: 81 12 W
TEMPERATURE IN F: :PCPN: SNOW: WIND :SUNSHINE: SKY :PK WND
================================================================================
1 2 3 4 5 6A 6B 7 8 9 10 11 12 13 14 15 16 17 18
12Z AVG MX 2MIN
DY MAX MIN AVG DEP HDD CDD WTR SNW DPTH SPD SPD DIR MIN PSBL S-S WX SPD DR
================================================================================
1 76 53 65 1 0 0 0.00 0.0 0 3.1 10 10 M M 1 13 10
2 79 53 66 2 0 1 0.00 0.0 0 3.3 13 40 M M 1 21 30
3 81 55 68 4 0 3 0.00 0.0 0 2.9 14 40 M M 2 23 30
4 74 57 66 2 0 1 0.16 0.0 0 3.5 10 240 M M 6 13 14 180
5 74 54 64 -1 1 0 0.00 0.0 0 2.8 10 290 M M 6 12 14 290
6 70 47 59 -6 6 0 0.00 0.0 0 4.9 14 270 M M 1 1 18 270
7 62 50 56 -9 9 0 0.10 0.0 0 7.1 12 260 M M 8 1 16 270
8 64 48 56 -10 9 0 0.00 0.0 0 6.5 16 290 M M 4 12 26 290
9 67 45 56 -10 9 0 0.00 0.0 0 6.3 17 270 M M 1 25 270
10 74 50 62 -4 3 0 0.00 0.0 0 5.3 14 250 M M 0 17 250
11 71 56 64 -2 1 0 0.01 0.0 0 4.6 13 170 M M 4 22 180
12 63 54 59 -7 6 0 0.17 0.0 0 8.7 16 290 M M 8 1 24 260
13 67 51 59 -8 6 0 0.00 0.0 0 7.6 15 260 M M 5 20 280
14 69 54 62 -5 3 0 T 0.0 0 9.1 22 260 M M M 31 260
15 73 57 65 -2 0 0 0.02 0.0 0 5.8 14 290 M M 3 1 21 270
16 72 54 63 -5 2 0 0.00 0.0 0 8.3 21 290 M M 3 38 36 260
17 70 51 61 -7 4 0 0.00 0.0 0 5.4 13 290 M M 4 1 18 280
18 78 49 64 -4 1 0 0.00 0.0 0 3.4 12 170 M M 2 1 17 200
19 69 63 66 -2 0 1 0.03 0.0 0 4.5 13 140 M M 8 1 21 140
20 67 58 63 -5 2 0 0.66 0.0 0 7.3 15 90 M M 10 1 28 100
21 63 53 58 -10 7 0 0.28 0.0 0 6.8 14 60 M M 10 1 24 40
22 60 53 57 -12 8 0 0.22 0.0 0 4.8 10 90 M M 10 1 16 110
23 72 58 65 -4 0 0 0.07 0.0 0 4.5 12 280 M M 10 12 18 270
24 71 60 66 -3 0 1 0.01 0.0 0 6.2 12 290 M M 8 1 16 290
25 77 60 69 0 0 4 T 0.0 0 6.2 18 270 M M 2 3 25 280
26 78 58 68 -1 0 3 0.11 0.0 0 11.5 22 260 M M 3 3 29 250
27 68 59 64 -6 1 0 0.16 0.0 0 7.0 16 300 M M 9 13 23 270
28 74 57 66 -4 0 1 0.00 0.0 0 4.5 12 300 M M 6 18 16 290
29 81 55 68 -2 0 3 0.00 0.0 0 2.2 9 120 M M 0 18 14 240
30 79 62 71 1 0 6 0.05 0.0 0 4.6 13 240 M M 4 1 18 260
================================================================================
SM 2143 1634 78 24 2.05 0.0 168.7 M 139
================================================================================
AV 71.4 54.5 5.6 FASTST M M 5 MAX(MPH)
MISC ----> # 22 260 36 260
================================================================================
NOTES:
# LAST OF SEVERAL OCCURRENCES
COLUMN 17 PEAK WIND IN M.P.H.
PRELIMINARY LOCAL CLIMATOLOGICAL DATA (WS FORM: F-6) , PAGE 2
STATION: BLUEFIELD WV
MONTH: JUNE
YEAR: 2023
LATITUDE: 37 17 N
LONGITUDE: 81 12 W
[TEMPERATURE DATA] [PRECIPITATION DATA] SYMBOLS USED IN COLUMN 16
AVERAGE MONTHLY: 63.0 TOTAL FOR MONTH: 2.05 1 = FOG OR MIST
DPTR FM NORMAL: -4.1 DPTR FM NORMAL: -2.09 2 = FOG REDUCING VISIBILITY
HIGHEST: 81 ON 29, 3 GRTST 24HR 0.66 ON 20-20 TO 1/4 MILE OR LESS
LOWEST: 45 ON 9 3 = THUNDER
SNOW, ICE PELLETS, HAIL 4 = ICE PELLETS
TOTAL MONTH: 0.0 INCH 5 = HAIL
GRTST 24HR 0.0 6 = FREEZING RAIN OR DRIZZLE
GRTST DEPTH: 0 7 = DUSTSTORM OR SANDSTORM:
VSBY 1/2 MILE OR LESS
8 = SMOKE OR HAZE
[NO. OF DAYS WITH] [WEATHER - DAYS WITH] 9 = BLOWING SNOW
X = TORNADO
MAX 32 OR BELOW: 0 0.01 INCH OR MORE: 14
MAX 90 OR ABOVE: 0 0.10 INCH OR MORE: 8
MIN 32 OR BELOW: 0 0.50 INCH OR MORE: 1
MIN 0 OR BELOW: 0 1.00 INCH OR MORE: 0
[HDD (BASE 65) ]
TOTAL THIS MO. 78 CLEAR (SCALE 0-3) 12
DPTR FM NORMAL 37 PTCLDY (SCALE 4-7) 10
TOTAL FM JUL 1 4825 CLOUDY (SCALE 8-10) 8
DPTR FM NORMAL -394
[CDD (BASE 65) ]
TOTAL THIS MO. 24
DPTR FM NORMAL -82 [PRESSURE DATA]
TOTAL FM JAN 1 39 HIGHEST SLP 30.12 ON 1
DPTR FM NORMAL -114 LOWEST SLP 29.62 ON 12
[REMARKS]
#FINAL-06-23#