000
CXUS51 KRNK 010739 RRA
CF6BLF
PRELIMINARY LOCAL CLIMATOLOGICAL DATA (WS FORM: F-6)
STATION: BLUEFIELD WV
MONTH: APRIL
YEAR: 2022
LATITUDE: 37 17 N
LONGITUDE: 81 12 W
TEMPERATURE IN F: :PCPN: SNOW: WIND :SUNSHINE: SKY :PK WND
================================================================================
1 2 3 4 5 6A 6B 7 8 9 10 11 12 13 14 15 16 17 18
12Z AVG MX 2MIN
DY MAX MIN AVG DEP HDD CDD WTR SNW DPTH SPD SPD DIR MIN PSBL S-S WX SPD DR
================================================================================
1 40 31 36 -12 29 0 0.01 T 0 11.6 24 260 M M 7 14 35 280
2 63 26 45 -3 20 0 0.00 0.0 0 5.5 17 220 M M 3 24 220
3 50 36 43 -5 22 0 0.00 0.0 0 9.9 22 290 M M 3 31 280
4 62 31 47 -2 18 0 T 0.0 0 4.5 23 230 M M 6 28 240
5 64 49 57 8 8 0 0.26 0.0 0 5.4 21 210 M M 9 1 34 220
6 69 48 59 10 6 0 0.49 0.0 0 9.6 20 260 M M 5 13 29 290
7 58 36 47 -3 18 0 0.18 0.0 0 6.8 22 300 M M 8 1 29 320
8 48 31 40 -10 25 0 0.13 T 0 10.4 24 260 M M 7 1 35 260
9 37 29 33 -17 32 0 0.12 1.7 2 9.7 20 310 M M 10 12 30 280
10 54 29 42 -9 23 0 T T 0 8.2 18 300 M M 4 28 300
11 70 44 57 6 8 0 T 0.0 0 10.5 25 250 M M 4 35 250
12 67 51 59 7 6 0 0.03 0.0 0 7.6 16 260 M M 9 1 21 260
13 75 58 67 15 0 2 T 0.0 0 7.4 22 180 M M 3 29 270
14 64 45 55 3 10 0 0.06 0.0 0 9.6 22 260 M M 4 1 30 300
15 68 39 54 1 11 0 T 0.0 0 6.3 29 240 M M 0 41 240
16 69 49 59 6 6 0 0.00 0.0 0 10.8 22 240 M M 4 30 210
17 60 40 50 -3 15 0 0.03 0.0 0 6.1 15 290 M M 4 23 160
18 47 32 40 -14 25 0 0.62 T 0 10.6 21 130 M M 10 14 39 150
19 41 27 34 -20 31 0 0.06 0.9 0 11.0 21 300 M M 7 12 33 290
20 63 29 46 -8 19 0 0.00 0.0 0 6.3 21 160 M M 0 35 170
21 67 50 59 4 6 0 T 0.0 0 7.8 20 240 M M 7 27 260
22 76 52 64 9 1 0 0.00 0.0 0 4.6 13 270 M M 5 16 320
23 82 59 71 16 0 6 0.00 0.0 0 4.4 14 260 M M 1 20 300
24 82 56 69 13 0 4 0.00 0.0 0 6.1 16 230 M M 0 24 260
25 78 57 68 12 0 3 0.00 0.0 0 7.8 18 240 M M 1 26 260
26 65 41 53 -3 12 0 0.29 0.0 0 7.0 17 270 M M 6 12 25 280
27 56 37 47 -9 18 0 0.00 0.0 0 11.4 22 310 M M 1 36 310
28 60 38 49 -8 16 0 0.00 0.0 0 7.0 17 300 M M 1 28 290
29 67 45 56 -1 9 0 T 0.0 0 2.4 9 330 M M 9 12 30
30 60 50 55 -2 10 0 0.13 0.0 0 4.2 13 160 M M 7 1 21 160
================================================================================
SM 1862 1245 404 15 2.41 2.6 230.5 M 145
================================================================================
AV 62.1 41.5 7.7 FASTST M M 5 MAX(MPH)
MISC ----> 29 240 41 240
================================================================================
NOTES:
# LAST OF SEVERAL OCCURRENCES
COLUMN 17 PEAK WIND IN M.P.H.
PRELIMINARY LOCAL CLIMATOLOGICAL DATA (WS FORM: F-6) , PAGE 2
STATION: BLUEFIELD WV
MONTH: APRIL
YEAR: 2022
LATITUDE: 37 17 N
LONGITUDE: 81 12 W
[TEMPERATURE DATA] [PRECIPITATION DATA] SYMBOLS USED IN COLUMN 16
AVERAGE MONTHLY: 51.8 TOTAL FOR MONTH: 2.41 1 = FOG OR MIST
DPTR FM NORMAL: -0.9 DPTR FM NORMAL: -1.23 2 = FOG REDUCING VISIBILITY
HIGHEST: 82 ON 24,23 GRTST 24HR 0.64 ON 17-18 TO 1/4 MILE OR LESS
LOWEST: 26 ON 2 3 = THUNDER
SNOW, ICE PELLETS, HAIL 4 = ICE PELLETS
TOTAL MONTH: 2.6 INCHES 5 = HAIL
GRTST 24HR 1.7 ON 9- 9 6 = FREEZING RAIN OR DRIZZLE
GRTST DEPTH: 2 ON 9 7 = DUSTSTORM OR SANDSTORM:
VSBY 1/2 MILE OR LESS
8 = SMOKE OR HAZE
[NO. OF DAYS WITH] [WEATHER - DAYS WITH] 9 = BLOWING SNOW
X = TORNADO
MAX 32 OR BELOW: 0 0.01 INCH OR MORE: 13
MAX 90 OR ABOVE: 0 0.10 INCH OR MORE: 8
MIN 32 OR BELOW: 9 0.50 INCH OR MORE: 1
MIN 0 OR BELOW: 0 1.00 INCH OR MORE: 0
[HDD (BASE 65) ]
TOTAL THIS MO. 404 CLEAR (SCALE 0-3) 10
DPTR FM NORMAL 24 PTCLDY (SCALE 4-7) 14
TOTAL FM JUL 1 4442 CLOUDY (SCALE 8-10) 6
DPTR FM NORMAL -554
[CDD (BASE 65) ]
TOTAL THIS MO. 15
DPTR FM NORMAL 5 [PRESSURE DATA]
TOTAL FM JAN 1 15 HIGHEST SLP 30.43 ON 22
DPTR FM NORMAL 4 LOWEST SLP 29.55 ON 5
[REMARKS]
DUE TO EQUIPMENT FAILURE ON JANUARY 9-10, 2022, ALL
INFORMATION WILL BE CALCULATED WITHOUT DATA FROM THESE DATES.
#FINAL-04-22#