000
CXUS51 KRNK 010744
CF6BLF
PRELIMINARY LOCAL CLIMATOLOGICAL DATA (WS FORM: F-6)
STATION: BLUEFIELD WV
MONTH: NOVEMBER
YEAR: 2023
LATITUDE: 37 17 N
LONGITUDE: 81 12 W
TEMPERATURE IN F: :PCPN: SNOW: WIND :SUNSHINE: SKY :PK WND
================================================================================
1 2 3 4 5 6A 6B 7 8 9 10 11 12 13 14 15 16 17 18
12Z AVG MX 2MIN
DY MAX MIN AVG DEP HDD CDD WTR SNW DPTH SPD SPD DIR MIN PSBL S-S WX SPD DR
================================================================================
1 35 23 29 -19 36 0 T T 0 7.2 18 300 M M 5 28 300
2 49 23 36 -12 29 0 0.00 0.0 0 2.9 12 270 M M 0 14 260
3 59 30 45 -3 20 0 0.00 0.0 0 2.6 10 190 M M 0 15 180
4 61 37 49 2 16 0 0.00 0.0 0 5.7 15 270 M M 0 20 290
5 60 45 53 6 12 0 T 0.0 0 5.7 14 280 M M 1 20 290
6 64 43 54 8 11 0 0.00 0.0 0 5.8 33 250 M M 0 23 260
7 68 51 60 14 5 0 0.00 0.0 0 8.2 17 250 M M 4 25 250
8 71 50 61 15 4 0 0.00 0.0 0 6.8 17 170 M M 1 28 160
9 68 51 60 14 5 0 0.04 0.0 0 8.4 18 270 M M 7 1 28 280
10 51 38 45 0 20 0 0.29 0.0 0 3.1 9 20 M M 9 1 14 20
11 53 33 43 -2 22 0 0.00 0.0 0 1.5 8 20 M M 1 1 13 30
12 57 34 46 2 19 0 0.00 0.0 0 3.3 10 160 M M 0 17 160
13 58 38 48 4 17 0 0.00 0.0 0 7.5 16 280 M M 0 24 280
14 58 36 47 3 18 0 0.00 0.0 0 2.9 9 40 M M 0 14 80
15 59 47 53 9 12 0 0.00 0.0 0 3.0 8 170 M M 0 17 160
16 64 43 54 11 11 0 0.00 0.0 0 3.9 12 170 M M 0 20 180
17 66 52 59 16 6 0 0.42 0.0 0 5.6 17 300 M M 6 1 25 310
18 53 30 42 0 23 0 0.01 0.0 0 7.0 14 290 M M 6 1 22 300
19 54 29 42 0 23 0 0.00 0.0 0 1.9 8 270 M M 0 12 260
20 49 34 42 0 23 0 T 0.0 0 6.8 16 140 M M 4 29 100
21 49 37 43 1 22 0 0.61 0.0 0 7.2 18 130 M M 9 1 43 110
22 49 34 42 1 23 0 0.06 T 0 8.3 14 310 M M 10 12 25 290
23 49 33 41 0 24 0 0.00 0.0 0 6.8 15 300 M M 4 26 300
24 48 33 41 0 24 0 0.00 0.0 0 2.8 9 10 M M 1 13 340
25 42 32 37 -3 28 0 0.00 0.0 0 4.2 10 120 M M 2 19 180
26 50 27 39 -1 26 0 0.12 0.0 0 5.8 20 230 M M 4 1 35 250
27 42 25 34 -6 31 0 0.09 T 0 12.4 23 290 M M 10 1 40 290
28 29 17 23 -17 42 0 T 0.3 T 11.3 23 310 M M M 1 41 270
29 42 15 29 -10 36 0 0.00 0.0 0 9.2 18 260 M M 0 28 250
30 52 31 42 3 23 0 0.00 0.0 0 6.7 15 240 M M 0 27 270
================================================================================
SM 1609 1051 611 0 1.64 0.3 174.5 M 84
================================================================================
AV 53.6 35.0 5.8 FASTST M M 3 MAX(MPH)
MISC ----> 33 250 43 110
================================================================================
NOTES:
# LAST OF SEVERAL OCCURRENCES
COLUMN 17 PEAK WIND IN M.P.H.
PRELIMINARY LOCAL CLIMATOLOGICAL DATA (WS FORM: F-6) , PAGE 2
STATION: BLUEFIELD WV
MONTH: NOVEMBER
YEAR: 2023
LATITUDE: 37 17 N
LONGITUDE: 81 12 W
[TEMPERATURE DATA] [PRECIPITATION DATA] SYMBOLS USED IN COLUMN 16
AVERAGE MONTHLY: 44.3 TOTAL FOR MONTH: 1.64 1 = FOG OR MIST
DPTR FM NORMAL: 0.8 DPTR FM NORMAL: -0.91 2 = FOG REDUCING VISIBILITY
HIGHEST: 71 ON 8 GRTST 24HR 0.61 ON 21-21 TO 1/4 MILE OR LESS
LOWEST: 15 ON 29 3 = THUNDER
SNOW, ICE PELLETS, HAIL 4 = ICE PELLETS
TOTAL MONTH: 0.3 INCH 5 = HAIL
GRTST 24HR 0.3 ON 28-28 6 = FREEZING RAIN OR DRIZZLE
GRTST DEPTH: T 7 = DUSTSTORM OR SANDSTORM:
VSBY 1/2 MILE OR LESS
8 = SMOKE OR HAZE
[NO. OF DAYS WITH] [WEATHER - DAYS WITH] 9 = BLOWING SNOW
X = TORNADO
MAX 32 OR BELOW: 1 0.01 INCH OR MORE: 8
MAX 90 OR ABOVE: 0 0.10 INCH OR MORE: 4
MIN 32 OR BELOW: 11 0.50 INCH OR MORE: 1
MIN 0 OR BELOW: 0 1.00 INCH OR MORE: 0
[HDD (BASE 65) ]
TOTAL THIS MO. 611 CLEAR (SCALE 0-3) 17
DPTR FM NORMAL -36 PTCLDY (SCALE 4-7) 8
TOTAL FM JUL 1 1032 CLOUDY (SCALE 8-10) 4
DPTR FM NORMAL -94 MISSING SKY COVER 1
[CDD (BASE 65) ]
TOTAL THIS MO. 0
DPTR FM NORMAL -1 [PRESSURE DATA]
TOTAL FM JAN 1 404 HIGHEST SLP 30.51 ON 2
DPTR FM NORMAL -133 LOWEST SLP 29.81 ON 27
[REMARKS]
#FINAL-11-23#