000
CXUS55 KPSR 011005
CF6BLH
PRELIMINARY LOCAL CLIMATOLOGICAL DATA (WS FORM: F-6)
STATION: BLYTHE CA
MONTH: FEBRUARY
YEAR: 2024
LATITUDE: 33 37 N
LONGITUDE: 114 43 W
TEMPERATURE IN F: :PCPN: SNOW: WIND :SUNSHINE: SKY :PK WND
================================================================================
1 2 3 4 5 6A 6B 7 8 9 10 11 12 13 14 15 16 17 18
12Z AVG MX 2MIN
DY MAX MIN AVG DEP HDD CDD WTR SNW DPTH SPD SPD DIR MIN PSBL S-S WX SPD DR
================================================================================
1 65 50 58 1 7 0 0.44 M M 3.9 17 240 M M M 1 22 250
2 65 48 57 0 8 0 0.00 M M 8.6 20 240 M M 0 25 250
3 64 42 53 -5 12 0 0.00 M M 4.4 13 160 M M 0 16 180
4 70 50 60 2 5 0 T M M 6.3 15 150 M M 3 8 23 150
5 66 49 58 0 7 0 0.00 M M 3.8 14 260 M M 0 17 260
6 65 51 58 0 7 0 0.28 M M 9.7 36 260 M M 5 13 42 260
7 64 47 56 -2 9 0 0.00 M M 13.9 28 230 M M 1 36 230
8 62 47 55 -3 10 0 0.01 M M 9.8 21 250 M M 4 27 250
9 59 40 50 -8 15 0 0.00 M M 2.9 9 330 M M 3 10 140
10 63 48 56 -2 9 0 T M M 11.4 23 330 M M 4 33 340
11 63 43 53 -5 12 0 0.00 M M 9.6 21 350 M M 0 25 360
12 66 39 53 -6 12 0 0.00 M M 4.8 12 20 M M 0 16 10
13 68 38 53 -6 12 0 0.00 M M 2.2 9 260 M M 0 11 260
14 71 40 56 -3 9 0 0.00 M M 4.2 12 190 M M 0 14 190
15 73 43 58 -1 7 0 0.00 M M 3.4 9 340 M M 0 14 170
16 73 48 61 2 4 0 0.00 M M 2.6 8 340 M M 0 10 120
17 75 48 62 2 3 0 0.00 M M 2.2 8 360 M M 0 9 350
18 76 51 64 4 1 0 0.00 0.0 0 3.8 13 330 M M 0 15 320
19 77 49 63 3 2 0 0.00 0.0 0 7.8 17 170 M M 0 8 24 170
20 77 53 65 5 0 0 0.00 0.0 0 8.9 16 190 M M 0 20 180
21 75 55 65 5 0 0 T 0.0 0 6.5 12 240 M M 2 17 260
22 75 52 64 4 1 0 0.00 0.0 0 6.2 15 350 M M 0 22 340
23 78 52 65 4 0 0 0.00 M M 5.2 15 30 M M 0 21 350
24 77 54 66 5 0 1 0.00 M M 3.2 9 60 M M 0 13 70
25 79 55 67 6 0 2 0.00 M M 3.6 12 240 M M 0 14 240
26 76 57 67 6 0 2 0.00 M M 6.6 17 220 M M 1 22 220
27 77 56 67 5 0 2 0.00 M M 5.9 16 210 M M 0 20 210
28 79 53 66 4 0 1 0.00 M M 5.2 13 350 M M 0 20 30
29 80 47 64 2 1 0 0.00 M M 8.8 22 200 M M 0 36 190
================================================================================
SM 2058 1405 153 8 0.73 0.0 175.4 M 23
================================================================================
AV 71.0 48.4 6.0 FASTST M M 1 MAX(MPH)
MISC ----> 36 260 42 260
================================================================================
NOTES:
# LAST OF SEVERAL OCCURRENCES
COLUMN 17 PEAK WIND IN M.P.H.
PRELIMINARY LOCAL CLIMATOLOGICAL DATA (WS FORM: F-6) , PAGE 2
STATION: BLYTHE CA
MONTH: FEBRUARY
YEAR: 2024
LATITUDE: 33 37 N
LONGITUDE: 114 43 W
[TEMPERATURE DATA] [PRECIPITATION DATA] SYMBOLS USED IN COLUMN 16
AVERAGE MONTHLY: 59.7 TOTAL FOR MONTH: 0.73 1 = FOG OR MIST
DPTR FM NORMAL: 0.4 DPTR FM NORMAL: 0.11 2 = FOG REDUCING VISIBILITY
HIGHEST: 80 ON 29 GRTST 24HR 0.44 ON 1- 1 TO 1/4 MILE OR LESS
LOWEST: 38 ON 13 3 = THUNDER
SNOW, ICE PELLETS, HAIL 4 = ICE PELLETS
TOTAL MONTH: 0.0 INCH 5 = HAIL
GRTST 24HR 0.0 6 = FREEZING RAIN OR DRIZZLE
GRTST DEPTH: 0 7 = DUSTSTORM OR SANDSTORM:
VSBY 1/2 MILE OR LESS
8 = SMOKE OR HAZE
[NO. OF DAYS WITH] [WEATHER - DAYS WITH] 9 = BLOWING SNOW
X = TORNADO
MAX 32 OR BELOW: 0 0.01 INCH OR MORE: 3
MAX 90 OR ABOVE: 0 0.10 INCH OR MORE: 2
MIN 32 OR BELOW: 0 0.50 INCH OR MORE: 0
MIN 0 OR BELOW: 0 1.00 INCH OR MORE: 0
[HDD (BASE 65) ]
TOTAL THIS MO. 153 CLEAR (SCALE 0-3) 25
DPTR FM NORMAL -20 PTCLDY (SCALE 4-7) 3
TOTAL FM JUL 1 780 CLOUDY (SCALE 8-10) 1
DPTR FM NORMAL -154
[CDD (BASE 65) ]
TOTAL THIS MO. 8
DPTR FM NORMAL -4 [PRESSURE DATA]
TOTAL FM JAN 1 8 HIGHEST SLP M ON M
DPTR FM NORMAL -5 LOWEST SLP 29.59 ON 6
[REMARKS]
#FINAL-02-24#