000
CXUS54 KEWX 011110
CF6BMQ
PRELIMINARY LOCAL CLIMATOLOGICAL DATA (WS FORM: F-6)
STATION: BURNET
MONTH: DECEMBER
YEAR: 2022
LATITUDE: 30 43 N
LONGITUDE: 98 14 W
TEMPERATURE IN F: :PCPN: SNOW: WIND :SUNSHINE: SKY :PK WND
================================================================================
1 2 3 4 5 6A 6B 7 8 9 10 11 12 13 14 15 16 17 18
12Z AVG MX 2MIN
DY MAX MIN AVG DEP HDD CDD WTR SNW DPTH SPD SPD DIR MIN PSBL S-S WX SPD DR
================================================================================
1 51 36 44 -9 21 0 0.02 M M 4.3 14 80 M M 6 1 19 80
2 74 48 61 8 4 0 0.03 M M 6.3 18 180 M M 7 12 29 210
3 63 52 58 5 7 0 0.00 M M 8.2 20 20 M M 7 29 360
4 55 48 52 0 13 0 T M M 4.1 9 20 M M 10 1 16 360
5 76 54 65 13 0 0 0.00 M M 7.2 21 210 M M 8 12 31 210
6 77 60 69 17 0 4 0.00 M M 5.2 13 190 M M 4 19 180
7 78 67 73 21 0 8 T M M 6.3 15 200 M M 8 22 200
8 80 68 74 22 0 9 0.00 M M 5.8 16 200 M M 10 24 180
9 77 65 71 20 0 6 0.00 M M 5.8 15 190 M M 5 1 21 200
10 72 62 67 16 0 2 0.01 M M 5.7 14 60 M M 10 3 21 60
11 62 57 60 9 5 0 0.12 M M 5.5 18 340 M M 10 13 25 340
12 68 57 63 12 2 0 T M M 7.7 15 160 M M 10 1 30 160
13 70 58 64 13 1 0 0.09 M M 9.9 18 180 M M 8 1 30 160
14 62 43 53 3 12 0 0.05 M M 7.9 22 290 M M 5 3 32 280
15 63 33 48 -2 17 0 0.00 M M 3.7 10 190 M M 0 16 210
16 47 40 44 -6 21 0 0.00 M M 6.9 17 30 M M 4 27 30
17 57 37 47 -3 18 0 0.00 M M 5.2 14 350 M M 2 21 10
18 51 30 41 -9 24 0 0.00 M M 5.1 13 180 M M 5 19 140
19 48 41 45 -5 20 0 0.38 M M 3.0 7 80 M M 10 123 10 110
20 49 41 45 -5 20 0 T M M 5.1 12 20 M M 10 1 17 10
21 47 34 41 -9 24 0 0.00 M M 5.4 9 180 M M 3 1 14 170
22 52 14 33 -16 32 0 0.00 M M 12.7 30 330 M M 6 1 40 310
23 30 12 21 -28 44 0 0.00 M M 10.4 20 330 M M 0 30 330
24 39 16 28 -21 37 0 0.00 M M 2.1 8 360 M M 0 11 360
25 50 20 35 -14 30 0 0.00 M M 3.1 13 200 M M 0 17 220
26 63 27 45 -4 20 0 0.00 M M 4.3 15 270 M M 0 22 270
27 57 29 43 -6 22 0 0.00 M M 7.0 14 190 M M 0 24 180
28 73 43 58 9 7 0 0.00 M M 10.4 22 190 M M 0 34 180
29 69 53 61 12 4 0 0.00 M M 6.4 16 180 M M 5 30 180
30 60 44 52 3 13 0 0.00 M M 2.1 10 290 M M 6 15 180
31 76 37 57 8 8 0 0.00 M M 6.6 22 210 M M 0 35 220
================================================================================
SM 1896 1326 426 29 0.70 M 189.4 M 159
================================================================================
AV 61.2 42.8 6.1 FASTST M M 5 MAX(MPH)
MISC ----> 30 330 40 310
================================================================================
NOTES:
# LAST OF SEVERAL OCCURRENCES
COLUMN 17 PEAK WIND IN M.P.H.
PRELIMINARY LOCAL CLIMATOLOGICAL DATA (WS FORM: F-6) , PAGE 2
STATION: BURNET
MONTH: DECEMBER
YEAR: 2022
LATITUDE: 30 43 N
LONGITUDE: 98 14 W
[TEMPERATURE DATA] [PRECIPITATION DATA] SYMBOLS USED IN COLUMN 16
AVERAGE MONTHLY: 52.0 TOTAL FOR MONTH: 0.70 1 = FOG OR MIST
DPTR FM NORMAL: 1.5 DPTR FM NORMAL: -1.23 2 = FOG REDUCING VISIBILITY
HIGHEST: 80 ON 8 GRTST 24HR 0.38 ON 19-19 TO 1/4 MILE OR LESS
LOWEST: 12 ON 23 3 = THUNDER
SNOW, ICE PELLETS, HAIL 4 = ICE PELLETS
TOTAL MONTH: 0.0 INCH 5 = HAIL
GRTST 24HR M ON M 6 = FREEZING RAIN OR DRIZZLE
GRTST DEPTH: M ON M 7 = DUSTSTORM OR SANDSTORM:
VSBY 1/2 MILE OR LESS
8 = SMOKE OR HAZE
[NO. OF DAYS WITH] [WEATHER - DAYS WITH] 9 = BLOWING SNOW
X = TORNADO
MAX 32 OR BELOW: 1 0.01 INCH OR MORE: 7
MAX 90 OR ABOVE: 0 0.10 INCH OR MORE: 2
MIN 32 OR BELOW: 7 0.50 INCH OR MORE: 0
MIN 0 OR BELOW: 0 1.00 INCH OR MORE: 0
[HDD (BASE 65) ]
TOTAL THIS MO. 426 CLEAR (SCALE 0-3) 9
DPTR FM NORMAL -32 PTCLDY (SCALE 4-7) 15
TOTAL FM JUL 1 775 CLOUDY (SCALE 8-10) 7
DPTR FM NORMAL 23
[CDD (BASE 65) ]
TOTAL THIS MO. 29
DPTR FM NORMAL 22 [PRESSURE DATA]
TOTAL FM JAN 1 3504 HIGHEST SLP 30.81 ON 23
DPTR FM NORMAL 716 LOWEST SLP 29.65 ON 13
[REMARKS]
#FINAL-12-22#