000
CXUS55 KBOI 111517
CF6BOI
PRELIMINARY LOCAL CLIMATOLOGICAL DATA (WS FORM: F-6)
STATION: BOISE ID
MONTH: DECEMBER
YEAR: 2023
LATITUDE: 43 34 N
LONGITUDE: 116 13 W
TEMPERATURE IN F: :PCPN: SNOW: WIND :SUNSHINE: SKY :PK WND
================================================================================
1 2 3 4 5 6A 6B 7 8 9 10 11 12 13 14 15 16 17 18
12Z AVG MX 2MIN
DY MAX MIN AVG DEP HDD CDD WTR SNW DPTH SPD SPD DIR MIN PSBL S-S WX SPD DR
================================================================================
1 36 28 32 -3 33 0 0.24 2.5 1 4.7 12 130 M M 9 12 15 130
2 43 32 38 3 27 0 0.20 0.1 2 8.8 23 110 M M 10 1 29 120
3 43 34 39 5 26 0 0.42 T 0 6.5 14 130 M M 10 1 19 130
4 52 42 47 13 18 0 0.05 0.0 0 9.0 16 110 M M 10 20 110
5 61 42 52 18 13 0 0.00 0.0 0 10.0 17 120 M M 1 21 120
6 57 39 48 14 17 0 T 0.0 0 8.4 18 210 M M 3 26 210
7 49 35 42 9 23 0 0.28 T 0 7.6 24 300 M M 8 1 33 300
8 43 27 35 2 30 0 T T 0 6.9 20 300 M M 4 28 300
9 39 24 32 -1 33 0 0.00 0.0 0 8.9 18 110 M M 3 22 90
10 43 36 40 7 25 0 0.12 T 0 3.9 13 120 M M 10 1 16 120
11 42 36 39 7 26 0 0.07 0.1 0 2.5 10 140 M M 10 1 13 140
12 44 36 40 8 25 0 0.00 0.0 0 5.7 13 290 M M 10 12 20 280
13 44 30 37 5 28 0 0.00 0.0 0 3.1 9 120 M M 5 12 120
14 39 28 34 2 31 0 0.00 0.0 0 5.7 15 120 M M 5 18 110
15 40 28 34 2 31 0 0.00 0.0 0 5.0 14 140 M M 0 19 140
16 38 26 32 0 33 0 0.00 0.0 0 2.0 9 300 M M 3 12 12 300
17 30 26 28 -4 37 0 T T 0 3.6 15 140 M M 10 128 17 140
18 36 26 31 0 34 0 T 0.0 0 2.6 14 140 M M 5 12 17 140
19 43 31 37 6 28 0 0.02 0.0 0 4.7 18 70 M M 9 16 23 70
20 42 31 37 6 28 0 T 0.0 0 1.5 7 280 M M 10 128 9 290
21 37 32 35 4 30 0 0.01 0.0 0 2.0 6 190 M M 10 12 9 20
22 37 27 32 1 33 0 0.04 0.1 0 5.7 17 300 M M 10 12 22 290
23 41 25 33 2 32 0 0.00 0.0 0 10.0 21 320 M M 4 28 320
24 38 21 30 -1 35 0 0.00 0.0 0 6.1 17 140 M M 0 23 140
25 39 21 30 -1 35 0 0.00 0.0 0 5.6 12 140 M M 1 16 130
26 32 28 30 -1 35 0 0.06 1.0 T 5.6 15 150 M M 10 1 20 140
27 41 29 35 4 30 0 0.00 0.0 0 12.1 21 140 M M 3 28 140
28 45 27 36 5 29 0 0.00 0.0 0 2.8 14 120 M M 2 17 110
29 46 28 37 6 28 0 0.00 0.0 0 3.7 10 120 M M 0 13 120
30 49 31 40 9 25 0 0.00 0.0 0 2.3 9 320 M M 1 12 330
31 47 27 37 6 28 0 0.00 0.0 0 3.4 9 120 M M 1 12 150
================================================================================
SM 1316 933 886 0 1.51 3.8 170.4 M 177
================================================================================
AV 42.5 30.1 5.5 FASTST M M 6 MAX(MPH)
MISC ----> 24 300 33 300
================================================================================
NOTES:
# LAST OF SEVERAL OCCURRENCES
COLUMN 17 PEAK WIND IN M.P.H.
PRELIMINARY LOCAL CLIMATOLOGICAL DATA (WS FORM: F-6) , PAGE 2
STATION: BOISE ID
MONTH: DECEMBER
YEAR: 2023
LATITUDE: 43 34 N
LONGITUDE: 116 13 W
[TEMPERATURE DATA] [PRECIPITATION DATA] SYMBOLS USED IN COLUMN 16
AVERAGE MONTHLY: 36.3 TOTAL FOR MONTH: 1.51 1 = FOG OR MIST
DPTR FM NORMAL: 4.2 DPTR FM NORMAL: -0.03 2 = FOG REDUCING VISIBILITY
HIGHEST: 61 ON 5 GRTST 24HR 0.47 ON 2- 3 TO 1/4 MILE OR LESS
LOWEST: 21 ON 25,24 3 = THUNDER
SNOW, ICE PELLETS, HAIL 4 = ICE PELLETS
TOTAL MONTH: 3.9 INCHES 5 = HAIL
GRTST 24HR 2.5 ON 1- 1 6 = FREEZING RAIN OR DRIZZLE
GRTST DEPTH: 2 ON 2 7 = DUSTSTORM OR SANDSTORM:
VSBY 1/2 MILE OR LESS
8 = SMOKE OR HAZE
[NO. OF DAYS WITH] [WEATHER - DAYS WITH] 9 = BLOWING SNOW
X = TORNADO
MAX 32 OR BELOW: 2 0.01 INCH OR MORE: 11
MAX 90 OR ABOVE: 0 0.10 INCH OR MORE: 5
MIN 32 OR BELOW: 23 0.50 INCH OR MORE: 0
MIN 0 OR BELOW: 0 1.00 INCH OR MORE: 0
[HDD (BASE 65) ]
TOTAL THIS MO. 886 CLEAR (SCALE 0-3) 11
DPTR FM NORMAL -134 PTCLDY (SCALE 4-7) 6
TOTAL FM JUL 1 1873 CLOUDY (SCALE 8-10) 14
DPTR FM NORMAL -358
[CDD (BASE 65) ]
TOTAL THIS MO. 0
DPTR FM NORMAL 0 [PRESSURE DATA]
TOTAL FM JAN 1 1342 HIGHEST SLP 30.63 ON 9
DPTR FM NORMAL 298 LOWEST SLP 29.71 ON 6
[REMARKS]
#FINAL-12-23#