000
CXUS54 KMAF 011210
CF6BPG
PRELIMINARY LOCAL CLIMATOLOGICAL DATA (WS FORM: F-6)
STATION: BIG SPRING MCMAHON-WRINKLE FI
MONTH: DECEMBER
YEAR: 2021
LATITUDE: 32 12 N
LONGITUDE: 101 31 W
TEMPERATURE IN F: :PCPN: SNOW: WIND :SUNSHINE: SKY :PK WND
================================================================================
1 2 3 4 5 6A 6B 7 8 9 10 11 12 13 14 15 16 17 18
12Z AVG MX 2MIN
DY MAX MIN AVG DEP HDD CDD WTR SNW DPTH SPD SPD DIR MIN PSBL S-S WX SPD DR
================================================================================
1 78 34 56 M 9 0 M M M 4.8 8 140 M M 0 M M
2 83 39 61 M 4 0 M M M 6.2 13 230 M M 0 M M
3 83 48 66 M 0 1 M M M 9.3 17 230 M M 0 22 240
4 68 36 52 M 13 0 M M M 5.7 12 280 M M 0 M M
5 78 43 61 M 4 0 M M M 10.2 18 210 M M 0 1 24 200
6 53 31 42 M 23 0 M M M 13.2 28 30 M M 1 1 36 20
7 74 28 51 M 14 0 M M M 8.6 15 230 M M 0 21 260
8 77 35 56 M 9 0 M M M 8.5 17 220 M M 0 22 210
9 77 45 61 M 4 0 M M M 11.7 22 240 M M 0 31 240
10 76 55 66 M 0 1 M M M 18.3 36 260 M M 4 8 46 250
11 57 30 44 M 21 0 M M M 8.5 26 330 M M 0 38 330
12 68 29 49 M 16 0 M M M 11.1 15 200 M M 0 20 190
13 76 37 57 M 8 0 M M M 10.8 16 220 M M 0 8 20 220
14 78 42 60 M 5 0 M M M 11.3 17 170 M M 0 23 170
15 77 61 69 M 0 4 M M M 21.0 30 190 M M 4 8 36 190
16 66 42 54 M 11 0 M M M 7.0 13 60 M M 0 1 16 30
17 76 50 63 M 2 0 M M M 7.1 20 200 M M 7 26 200
18 64 38 51 M 14 0 M M M 19.7 33 50 M M 6 39 50
19 48 31 40 M 25 0 M M M 5.9 12 160 M M 5 M M
20 64 28 46 M 19 0 M M M 5.9 12 50 M M 0 M M
21 73 26 50 M 15 0 M M M 6.3 17 230 M M 0 23 240
22 76 31 54 M 11 0 M M M 6.6 14 280 M M 0 20 300
23 82 38 60 M 5 0 M M M 10.5 21 230 M M 0 22 230
24 85 50 68 M 0 3 M M M 15.2 29 220 M M 1 8 39 240
25 78 49 64 M 1 0 M M M 7.8 18 260 M M 0 28 260
26 85 50 68 M 0 3 M M M 13.8 29 240 M M 0 8 36 230
27 67 51 59 M 6 0 M M M 5.5 12 160 M M 1 M M
28 74 46 60 M 5 0 M M M 12.8 30 260 M M 2 8 36 250
29 71 40 56 M 9 0 M M M 9.6 28 270 M M 1 8 35 270
30 71 37 54 M 11 0 M M M 8.4 17 230 M M 1 23 230
31 64 47 56 M 9 0 0.03 M M 6.1 20 300 M M 6 25 260
================================================================================
SM 2247 1247 273 12 0.03 M 307.7 M 39
================================================================================
AV 72.5 40.2 9.9 FASTST M M 1 MAX(MPH)
MISC ----> 36 260 46 250
================================================================================
NOTES:
# LAST OF SEVERAL OCCURRENCES
COLUMN 17 PEAK WIND IN M.P.H.
PRELIMINARY LOCAL CLIMATOLOGICAL DATA (WS FORM: F-6) , PAGE 2
STATION: BIG SPRING MCMAHON-WRINKLE FI
MONTH: DECEMBER
YEAR: 2021
LATITUDE: 32 12 N
LONGITUDE: 101 31 W
[TEMPERATURE DATA] [PRECIPITATION DATA] SYMBOLS USED IN COLUMN 16
AVERAGE MONTHLY: 56.4 TOTAL FOR MONTH: 0.03 1 = FOG OR MIST
DPTR FM NORMAL: 0.0 DPTR FM NORMAL: M 2 = FOG REDUCING VISIBILITY
HIGHEST: 85 ON 26,24 GRTST 24HR 0.03 ON 31-31 TO 1/4 MILE OR LESS
LOWEST: 26 ON 21 3 = THUNDER
SNOW, ICE PELLETS, HAIL 4 = ICE PELLETS
TOTAL MONTH: M 5 = HAIL
GRTST 24HR M ON M 6 = FREEZING RAIN OR DRIZZLE
GRTST DEPTH: M ON M 7 = DUSTSTORM OR SANDSTORM:
VSBY 1/2 MILE OR LESS
8 = SMOKE OR HAZE
[NO. OF DAYS WITH] [WEATHER - DAYS WITH] 9 = BLOWING SNOW
X = TORNADO
MAX 32 OR BELOW: 0 0.01 INCH OR MORE: 1
MAX 90 OR ABOVE: 0 0.10 INCH OR MORE: 0
MIN 32 OR BELOW: 8 0.50 INCH OR MORE: 0
MIN 0 OR BELOW: 0 1.00 INCH OR MORE: 0
[HDD (BASE 65) ]
TOTAL THIS MO. 273 CLEAR (SCALE 0-3) 25
DPTR FM NORMAL M PTCLDY (SCALE 4-7) 6
TOTAL FM JUL 1 593 CLOUDY (SCALE 8-10) 0
DPTR FM NORMAL M
[CDD (BASE 65) ]
TOTAL THIS MO. 12
DPTR FM NORMAL M [PRESSURE DATA]
TOTAL FM JAN 1 2344 HIGHEST SLP M ON M
DPTR FM NORMAL M LOWEST SLP M ON M
[REMARKS]
#FINAL-12-21#