000
CXUS54 KMAF 011110
CF6BPG
PRELIMINARY LOCAL CLIMATOLOGICAL DATA (WS FORM: F-6)
STATION: BIG SPRING MCMAHON-WRINKLE FI
MONTH: JUNE
YEAR: 2020
LATITUDE: 32 12 N
LONGITUDE: 101 31 W
TEMPERATURE IN F: :PCPN: SNOW: WIND :SUNSHINE: SKY :PK WND
================================================================================
1 2 3 4 5 6A 6B 7 8 9 10 11 12 13 14 15 16 17 18
12Z AVG MX 2MIN
DY MAX MIN AVG DEP HDD CDD WTR SNW DPTH SPD SPD DIR MIN PSBL S-S WX SPD DR
================================================================================
1 85 65 75 M 0 10 M M M 10.8 20 170 M M 2 25 160
2 89 64 77 M 0 12 M M M 10.7 15 140 M M 2 23 160
3 94 67 81 M 0 16 M M M 8.2 13 170 M M 3 M M
4 99 69 84 M 0 19 M M M 11.2 17 160 M M 0 31 100
5 99 71 85 M 0 20 M M M 14.0 25 80 M M 0 8 35 80
6 98 70 84 M 0 19 M M M 15.0 22 140 M M 1 31 150
7 99 71 85 M 0 20 M M M 14.2 21 170 M M 0 25 140
8 105 73 89 M 0 24 M M M 12.4 21 190 M M 0 26 130
9 90 69 80 M 0 15 M M M 17.4 31 310 M M 2 8 37 310
10 92 56 74 M 0 9 M M M 8.7 21 70 M M 0 24 120
11 96 69 83 M 0 18 M M M 16.1 23 160 M M 0 36 140
12 95 63 79 M 0 14 M M M 11.6 17 140 M M 0 24 140
13 95 65 80 M 0 15 M M M 14.0 20 140 M M 0 26 170
14 93 68 81 M 0 16 M M M 12.9 18 160 M M 0 23 100
15 92 68 80 M 0 15 M M M 13.8 20 140 M M 1 25 160
16 94 70 82 M 0 17 M M M 15.0 23 170 M M 2 8 33 170
17 97 72 85 M 0 20 M M M 18.9 25 170 M M 1 31 20
18 101 67 84 M 0 19 0.85 M M 15.5 28 140 M M 2 38 44 90
19 97 71 84 M 0 19 0.06 M M 16.4 30 40 M M 1 3 44 40
20 94 66 80 M 0 15 M M M 16.3 22 80 M M 4 28 140
21 103 71 87 M 0 22 M M M 14.2 23 170 M M 0 31 170
22 101 77 89 M 0 24 0.02 M M 14.0 24 190 M M 1 3 32 190
23 89 67 78 M 0 13 M M M 14.7 43 20 M M 2 8 51 20
24 93 65 79 M 0 14 M M M 7.7 17 80 M M 0 23 60
25 97 68 83 M 0 18 M M M 10.5 15 120 M M 0 21 170
26 98 73 86 M 0 21 M M M 13.0 17 140 M M 1 24 170
27 96 72 84 M 0 19 M M M 15.9 22 160 M M 2 8 28 170
28 100 76 88 M 0 23 M M M 17.2 25 180 M M 0 8 29 180
29 104 77 91 M 0 26 M M M 18.7 23 230 M M 1 36 180
30 105 75 90 M 0 25 M M M 13.9 21 190 M M 1 26 170
================================================================================
SM 2890 2075 0 537 0.93 M 412.7 M 29
================================================================================
AV 96.3 69.2 13.8 FASTST M M 1 MAX(MPH)
MISC ----> 43 20 51 20
================================================================================
NOTES:
# LAST OF SEVERAL OCCURRENCES
COLUMN 17 PEAK WIND IN M.P.H.
PRELIMINARY LOCAL CLIMATOLOGICAL DATA (WS FORM: F-6) , PAGE 2
STATION: BIG SPRING MCMAHON-WRINKLE FI
MONTH: JUNE
YEAR: 2020
LATITUDE: 32 12 N
LONGITUDE: 101 31 W
[TEMPERATURE DATA] [PRECIPITATION DATA] SYMBOLS USED IN COLUMN 16
AVERAGE MONTHLY: 82.8 TOTAL FOR MONTH: 0.93 1 = FOG OR MIST
DPTR FM NORMAL: 0.0 DPTR FM NORMAL: M 2 = FOG REDUCING VISIBILITY
HIGHEST: 105 ON 30, 8 GRTST 24HR 0.85 ON 18-18 TO 1/4 MILE OR LESS
LOWEST: 56 ON 10 3 = THUNDER
SNOW, ICE PELLETS, HAIL 4 = ICE PELLETS
TOTAL MONTH: M 5 = HAIL
GRTST 24HR M ON M 6 = FREEZING RAIN OR DRIZZLE
GRTST DEPTH: M ON M 7 = DUSTSTORM OR SANDSTORM:
VSBY 1/2 MILE OR LESS
8 = SMOKE OR HAZE
[NO. OF DAYS WITH] [WEATHER - DAYS WITH] 9 = BLOWING SNOW
X = TORNADO
MAX 32 OR BELOW: 0 0.01 INCH OR MORE: 3
MAX 90 OR ABOVE: 27 0.10 INCH OR MORE: 1
MIN 32 OR BELOW: 0 0.50 INCH OR MORE: 1
MIN 0 OR BELOW: 0 1.00 INCH OR MORE: 0
[HDD (BASE 65) ]
TOTAL THIS MO. 0 CLEAR (SCALE 0-3) 29
DPTR FM NORMAL M PTCLDY (SCALE 4-7) 1
TOTAL FM JUL 1 2484 CLOUDY (SCALE 8-10) 0
DPTR FM NORMAL M
[CDD (BASE 65) ]
TOTAL THIS MO. 537
DPTR FM NORMAL M [PRESSURE DATA]
TOTAL FM JAN 1 1026 HIGHEST SLP M ON M
DPTR FM NORMAL M LOWEST SLP M ON M
[REMARKS]
#FINAL-06-20#