000
CXUS55 KRIW 011110
CF6BPI
PRELIMINARY LOCAL CLIMATOLOGICAL DATA (WS FORM: F-6)
STATION: BIG PINEY WY
MONTH: NOVEMBER
YEAR: 2023
LATITUDE: 42 34 N
LONGITUDE: 110 6 W
TEMPERATURE IN F: :PCPN: SNOW: WIND :SUNSHINE: SKY :PK WND
================================================================================
1 2 3 4 5 6A 6B 7 8 9 10 11 12 13 14 15 16 17 18
12Z AVG MX 2MIN
DY MAX MIN AVG DEP HDD CDD WTR SNW DPTH SPD SPD DIR MIN PSBL S-S WX SPD DR
================================================================================
1 52 15 34 3 31 0 0.00 M M 4.6 14 350 M M 1 16 350
2 49 18 34 3 31 0 0.00 M M 5.1 20 320 M M 7 25 320
3 51 27 39 9 26 0 0.00 M M 5.5 20 320 M M 8 27 320
4 54 15 35 5 30 0 0.00 M M 3.9 16 260 M M 1 20 270
5 54 26 40 10 25 0 T M M 8.1 29 280 M M 3 40 280
6 52 29 41 12 24 0 0.03 M M 7.5 23 260 M M 5 32 270
7 40 25 33 4 32 0 0.03 M M 5.4 16 340 M M 8 1 23 340
8 40 15 28 0 37 0 0.00 M M 16.0 22 340 M M 0 31 330
9 43 7 25 -3 40 0 0.00 M M 5.5 15 360 M M M 19 360
10 42 5 24 -3 41 0 0.00 M M 3.5 12 320 M M 3 14 350
11 48 7 28 1 37 0 0.00 M M 6.0 22 270 M M 2 31 310
12 49 7 28 2 37 0 0.00 M M 5.3 13 80 M M 0 16 130
13 50 6 28 2 37 0 0.00 M M 3.2 10 100 M M 0 11 100
14 53 7 30 5 35 0 0.00 M M 4.9 20 260 M M 0 28 260
15 53 10 32 7 33 0 0.00 M M 3.5 13 210 M M 1 16 210
16 49 17 33 9 32 0 T M M 6.7 17 300 M M 6 23 300
17 49 12 31 7 34 0 0.00 M M 3.7 13 340 M M 0 14 340
18 46 10 28 5 37 0 0.00 M M 2.7 13 350 M M 2 18 230
19 44 19 32 9 33 0 0.00 M M 6.9 20 350 M M 6 26 360
20 43 14 29 7 36 0 0.00 M M 9.7 22 340 M M 1 31 360
21 43 6 25 3 40 0 0.00 M M 1.8 8 360 M M 0 10 160
22 46 7 27 6 38 0 0.00 M M 4.8 16 360 M M 0 19 10
23 33 22 28 7 37 0 0.22 M M 4.3 13 90 M M 8 128 19 90
24 24 14 19 -1 46 0 T M M 7.2 14 200 M M 10 1 17 200
25 22 -6 8 -12 57 0 T M M 3.4 10 340 M M 4 18 12 190
26 22 -9 7 -12 58 0 0.00 M M 3.6 9 20 M M 0 1 13 30
27 28 -6 11 -8 54 0 0.00 M M 3.3 9 230 M M 1 18 10 230
28 34 -8 13 -5 52 0 0.00 M M 2.9 10 340 M M 0 11 330
29 31 -8 12 -6 53 0 0.00 M M 2.8 9 80 M M 1 10 80
30 28 0 14 -3 51 0 0.00 M M 3.5 10 350 M M 7 12 350
================================================================================
SM 1272 303 1154 0 0.28 M 155.3 M 85
================================================================================
AV 42.4 10.1 5.2 FASTST M M 3 MAX(MPH)
MISC ----> 29 280 40 280
================================================================================
NOTES:
# LAST OF SEVERAL OCCURRENCES
COLUMN 17 PEAK WIND IN M.P.H.
PRELIMINARY LOCAL CLIMATOLOGICAL DATA (WS FORM: F-6) , PAGE 2
STATION: BIG PINEY WY
MONTH: NOVEMBER
YEAR: 2023
LATITUDE: 42 34 N
LONGITUDE: 110 6 W
[TEMPERATURE DATA] [PRECIPITATION DATA] SYMBOLS USED IN COLUMN 16
AVERAGE MONTHLY: 26.3 TOTAL FOR MONTH: 0.28 1 = FOG OR MIST
DPTR FM NORMAL: 1.9 DPTR FM NORMAL: 0.02 2 = FOG REDUCING VISIBILITY
HIGHEST: 54 ON 5, 4 GRTST 24HR 0.22 ON 23-23 TO 1/4 MILE OR LESS
LOWEST: -9 ON 26 3 = THUNDER
SNOW, ICE PELLETS, HAIL 4 = ICE PELLETS
TOTAL MONTH: M 5 = HAIL
GRTST 24HR M ON M 6 = FREEZING RAIN OR DRIZZLE
GRTST DEPTH: M ON M 7 = DUSTSTORM OR SANDSTORM:
VSBY 1/2 MILE OR LESS
8 = SMOKE OR HAZE
[NO. OF DAYS WITH] [WEATHER - DAYS WITH] 9 = BLOWING SNOW
X = TORNADO
MAX 32 OR BELOW: 6 0.01 INCH OR MORE: 3
MAX 90 OR ABOVE: 0 0.10 INCH OR MORE: 1
MIN 32 OR BELOW: 30 0.50 INCH OR MORE: 0
MIN 0 OR BELOW: 6 1.00 INCH OR MORE: 0
[HDD (BASE 65) ]
TOTAL THIS MO. 1154 CLEAR (SCALE 0-3) 18
DPTR FM NORMAL -64 PTCLDY (SCALE 4-7) 7
TOTAL FM JUL 1 2441 CLOUDY (SCALE 8-10) 5
DPTR FM NORMAL -312
[CDD (BASE 65) ]
TOTAL THIS MO. 0
DPTR FM NORMAL 0 [PRESSURE DATA]
TOTAL FM JAN 1 47 HIGHEST SLP 30.77 ON 21
DPTR FM NORMAL 17 LOWEST SLP 29.72 ON 6
[REMARKS]
#FINAL-11-23#