000
CXUS54 KLZK 011510
CF6BPK
PRELIMINARY LOCAL CLIMATOLOGICAL DATA (WS FORM: F-6)
STATION: MOUNTAIN HOME AIRPORT
MONTH: NOVEMBER
YEAR: 2020
LATITUDE: 36 22 N
LONGITUDE: 92 28 W
TEMPERATURE IN F: :PCPN: SNOW: WIND :SUNSHINE: SKY :PK WND
================================================================================
1 2 3 4 5 6A 6B 7 8 9 10 11 12 13 14 15 16 17 18
12Z AVG MX 2MIN
DY MAX MIN AVG DEP HDD CDD WTR SNW DPTH SPD SPD DIR MIN PSBL S-S WX SPD DR
================================================================================
1 60 40 50 -5 15 0 T M M 4.0 13 320 M M 0 22 340
2 62 31 47 -8 18 0 0.00 M M 3.0 10 220 M M 0 14 220
3 77 38 58 4 7 0 0.00 M M 4.1 12 220 M M 0 15 220
4 77 45 61 7 4 0 0.00 M M 5.0 14 220 M M 0 19 210
5 75 50 63 9 2 0 0.00 M M 3.6 9 170 M M 0 13 130
6 74 47 61 8 4 0 0.00 M M 4.3 9 200 M M 0 M M
7 75 47 61 8 4 0 0.00 M M 4.3 12 170 M M 2 18 160
8 74 57 66 14 0 1 0.00 M M 6.6 15 170 M M 5 21 170
9 71 63 67 15 0 2 T M M 6.7 14 170 M M 9 1 22 180
10 77 44 61 9 4 0 T M M 9.6 22 220 M M 9 29 210
11 60 34 47 -4 18 0 0.00 M M 2.6 8 90 M M 0 12 340
12 63 34 49 -2 16 0 0.00 M M 4.9 12 150 M M 3 15 170
13 56 37 47 -3 18 0 0.00 M M 4.9 13 150 M M 1 17 160
14 69 47 58 8 7 0 0.65 M M 10.2 25 250 M M 9 138 46 260
15 57 41 49 -1 16 0 0.02 M M 6.7 17 330 M M 0 33 330
16 70 32 51 2 14 0 0.00 M M 3.0 14 240 M M 0 22 230
17 62 40 51 2 14 0 0.00 M M 3.5 9 160 M M 0 12 160
18 68 38 53 5 12 0 0.00 M M 7.1 10 190 M M 0 18 210
19 73 53 63 15 2 0 0.00 M M 11.7 22 210 M M 0 30 210
20 75 53 64 17 1 0 0.00 M M 6.2 16 220 M M 3 21 220
21 59 53 56 9 9 0 0.36 M M 4.5 12 330 M M 9 1 20 310
22 54 35 45 -1 20 0 0.09 M M 4.2 12 350 M M 8 1 22 360
23 53 35 44 -2 21 0 M M M 3.5 9 150 M M 4 12 M M
24 55 40 48 2 17 0 0.38 M M 7.8 17 210 M M 5 1 22 200
25 53 41 47 2 18 0 0.24 M M 6.6 14 310 M M 9 123 27 300
26 59 31 45 0 20 0 M M M 3.6 8 210 M M 2 12 M M
27 60 40 50 6 15 0 0.00 M M 3.1 9 350 M M 2 16 340
28 54 31 43 -1 22 0 0.00 M M 1.7 9 110 M M 0 15 120
29 48 36 42 -1 23 0 T M M 4.9 20 350 M M 7 33 330
30 41 28 35 -8 30 0 T M M 8.0 16 360 M M 1 29 340
================================================================================
SM 1911 1241 371 3 1.74 M 159.9 M 88
================================================================================
AV 63.7 41.4 5.3 FASTST M M 3 MAX(MPH)
MISC ----> 25 250 46 260
================================================================================
NOTES:
# LAST OF SEVERAL OCCURRENCES
COLUMN 17 PEAK WIND IN M.P.H.
PRELIMINARY LOCAL CLIMATOLOGICAL DATA (WS FORM: F-6) , PAGE 2
STATION: MOUNTAIN HOME AIRPORT
MONTH: NOVEMBER
YEAR: 2020
LATITUDE: 36 22 N
LONGITUDE: 92 28 W
[TEMPERATURE DATA] [PRECIPITATION DATA] SYMBOLS USED IN COLUMN 16
AVERAGE MONTHLY: 52.5 TOTAL FOR MONTH: 1.74 1 = FOG OR MIST
DPTR FM NORMAL: 3.4 DPTR FM NORMAL: -2.18 2 = FOG REDUCING VISIBILITY
HIGHEST: 77 ON 3,10 GRTST 24HR 0.67 ON 14-15 TO 1/4 MILE OR LESS
LOWEST: 28 ON 30 3 = THUNDER
SNOW, ICE PELLETS, HAIL 4 = ICE PELLETS
TOTAL MONTH: M 5 = HAIL
GRTST 24HR M ON M 6 = FREEZING RAIN OR DRIZZLE
GRTST DEPTH: M ON M 7 = DUSTSTORM OR SANDSTORM:
VSBY 1/2 MILE OR LESS
8 = SMOKE OR HAZE
[NO. OF DAYS WITH] [WEATHER - DAYS WITH] 9 = BLOWING SNOW
X = TORNADO
MAX 32 OR BELOW: 0 0.01 INCH OR MORE: 6
MAX 90 OR ABOVE: 0 0.10 INCH OR MORE: 4
MIN 32 OR BELOW: 5 0.50 INCH OR MORE: 1
MIN 0 OR BELOW: 0 1.00 INCH OR MORE: 0
[HDD (BASE 65) ]
TOTAL THIS MO. 371 CLEAR (SCALE 0-3) 20
DPTR FM NORMAL -108 PTCLDY (SCALE 4-7) 5
TOTAL FM JUL 1 657 CLOUDY (SCALE 8-10) 5
DPTR FM NORMAL -57
[CDD (BASE 65) ]
TOTAL THIS MO. 3
DPTR FM NORMAL 0 [PRESSURE DATA]
TOTAL FM JAN 1 1535 HIGHEST SLP 30.57 ON 17
DPTR FM NORMAL -25 LOWEST SLP 29.57 ON 14
[REMARKS]
#FINAL-11-20#