000
CXUS54 KLCH 010830
CF6BPT
PRELIMINARY LOCAL CLIMATOLOGICAL DATA (WS FORM: F-6)
STATION: BEAUMONT PORT ARTHUR
MONTH: OCTOBER
YEAR: 2022
LATITUDE: 29 57 N
LONGITUDE: 94 1 W
TEMPERATURE IN F: :PCPN: SNOW: WIND :SUNSHINE: SKY :PK WND
================================================================================
1 2 3 4 5 6A 6B 7 8 9 10 11 12 13 14 15 16 17 18
12Z AVG MX 2MIN
DY MAX MIN AVG DEP HDD CDD WTR SNW DPTH SPD SPD DIR MIN PSBL S-S WX SPD DR
================================================================================
1 86 55 71 -5 0 6 0.00 0.0 M 5.2 14 10 M M 0 8 20 360
2 86 54 70 -6 0 5 0.00 0.0 M 5.0 13 40 M M 0 22 30
3 88 56 72 -4 0 7 0.00 0.0 M 4.3 13 30 M M 0 8 19 50
4 85 58 72 -4 0 7 0.00 0.0 M 4.0 12 40 M M 0 18 20
5 87 60 74 -1 0 9 0.00 0.0 M 3.9 10 180 M M 0 1 15 170
6 90 59 75 0 0 10 0.00 0.0 M 4.0 13 340 M M 0 128 21 350
7 92 60 76 1 0 11 0.00 0.0 M 3.8 10 350 M M 1 12 14 310
8 90 68 79 5 0 14 0.00 0.0 M 10.6 21 60 M M 0 25 70
9 87 62 75 1 0 10 0.00 0.0 M 6.3 13 50 M M 0 17 80
10 85 61 73 -1 0 8 T 0.0 M 6.7 16 110 M M 0 26 100
11 85 61 73 0 0 8 0.00 0.0 M 6.8 18 130 M M 1 26 110
12 86 70 78 5 0 13 0.25 0.0 M 5.3 16 260 M M 4 123 21 190
13 87 65 76 3 0 11 0.43 0.0 M 6.1 26 20 M M 5 123 35 10
14 86 57 72 0 0 7 0.00 0.0 M 5.4 13 100 M M 0 19 150
15 87 63 75 3 0 10 0.00 0.0 M 6.1 14 170 M M 1 1 18 160
16 90 67 79 7 0 14 0.00 0.0 0 5.1 14 140 M M 2 1 21 130
17 73 58 66 -5 0 1 0.01 0.0 M 10.3 20 360 M M 5 27 10
18 67 45 56 -15 9 0 0.00 0.0 M 11.7 22 350 M M 0 30 330
19 66 38 52 -19 13 0 0.00 0.0 M 4.8 13 60 M M 0 22 20
20 81 40 61 -9 4 0 0.00 0.0 M 5.8 18 170 M M 0 26 180
21 84 53 69 -1 0 4 0.00 0.0 M 8.1 18 200 M M 1 1 32 240
22 84 59 72 2 0 7 0.00 0.0 M 11.5 23 160 M M 2 33 140
23 85 64 75 6 0 10 0.00 0.0 M 11.9 22 130 M M 5 30 140
24 86 71 79 10 0 14 0.00 0.0 M 14.3 29 160 M M 5 8 38 170
25 77 48 63 -5 2 0 0.14 M M 9.0 28 310 M M 2 1 44 290
26 77 45 61 -7 4 0 0.00 0.0 M 4.2 13 70 M M 0 19 70
27 77 47 62 -6 3 0 0.00 0.0 M 6.1 13 110 M M 0 18 110
28 74 62 68 1 0 3 3.93 0.0 M 14.6 31 360 M M 9 13 45 50
29 68 57 63 -4 2 0 0.15 0.0 M 7.9 16 270 M M 9 1 25 280
30 76 55 66 -1 0 1 0.00 0.0 M 6.1 14 270 M M 3 1 19 310
31 80 52 66 0 0 1 0.00 0.0 M 1.9 12 170 M M 2 12 15 160
================================================================================
SM 2552 1770 37 191 4.91 0.0 216.8 M 57
================================================================================
AV 82.3 57.1 7.0 FASTST M M 2 MAX(MPH)
MISC ----> 31 360 45 50
================================================================================
NOTES:
# LAST OF SEVERAL OCCURRENCES
COLUMN 17 PEAK WIND IN M.P.H.
PRELIMINARY LOCAL CLIMATOLOGICAL DATA (WS FORM: F-6) , PAGE 2
STATION: BEAUMONT PORT ARTHUR
MONTH: OCTOBER
YEAR: 2022
LATITUDE: 29 57 N
LONGITUDE: 94 1 W
[TEMPERATURE DATA] [PRECIPITATION DATA] SYMBOLS USED IN COLUMN 16
AVERAGE MONTHLY: 69.7 TOTAL FOR MONTH: 4.91 1 = FOG OR MIST
DPTR FM NORMAL: -1.9 DPTR FM NORMAL: -0.56 2 = FOG REDUCING VISIBILITY
HIGHEST: 92 ON 7 GRTST 24HR 4.05 ON 28-29 TO 1/4 MILE OR LESS
LOWEST: 38 ON 19 3 = THUNDER
SNOW, ICE PELLETS, HAIL 4 = ICE PELLETS
TOTAL MONTH: 0.0 INCH 5 = HAIL
GRTST 24HR 0.0 6 = FREEZING RAIN OR DRIZZLE
GRTST DEPTH: 0 7 = DUSTSTORM OR SANDSTORM:
VSBY 1/2 MILE OR LESS
8 = SMOKE OR HAZE
[NO. OF DAYS WITH] [WEATHER - DAYS WITH] 9 = BLOWING SNOW
X = TORNADO
MAX 32 OR BELOW: 0 0.01 INCH OR MORE: 6
MAX 90 OR ABOVE: 4 0.10 INCH OR MORE: 5
MIN 32 OR BELOW: 0 0.50 INCH OR MORE: 1
MIN 0 OR BELOW: 0 1.00 INCH OR MORE: 1
[HDD (BASE 65) ]
TOTAL THIS MO. 37 CLEAR (SCALE 0-3) 24
DPTR FM NORMAL 11 PTCLDY (SCALE 4-7) 5
TOTAL FM JUL 1 37 CLOUDY (SCALE 8-10) 2
DPTR FM NORMAL 14
[CDD (BASE 65) ]
TOTAL THIS MO. 191
DPTR FM NORMAL -40 [PRESSURE DATA]
TOTAL FM JAN 1 3149 HIGHEST SLP 30.36 ON 19
DPTR FM NORMAL 165 LOWEST SLP 29.75 ON 25
[REMARKS]
#FINAL-10-22#