000
CXUS55 KDVN 011100
CF6BRL
PRELIMINARY LOCAL CLIMATOLOGICAL DATA (WS FORM: F-6)
STATION: BURLINGTON IA
MONTH: FEBRUARY
YEAR: 2023
LATITUDE: 40 46 N
LONGITUDE: 91 7 W
TEMPERATURE IN F: :PCPN: SNOW: WIND :SUNSHINE: SKY :PK WND
================================================================================
1 2 3 4 5 6A 6B 7 8 9 10 11 12 13 14 15 16 17 18
12Z AVG MX 2MIN
DY MAX MIN AVG DEP HDD CDD WTR SNW DPTH SPD SPD DIR MIN PSBL S-S WX SPD DR
================================================================================
1 33 8 21 -4 44 0 0.00 M M 9.9 18 210 M M 0 8 24 180
2 38 6 22 -3 43 0 0.00 M M 12.3 22 330 M M 0 8 32 330
3 16 -1 8 -17 57 0 0.00 M M 7.0 18 340 M M 4 28 330
4 53 15 34 8 31 0 0.00 M M 14.3 28 220 M M 0 37 210
5 48 28 38 12 27 0 0.00 M M 8.8 17 320 M M 0 27 320
6 55 26 41 15 24 0 0.00 M M 12.9 25 140 M M 2 37 150
7 53 27 40 14 25 0 0.00 M M 8.9 28 260 M M 4 41 250
8 45 21 33 7 32 0 0.03 M M 4.8 14 60 M M 4 1 20 80
9 39 33 36 9 29 0 1.15 M M 15.0 28 10 M M 10 1 38 20
10 35 21 28 1 37 0 0.00 M M 7.8 21 310 M M 1 30 310
11 46 20 33 6 32 0 0.00 M M 6.2 14 200 M M 0 18 190
12 54 26 40 12 25 0 0.00 M M 7.5 16 190 M M 0 19 210
13 54 29 42 14 23 0 0.00 M M 5.7 12 170 M M 0 14 170
14 54 37 46 18 19 0 0.11 M M 13.2 25 170 M M 5 1 40 170
15 47 30 39 10 26 0 0.00 M M 12.5 31 240 M M 10 46 250
16 32 17 25 -4 40 0 0.05 M M 13.7 22 340 M M 9 16 33 330
17 29 9 19 -10 46 0 0.00 M M 8.9 16 320 M M 0 22 320
18 50 29 40 10 25 0 0.00 M M 13.4 21 190 M M 0 30 190
19 53 33 43 13 22 0 0.00 M M 10.8 20 230 M M 2 28 220
20 53 23 38 7 27 0 0.00 M M 6.9 21 310 M M 0 1 30 330
21 42 25 34 3 31 0 0.00 M M 9.2 20 320 M M 2 32 320
22 46 34 40 9 25 0 0.61 M M 11.3 21 60 M M 10 12 28 60
23 41 17 29 -3 36 0 T M M 12.7 22 280 M M 9 1 33 270
24 29 12 21 -11 44 0 T M M 8.7 16 30 M M 9 18 25 330
25 42 26 34 1 31 0 0.00 M M 6.2 14 220 M M 4 1 19 220
26 54 28 41 8 24 0 T M M 8.2 17 120 M M 3 1 25 120
27 55 40 48 14 17 0 0.41 M M 14.6 29 210 M M 10 138 41 280
28 50 35 43 9 22 0 0.00 M M 9.3 18 110 M M 6 8 28 340
================================================================================
SM 1246 654 864 0 2.36 M 280.7 M 104
================================================================================
AV 44.5 23.4 10.0 FASTST M M 4 MAX(MPH)
MISC ----> 31 240 46 250
================================================================================
NOTES:
# LAST OF SEVERAL OCCURRENCES
COLUMN 17 PEAK WIND IN M.P.H.
PRELIMINARY LOCAL CLIMATOLOGICAL DATA (WS FORM: F-6) , PAGE 2
STATION: BURLINGTON IA
MONTH: FEBRUARY
YEAR: 2023
LATITUDE: 40 46 N
LONGITUDE: 91 7 W
[TEMPERATURE DATA] [PRECIPITATION DATA] SYMBOLS USED IN COLUMN 16
AVERAGE MONTHLY: 33.9 TOTAL FOR MONTH: 2.36 1 = FOG OR MIST
DPTR FM NORMAL: 5.1 DPTR FM NORMAL: 0.67 2 = FOG REDUCING VISIBILITY
HIGHEST: 55 ON 27, 6 GRTST 24HR 1.18 ON 8- 9 TO 1/4 MILE OR LESS
LOWEST: -1 ON 3 3 = THUNDER
SNOW, ICE PELLETS, HAIL 4 = ICE PELLETS
TOTAL MONTH: M 5 = HAIL
GRTST 24HR M ON M 6 = FREEZING RAIN OR DRIZZLE
GRTST DEPTH: M ON M 7 = DUSTSTORM OR SANDSTORM:
VSBY 1/2 MILE OR LESS
8 = SMOKE OR HAZE
[NO. OF DAYS WITH] [WEATHER - DAYS WITH] 9 = BLOWING SNOW
X = TORNADO
MAX 32 OR BELOW: 4 0.01 INCH OR MORE: 6
MAX 90 OR ABOVE: 0 0.10 INCH OR MORE: 4
MIN 32 OR BELOW: 22 0.50 INCH OR MORE: 2
MIN 0 OR BELOW: 1 1.00 INCH OR MORE: 1
[HDD (BASE 65) ]
TOTAL THIS MO. 864 CLEAR (SCALE 0-3) 15
DPTR FM NORMAL -148 PTCLDY (SCALE 4-7) 6
TOTAL FM JUL 1 4261 CLOUDY (SCALE 8-10) 7
DPTR FM NORMAL -256
[CDD (BASE 65) ]
TOTAL THIS MO. 0
DPTR FM NORMAL 0 [PRESSURE DATA]
TOTAL FM JAN 1 0 HIGHEST SLP 30.74 ON 3
DPTR FM NORMAL 0 LOWEST SLP 29.04 ON 27
[REMARKS]
#FINAL-02-23#