000
CXAK56 PAFG 011042
CF6BRW
PRELIMINARY LOCAL CLIMATOLOGICAL DATA (WS FORM: F-6)
STATION: UTQIAGVIK (BARROW) AK
MONTH: JUNE
YEAR: 2020
LATITUDE: 71 17 N
LONGITUDE: 156 47 W
TEMPERATURE IN F: :PCPN: SNOW: WIND :SUNSHINE: SKY :PK WND
================================================================================
1 2 3 4 5 6A 6B 7 8 9 10 11 12 13 14 15 16 17 18
12Z AVG MX 2MIN
DY MAX MIN AVG DEP HDD CDD WTR SNW DPTH SPD SPD DIR MIN PSBL S-S WX SPD DR
================================================================================
1 37 30 34 4 31 0 0.00 M M 22.1 29 80 M M 5 1 37 80
2 34 29 32 2 33 0 0.00 M M 20.8 25 70 M M 10 12 28 60
3 38 29 34 3 31 0 0.00 M M 19.1 25 90 M M 2 1 30 90
4 39 32 36 5 29 0 0.00 M M 16.3 21 70 M M 0 25 70
5 33 29 31 -1 34 0 T M M 17.3 21 110 M M 8 18 26 100
6 33 30 32 0 33 0 T M M 15.0 21 90 M M 10 128 25 100
7 35 29 32 -1 33 0 T M M 12.6 18 90 M M 10 128 22 90
8 34 28 31 -2 34 0 T M M 6.0 13 330 M M 9 128 16 330
9 33 28 31 -3 34 0 T M M 6.7 12 60 M M 10 128 14 360
10 34 28 31 -3 34 0 0.00 M M 8.7 13 80 M M 10 12 15 70
11 42 29 36 2 29 0 0.00 M M 8.8 13 40 M M 3 1 15 30
12 43 34 39 4 26 0 0.00 M M 6.2 13 40 M M 4 14 40
13 49 34 42 7 23 0 0.02 M M 5.4 10 300 M M 5 1 12 280
14 50 35 43 7 22 0 0.00 M M 8.5 14 60 M M 0 16 50
15 45 31 38 2 27 0 0.00 M M 11.7 17 80 M M 2 18 21 70
16 41 31 36 0 29 0 0.00 M M 15.7 21 50 M M 3 1 25 50
17 44 36 40 3 25 0 0.00 M M 12.3 17 50 M M 2 22 50
18 54 36 45 8 20 0 0.00 M M 8.1 14 360 M M 1 17 350
19 43 33 38 1 27 0 0.00 M M 9.8 16 30 M M 7 128 19 50
20 39 32 36 -2 29 0 T M M 9.9 15 50 M M 9 128 19 50
21 49 34 42 4 23 0 T M M 13.0 21 220 M M 10 12 27 220
22 37 32 35 -3 30 0 0.11 M M 14.1 23 310 M M 9 128 27 300
23 38 31 35 -4 30 0 T M M 6.1 14 280 M M 9 128 16 280
24 36 29 33 -6 32 0 0.00 M M 7.6 16 40 M M 9 12 19 40
25 47 34 41 2 24 0 0.01 M M 12.7 20 120 M M 10 12 23 120
26 45 34 40 1 25 0 0.05 M M 9.0 18 90 M M 8 128 22 90
27 63 34 49 10 16 0 T M M 11.6 21 200 M M 4 12 25 200
28 53 38 46 6 19 0 0.00 M M 12.5 22 90 M M 1 26 90
29 45 36 41 1 24 0 0.00 M M 14.4 18 60 M M 3 21 90
30 40 35 38 -2 27 0 T M M 7.5 14 250 M M 10 128 17 250
================================================================================
SM 1253 960 833 0 0.19 M 349.5 M 183
================================================================================
AV 41.8 32.0 11.7 FASTST M M 6 MAX(MPH)
MISC ----> # 29 80 # 37 80
================================================================================
NOTES:
# LAST OF SEVERAL OCCURRENCES
COLUMN 17 PEAK WIND IN M.P.H.
PRELIMINARY LOCAL CLIMATOLOGICAL DATA (WS FORM: F-6) , PAGE 2
STATION: UTQIAGVIK (BARROW) AK
MONTH: JUNE
YEAR: 2020
LATITUDE: 71 17 N
LONGITUDE: 156 47 W
[TEMPERATURE DATA] [PRECIPITATION DATA] SYMBOLS USED IN COLUMN 16
AVERAGE MONTHLY: 36.9 TOTAL FOR MONTH: 0.19 1 = FOG OR MIST
DPTR FM NORMAL: 1.3 DPTR FM NORMAL: -0.13 2 = FOG REDUCING VISIBILITY
HIGHEST: 63 ON 27 GRTST 24HR 0.11 ON 22-22 TO 1/4 MILE OR LESS
LOWEST: 28 ON 10, 9 3 = THUNDER
SNOW, ICE PELLETS, HAIL 4 = ICE PELLETS
TOTAL MONTH: M 5 = HAIL
GRTST 24HR M ON M 6 = FREEZING RAIN OR DRIZZLE
GRTST DEPTH: M ON M 7 = DUSTSTORM OR SANDSTORM:
VSBY 1/2 MILE OR LESS
8 = SMOKE OR HAZE
[NO. OF DAYS WITH] [WEATHER - DAYS WITH] 9 = BLOWING SNOW
X = TORNADO
MAX 32 OR BELOW: 0 0.01 INCH OR MORE: 4
MAX 90 OR ABOVE: 0 0.10 INCH OR MORE: 1
MIN 32 OR BELOW: 17 0.50 INCH OR MORE: 0
MIN 0 OR BELOW: 0 1.00 INCH OR MORE: 0
[HDD (BASE 65) ]
TOTAL THIS MO. 833 CLEAR (SCALE 0-3) 10
DPTR FM NORMAL -48 PTCLDY (SCALE 4-7) 6
TOTAL FM JUL 1 17559 CLOUDY (SCALE 8-10) 14
DPTR FM NORMAL -1841
[CDD (BASE 65) ]
TOTAL THIS MO. 0
DPTR FM NORMAL 0 [PRESSURE DATA]
TOTAL FM JAN 1 0 HIGHEST SLP M ON M
DPTR FM NORMAL 0 LOWEST SLP 29.51 ON 22
[REMARKS]
#FINAL-06-20#