000
CXUS53 KGRR 010910
CF6BTL
PRELIMINARY LOCAL CLIMATOLOGICAL DATA (WS FORM: F-6)
STATION: BATTLE CREEK
MONTH: APRIL
YEAR: 2021
LATITUDE: 42 17 N
LONGITUDE: 85 14 W
TEMPERATURE IN F: :PCPN: SNOW: WIND :SUNSHINE: SKY :PK WND
================================================================================
1 2 3 4 5 6A 6B 7 8 9 10 11 12 13 14 15 16 17 18
12Z AVG MX 2MIN
DY MAX MIN AVG DEP HDD CDD WTR SNW DPTH SPD SPD DIR MIN PSBL S-S WX SPD DR
================================================================================
1 40 24 32 -10 33 0 T M M 11.7 21 330 M M 4 29 330
2 47 18 33 -10 32 0 0.00 M M 4.5 13 230 M M 0 18 240
3 66 32 49 6 16 0 0.00 M M 12.4 26 210 M M 2 33 200
4 71 34 53 9 12 0 0.00 M M 3.4 10 140 M M 0 16 150
5 65 52 59 15 6 0 0.04 M M 8.1 26 210 M M 3 32 210
6 80 48 64 20 1 0 0.00 M M 7.9 21 230 M M 1 28 220
7 80 55 68 23 0 3 T M M 10.9 25 200 M M 4 33 200
8 74 51 63 18 2 0 0.23 M M 12.1 33 160 M M 7 13 48 170
9 70 51 61 15 4 0 T M M 11.6 25 220 M M 7 34 240
10 74 44 59 13 6 0 0.51 M M 7.9 18 230 M M 6 13 27 130
11 60 47 54 8 11 0 T M M 7.2 17 190 M M 7 22 200
12 64 42 53 6 12 0 0.00 M M 9.8 24 260 M M 4 32 260
13 60 36 48 1 17 0 0.00 M M 10.2 26 250 M M 1 38 270
14 51 33 42 -6 23 0 0.00 M M 11.0 22 260 M M 4 30 270
15 45 32 39 -9 26 0 T M M 11.5 21 310 M M 9 29 290
16 55 36 46 -2 19 0 0.00 M M 9.5 17 330 M M 6 25 340
17 60 30 45 -4 20 0 0.00 M M 3.1 16 330 M M 3 1 21 320
18 61 32 47 -2 18 0 0.00 M M 5.3 16 270 M M 4 21 290
19 58 37 48 -2 17 0 0.08 M M 12.8 28 250 M M 7 1 38 250
20 38 32 35 -15 30 0 0.01 M M 5.0 9 300 M M 9 18 13 270
21 43 26 35 -15 30 0 T M M 8.5 20 300 M M 5 27 310
22 49 25 37 -14 28 0 0.00 M M 7.9 22 270 M M 4 30 260
23 62 33 48 -3 17 0 0.00 M M 8.7 22 210 M M 2 30 240
24 53 41 47 -4 18 0 0.06 M M 4.6 10 160 M M 8 1 13 150
25 52 36 44 -8 21 0 0.00 M M 10.8 21 310 M M 5 18 27 310
26 66 39 53 1 12 0 0.00 M M 11.2 24 150 M M 4 32 170
27 82 49 66 14 0 1 0.00 M M 10.8 21 210 M M 4 29 210
28 71 52 62 9 3 0 0.06 M M 8.8 18 250 M M 6 18 25 240
29 57 47 52 -1 13 0 0.10 M M 8.9 17 290 M M 7 1 24 300
30 56 33 45 -8 20 0 0.00 M M 12.0 23 300 M M 2 34 290
================================================================================
SM 1810 1147 467 4 1.09 M 268.1 M 135
================================================================================
AV 60.3 38.2 8.9 FASTST M M 5 MAX(MPH)
MISC ----> 33 160 48 170
================================================================================
NOTES:
# LAST OF SEVERAL OCCURRENCES
COLUMN 17 PEAK WIND IN M.P.H.
PRELIMINARY LOCAL CLIMATOLOGICAL DATA (WS FORM: F-6) , PAGE 2
STATION: BATTLE CREEK
MONTH: APRIL
YEAR: 2021
LATITUDE: 42 17 N
LONGITUDE: 85 14 W
[TEMPERATURE DATA] [PRECIPITATION DATA] SYMBOLS USED IN COLUMN 16
AVERAGE MONTHLY: 49.3 TOTAL FOR MONTH: 1.09 1 = FOG OR MIST
DPTR FM NORMAL: 1.2 DPTR FM NORMAL: -1.71 2 = FOG REDUCING VISIBILITY
HIGHEST: 82 ON 27 GRTST 24HR 0.51 ON 10-10 TO 1/4 MILE OR LESS
LOWEST: 18 ON 2 3 = THUNDER
SNOW, ICE PELLETS, HAIL 4 = ICE PELLETS
TOTAL MONTH: M 5 = HAIL
GRTST 24HR M ON M 6 = FREEZING RAIN OR DRIZZLE
GRTST DEPTH: M ON M 7 = DUSTSTORM OR SANDSTORM:
VSBY 1/2 MILE OR LESS
8 = SMOKE OR HAZE
[NO. OF DAYS WITH] [WEATHER - DAYS WITH] 9 = BLOWING SNOW
X = TORNADO
MAX 32 OR BELOW: 0 0.01 INCH OR MORE: 8
MAX 90 OR ABOVE: 0 0.10 INCH OR MORE: 3
MIN 32 OR BELOW: 9 0.50 INCH OR MORE: 1
MIN 0 OR BELOW: 0 1.00 INCH OR MORE: 0
[HDD (BASE 65) ]
TOTAL THIS MO. 467 CLEAR (SCALE 0-3) 8
DPTR FM NORMAL -47 PTCLDY (SCALE 4-7) 19
TOTAL FM JUL 1 5731 CLOUDY (SCALE 8-10) 3
DPTR FM NORMAL -657
[CDD (BASE 65) ]
TOTAL THIS MO. 4
DPTR FM NORMAL -3 [PRESSURE DATA]
TOTAL FM JAN 1 4 HIGHEST SLP 30.59 ON 2
DPTR FM NORMAL -3 LOWEST SLP 29.34 ON 11
[REMARKS]
#FINAL-04-21#