000
CXUS53 KGRR 180910
CF6BTL
PRELIMINARY LOCAL CLIMATOLOGICAL DATA (WS FORM: F-6)
STATION: BATTLE CREEK
MONTH: APRIL
YEAR: 2024
LATITUDE: 42 17 N
LONGITUDE: 85 14 W
TEMPERATURE IN F: :PCPN: SNOW: WIND :SUNSHINE: SKY :PK WND
================================================================================
1 2 3 4 5 6A 6B 7 8 9 10 11 12 13 14 15 16 17 18
12Z AVG MX 2MIN
DY MAX MIN AVG DEP HDD CDD WTR SNW DPTH SPD SPD DIR MIN PSBL S-S WX SPD DR
================================================================================
1 58 40 49 7 16 0 0.83 M M 9.3 18 100 M M 7 138 25 90
2 51 40 46 3 19 0 0.24 M M 12.0 26 240 M M 10 1 34 230
3 44 35 40 -3 25 0 0.14 M M 11.7 25 230 M M 10 1 34 200
4 46 36 41 -3 24 0 0.07 M M 7.7 15 10 M M 10 1 21 20
5 50 34 42 -2 23 0 T M M 9.2 18 10 M M 7 25 340
6 59 28 44 0 21 0 0.00 M M 4.7 15 30 M M 0 20 330
7 59 33 46 1 19 0 0.03 M M 9.4 21 130 M M 3 32 110
8 74 43 59 14 6 0 T M M 11.4 26 230 M M 2 36 240
9 71 44 58 13 7 0 0.00 M M 11.7 22 260 M M 0 31 250
10 67 38 53 7 12 0 0.00 M M 3.9 13 120 M M 0 19 130
11 56 46 51 5 14 0 0.86 M M 11.4 21 330 M M 10 1 28 350
12 57 45 51 4 14 0 0.22 M M 17.3 40 330 M M 8 1 60 330
13 61 39 50 3 15 0 0.00 M M 11.9 23 280 M M 0 34 310
14 77 53 65 18 0 0 0.00 M M 12.1 24 260 M M 0 32 260
15 75 49 62 14 3 0 0.00 M M 6.1 20 320 M M 1 26 310
16 75 47 61 13 4 0 T M M 11.8 23 110 M M 1 33 110
17 73 54 64 16 1 0 0.66 M M 14.4 26 250 M M 9 13 37 250
================================================================================
SM 1053 704 223 0 3.05 M 176.0 M 78
================================================================================
AV 61.9 41.4 10.4 FASTST M M 5 MAX(MPH)
MISC ----> 40 330 60 330
================================================================================
NOTES:
# LAST OF SEVERAL OCCURRENCES
COLUMN 17 PEAK WIND IN M.P.H.
PRELIMINARY LOCAL CLIMATOLOGICAL DATA (WS FORM: F-6) , PAGE 2
STATION: BATTLE CREEK
MONTH: APRIL
YEAR: 2024
LATITUDE: 42 17 N
LONGITUDE: 85 14 W
[TEMPERATURE DATA] [PRECIPITATION DATA] SYMBOLS USED IN COLUMN 16
AVERAGE MONTHLY: 51.7 TOTAL FOR MONTH: 3.05 1 = FOG OR MIST
DPTR FM NORMAL: 6.3 DPTR FM NORMAL: 1.50 2 = FOG REDUCING VISIBILITY
HIGHEST: 77 ON 14 GRTST 24HR 0.93 ON 1- 2 TO 1/4 MILE OR LESS
LOWEST: 28 ON 6 3 = THUNDER
SNOW, ICE PELLETS, HAIL 4 = ICE PELLETS
TOTAL MONTH: M 5 = HAIL
GRTST 24HR M ON M 6 = FREEZING RAIN OR DRIZZLE
GRTST DEPTH: M ON M 7 = DUSTSTORM OR SANDSTORM:
VSBY 1/2 MILE OR LESS
8 = SMOKE OR HAZE
[NO. OF DAYS WITH] [WEATHER - DAYS WITH] 9 = BLOWING SNOW
X = TORNADO
MAX 32 OR BELOW: 0 0.01 INCH OR MORE: 8
MAX 90 OR ABOVE: 0 0.10 INCH OR MORE: 6
MIN 32 OR BELOW: 1 0.50 INCH OR MORE: 3
MIN 0 OR BELOW: 0 1.00 INCH OR MORE: 0
[HDD (BASE 65) ]
TOTAL THIS MO. 223 CLEAR (SCALE 0-3) 8
DPTR FM NORMAL -111 PTCLDY (SCALE 4-7) 4
TOTAL FM JUL 1 4823 CLOUDY (SCALE 8-10) 5
DPTR FM NORMAL -1150
[CDD (BASE 65) ]
TOTAL THIS MO. 0
DPTR FM NORMAL 0 [PRESSURE DATA]
TOTAL FM JAN 1 0 HIGHEST SLP M ON M
DPTR FM NORMAL -1 LOWEST SLP 29.23 ON 2
[REMARKS]