000
CXUS55 KMSO 011000
CF6BTM
PRELIMINARY LOCAL CLIMATOLOGICAL DATA (WS FORM: F-6)
STATION: BUTTE MT
MONTH: FEBRUARY
YEAR: 2024
LATITUDE: 45 57 N
LONGITUDE: 112 30 W
TEMPERATURE IN F: :PCPN: SNOW: WIND :SUNSHINE: SKY :PK WND
================================================================================
1 2 3 4 5 6A 6B 7 8 9 10 11 12 13 14 15 16 17 18
12Z AVG MX 2MIN
DY MAX MIN AVG DEP HDD CDD WTR SNW DPTH SPD SPD DIR MIN PSBL S-S WX SPD DR
================================================================================
1 50 20 35 15 30 0 0.00 M M 6.8 22 200 M M 3 28 190
2 49 32 41 21 24 0 0.42 M M 3.6 15 290 M M 8 1 20 290
3 33 30 32 11 33 0 0.16 M M 6.3 10 290 M M 10 1 14 290
4 31 14 23 2 42 0 0.10 M M 4.1 14 170 M M 8 18 17 150
5 39 14 27 6 38 0 T M M 3.8 16 190 M M 3 1 22 190
6 36 15 26 5 39 0 0.01 M M 1.4 8 120 M M 8 1 9 160
7 33 26 30 9 35 0 0.27 M M 4.0 12 280 M M 10 1 16 300
8 30 11 21 0 44 0 0.01 M M 2.3 9 310 M M 9 128 12 310
9 27 13 20 -1 45 0 0.03 M M 2.2 8 150 M M 9 12 9 150
10 30 16 23 2 42 0 0.01 M M 3.3 9 310 M M 5 18 11 310
11 30 8 19 -2 46 0 0.01 M M 2.7 9 330 M M 8 1 11 340
12 36 15 26 5 39 0 T M M 4.1 10 330 M M 9 1 14 310
13 39 14 27 6 38 0 T M M 2.3 12 320 M M 8 1 16 250
14 23 13 18 -4 47 0 0.02 M M 2.9 12 150 M M 9 18 14 150
15 21 11 16 -6 49 0 0.02 M M 6.1 18 150 M M 9 18 24 170
16 13 7 10 -12 55 0 0.01 M M 4.6 8 320 M M 10 18 M M
17 20 -19 1 -21 64 0 0.00 M M 2.7 8 150 M M 0 10 150
18 35 -2 17 -5 48 0 T M M 3.3 12 20 M M 7 14 20
19 36 11 24 1 41 0 0.00 M M 2.3 10 150 M M 4 12 150
20 41 17 29 6 36 0 0.00 M M 4.1 17 170 M M 7 23 120
21 42 11 27 4 38 0 0.00 M M 2.9 8 310 M M 3 1 M M
22 40 10 25 1 40 0 0.00 M M 3.9 14 290 M M 7 20 280
23 43 13 28 4 37 0 0.00 M M 3.2 13 260 M M 0 16 270
24 45 31 38 14 27 0 0.00 M M 13.7 25 270 M M 5 38 280
25 46 39 43 19 22 0 T M M 11.6 26 210 M M 8 37 220
26 43 5 24 -1 41 0 0.10 M M 10.2 25 190 M M 8 12 36 190
27 23 4 14 -11 51 0 0.02 M M 6.0 22 310 M M 6 1 35 280
28 41 18 30 4 35 0 0.00 M M 7.3 17 180 M M 6 25 210
29 43 30 37 11 28 0 0.14 M M 16.4 36 170 M M 3 1 46 200
================================================================================
SM 1018 427 1154 0 1.33 M 148.1 M 190
================================================================================
AV 35.1 14.7 5.1 FASTST M M 7 MAX(MPH)
MISC ----> 36 170 46 200
================================================================================
NOTES:
# LAST OF SEVERAL OCCURRENCES
COLUMN 17 PEAK WIND IN M.P.H.
PRELIMINARY LOCAL CLIMATOLOGICAL DATA (WS FORM: F-6) , PAGE 2
STATION: BUTTE MT
MONTH: FEBRUARY
YEAR: 2024
LATITUDE: 45 57 N
LONGITUDE: 112 30 W
[TEMPERATURE DATA] [PRECIPITATION DATA] SYMBOLS USED IN COLUMN 16
AVERAGE MONTHLY: 24.9 TOTAL FOR MONTH: 1.33 1 = FOG OR MIST
DPTR FM NORMAL: 2.7 DPTR FM NORMAL: 0.90 2 = FOG REDUCING VISIBILITY
HIGHEST: 50 ON 1 GRTST 24HR 0.52 ON 2- 3 TO 1/4 MILE OR LESS
LOWEST: -19 ON 17 3 = THUNDER
SNOW, ICE PELLETS, HAIL 4 = ICE PELLETS
TOTAL MONTH: M 5 = HAIL
GRTST 24HR M ON M 6 = FREEZING RAIN OR DRIZZLE
GRTST DEPTH: M ON M 7 = DUSTSTORM OR SANDSTORM:
VSBY 1/2 MILE OR LESS
8 = SMOKE OR HAZE
[NO. OF DAYS WITH] [WEATHER - DAYS WITH] 9 = BLOWING SNOW
X = TORNADO
MAX 32 OR BELOW: 10 0.01 INCH OR MORE: 15
MAX 90 OR ABOVE: 0 0.10 INCH OR MORE: 6
MIN 32 OR BELOW: 28 0.50 INCH OR MORE: 0
MIN 0 OR BELOW: 2 1.00 INCH OR MORE: 0
[HDD (BASE 65) ]
TOTAL THIS MO. 1154 CLEAR (SCALE 0-3) 5
DPTR FM NORMAL -44 PTCLDY (SCALE 4-7) 13
TOTAL FM JUL 1 6010 CLOUDY (SCALE 8-10) 11
DPTR FM NORMAL -541
[CDD (BASE 65) ]
TOTAL THIS MO. 0
DPTR FM NORMAL 0 [PRESSURE DATA]
TOTAL FM JAN 1 0 HIGHEST SLP 30.76 ON 17
DPTR FM NORMAL 0 LOWEST SLP 29.35 ON 26
[REMARKS]
#FINAL-02-24#