000
CXUS55 KMSO 052308
CF6BTM
PRELIMINARY LOCAL CLIMATOLOGICAL DATA (WS FORM: F-6)
STATION: BUTTE MT
MONTH: JANUARY
YEAR: 2024
LATITUDE: 45 57 N
LONGITUDE: 112 30 W
TEMPERATURE IN F: :PCPN: SNOW: WIND :SUNSHINE: SKY :PK WND
================================================================================
1 2 3 4 5 6A 6B 7 8 9 10 11 12 13 14 15 16 17 18
12Z AVG MX 2MIN
DY MAX MIN AVG DEP HDD CDD WTR SNW DPTH SPD SPD DIR MIN PSBL S-S WX SPD DR
================================================================================
1 37 3 20 1 45 0 0.00 M M 1.4 8 190 M M 0 9 180
2 34 -3 16 -3 49 0 0.00 M M 2.1 7 150 M M 0 8 170
3 30 2 16 -3 49 0 0.00 M M 1.8 8 110 M M 4 18 9 120
4 32 13 23 4 42 0 0.00 M M 2.6 12 310 M M 9 15 320
5 34 15 25 6 40 0 T M M 6.1 24 290 M M 6 1 32 280
6 31 10 21 2 44 0 0.00 M M 4.2 16 170 M M 7 22 180
7 25 5 15 -5 50 0 0.03 M M 3.5 12 300 M M 8 18 15 300
8 24 -2 11 -9 54 0 0.00 M M 4.2 18 280 M M 5 25 280
9 33 19 26 6 39 0 0.04 M M 6.3 17 280 M M 7 12 27 280
10 26 9 18 -2 47 0 0.02 M M 5.3 16 270 M M 7 18 25 280
11 26 -13 7 -13 58 0 T M M 7.6 25 260 M M 9 18 40 250
12 -13 -38 -25 -45 90 0 0.02 M M 5.1 17 320 M M 8 18 23 310
13 -11 -45 -28 -48 93 0 0.00 M M 1.6 6 120 M M 3 128 10 30
14 3 -27 -12 -32 77 0 T M M 4.0 10 300 M M 6 18 14 300
15 -1 -33 -17 -37 82 0 T M M 1.9 13 300 M M 3 128 17 300
16 14 -14 0 -20 65 0 0.00 M M 1.2 6 180 M M 2 8 9 200
17 37 2 20 0 45 0 T M M 4.4 18 180 M M 9 1 24 240
18 31 2 17 -3 48 0 0.04 M M 9.1 21 310 M M 7 18 28 310
19 29 2 16 -4 49 0 T M M 0.7 7 150 M M 8 8 7 130
20 45 19 32 12 33 0 T M M 2.6 13 190 M M 9 16 200
21 41 18 30 10 35 0 0.00 M M 2.7 16 180 M M 8 20 190
22 40 18 29 9 36 0 0.00 M M 1.9 8 100 M M 8 13 220
23 45 22 34 14 31 0 T M M 1.6 7 140 M M 8 8 9 200
24 41 15 28 8 37 0 0.00 M M 1.9 8 190 M M 5 11 210
25 39 15 27 7 38 0 0.00 M M 2.9 14 300 M M 4 19 300
26 38 11 25 5 40 0 0.00 M M 1.8 8 110 M M 4 10 60
27 44 10 27 7 38 0 0.00 M M 1.3 8 340 M M 8 10 220
28 50 27 39 19 26 0 0.00 M M 3.5 10 220 M M 8 17 260
29 54 25 40 20 25 0 0.00 M M 2.3 7 150 M M 1 8 170
30 55 20 38 18 27 0 0.00 M M 1.4 9 110 M M 0 10 120
31 53 20 37 17 28 0 0.00 M M 3.8 18 210 M M 0 1 25 210
================================================================================
SM 966 127 1460 0 0.15 M 100.8 M 171
================================================================================
AV 31.2 4.1 3.3 FASTST M M 6 MAX(MPH)
MISC ----> 25 260 40 250
================================================================================
NOTES:
# LAST OF SEVERAL OCCURRENCES
COLUMN 17 PEAK WIND IN M.P.H.
PRELIMINARY LOCAL CLIMATOLOGICAL DATA (WS FORM: F-6) , PAGE 2
STATION: BUTTE MT
MONTH: JANUARY
YEAR: 2024
LATITUDE: 45 57 N
LONGITUDE: 112 30 W
[TEMPERATURE DATA] [PRECIPITATION DATA] SYMBOLS USED IN COLUMN 16
AVERAGE MONTHLY: 17.6 TOTAL FOR MONTH: 0.15 1 = FOG OR MIST
DPTR FM NORMAL: -2.4 DPTR FM NORMAL: -0.27 2 = FOG REDUCING VISIBILITY
HIGHEST: 55 ON 30 GRTST 24HR 0.20 ON 11-12 TO 1/4 MILE OR LESS
LOWEST: -45 ON 13 3 = THUNDER
SNOW, ICE PELLETS, HAIL 4 = ICE PELLETS
TOTAL MONTH: M 5 = HAIL
GRTST 24HR M ON M 6 = FREEZING RAIN OR DRIZZLE
GRTST DEPTH: M ON M 7 = DUSTSTORM OR SANDSTORM:
VSBY 1/2 MILE OR LESS
8 = SMOKE OR HAZE
[NO. OF DAYS WITH] [WEATHER - DAYS WITH] 9 = BLOWING SNOW
X = TORNADO
MAX 32 OR BELOW: 14 0.01 INCH OR MORE: 5
MAX 90 OR ABOVE: 0 0.10 INCH OR MORE: 0
MIN 32 OR BELOW: 31 0.50 INCH OR MORE: 0
MIN 0 OR BELOW: 8 1.00 INCH OR MORE: 0
[HDD (BASE 65) ]
TOTAL THIS MO. 1460 CLEAR (SCALE 0-3) 8
DPTR FM NORMAL 65 PTCLDY (SCALE 4-7) 14
TOTAL FM JUL 1 4856 CLOUDY (SCALE 8-10) 9
DPTR FM NORMAL -418
[CDD (BASE 65) ]
TOTAL THIS MO. 0
DPTR FM NORMAL 0 [PRESSURE DATA]
TOTAL FM JAN 1 0 HIGHEST SLP 30.75 ON 15
DPTR FM NORMAL 0 LOWEST SLP 29.42 ON 10
[REMARKS]
#FINAL-01-24#