000
CXUS54 KLIX 010810
CF6BTR
PRELIMINARY LOCAL CLIMATOLOGICAL DATA (WS FORM: F-6)
STATION: BATON ROUGE
MONTH: MAY
YEAR: 2022
LATITUDE: 30 31 N
LONGITUDE: 91 9 W
TEMPERATURE IN F: :PCPN: SNOW: WIND :SUNSHINE: SKY :PK WND
================================================================================
1 2 3 4 5 6A 6B 7 8 9 10 11 12 13 14 15 16 17 18
12Z AVG MX 2MIN
DY MAX MIN AVG DEP HDD CDD WTR SNW DPTH SPD SPD DIR MIN PSBL S-S WX SPD DR
================================================================================
1 85 66 76 4 0 11 0.18 0.0 M 6.5 20 350 M M 3 13 29 350
2 87 67 77 5 0 12 0.00 0.0 M 9.5 20 190 M M 3 1 24 180
3 88 66 77 5 0 12 0.00 0.0 M 6.3 21 160 M M 3 1 25 160
4 89 64 77 5 0 12 0.00 0.0 M 5.5 13 120 M M 3 1 28 30
5 89 65 77 4 0 12 0.86 0.0 M 11.1 24 180 M M 5 13 31 180
6 85 64 75 2 0 10 0.09 0.0 M 6.0 16 280 M M 2 1 21 280
7 89 59 74 1 0 9 0.00 0.0 M 2.4 9 220 M M 1 11 260
8 90 70 80 6 0 15 0.00 0.0 M 7.3 14 170 M M 4 17 170
9 93 69 81 7 0 16 0.00 0.0 M 8.5 16 110 M M 4 1 20 110
10 89 69 79 5 0 14 0.00 0.0 M 6.3 14 110 M M 1 20 100
11 91 65 78 4 0 13 0.00 0.0 M 3.8 13 230 M M 1 1 16 90
12 91 70 81 7 0 16 T 0.0 M 5.0 26 80 M M 2 3 37 80
13 88 67 78 3 0 13 0.55 0.0 M 5.2 32 40 M M 4 138 41 60
14 87 64 76 1 0 11 0.00 0.0 M 4.4 15 270 M M 2 1 18 260
15 88 67 78 3 0 13 0.06 0.0 M 3.8 26 30 M M 1 138 35 30
16 91 69 80 4 0 15 0.00 0.0 M 6.8 18 210 M M 1 13 40 170
17 92 73 83 7 0 18 0.00 0.0 M 5.0 17 220 M M 3 1 21 230
18 91 72 82 6 0 17 0.00 0.0 M 8.8 18 220 M M 1 25 210
19 91 73 82 6 0 17 0.00 0.0 M 9.8 21 170 M M 2 27 170
20 91 71 81 5 0 16 0.00 0.0 M 11.5 21 180 M M 3 26 160
21 95 70 83 6 0 18 0.16 0.0 M 10.3 25 80 M M 5 13 32 140
22 88 69 79 2 0 14 1.31 0.0 M 5.9 18 350 M M 3 13 24 340
23 84 70 77 0 0 12 0.33 0.0 M 3.7 15 220 M M 8 13 18 220
24 89 70 80 2 0 15 0.10 0.0 M 9.5 29 180 M M 5 138 35 190
25 80 70 75 -3 0 10 0.25 0.0 M 7.1 35 250 M M 4 138 43 260
26 87 66 77 -1 0 12 T 0.0 M 7.8 18 210 M M 1 23 200
27 86 63 75 -3 0 10 0.00 0.0 M 7.2 17 270 M M 0 22 260
28 87 59 73 -5 0 8 0.00 0.0 M 2.7 10 60 M M 0 14 80
29 89 62 76 -2 0 11 0.00 0.0 M 5.2 13 190 M M 0 20 160
30 92 69 81 2 0 16 0.00 0.0 M 8.0 17 160 M M 2 24 120
31 91 71 81 2 0 16 0.05 0.0 M 5.8 20 140 M M 3 3 25 150
================================================================================
SM 2753 2089 0 414 3.94 0.0 206.7 M 80
================================================================================
AV 88.8 67.4 6.7 FASTST M M 3 MAX(MPH)
MISC ----> 35 250 43 260
================================================================================
NOTES:
# LAST OF SEVERAL OCCURRENCES
COLUMN 17 PEAK WIND IN M.P.H.
PRELIMINARY LOCAL CLIMATOLOGICAL DATA (WS FORM: F-6) , PAGE 2
STATION: BATON ROUGE
MONTH: MAY
YEAR: 2022
LATITUDE: 30 31 N
LONGITUDE: 91 9 W
[TEMPERATURE DATA] [PRECIPITATION DATA] SYMBOLS USED IN COLUMN 16
AVERAGE MONTHLY: 78.1 TOTAL FOR MONTH: 3.94 1 = FOG OR MIST
DPTR FM NORMAL: 2.6 DPTR FM NORMAL: -1.29 2 = FOG REDUCING VISIBILITY
HIGHEST: 95 ON 21 GRTST 24HR 1.64 ON 22-23 TO 1/4 MILE OR LESS
LOWEST: 59 ON 28, 7 3 = THUNDER
SNOW, ICE PELLETS, HAIL 4 = ICE PELLETS
TOTAL MONTH: 0.0 INCH 5 = HAIL
GRTST 24HR 0.0 6 = FREEZING RAIN OR DRIZZLE
GRTST DEPTH: M ON M 7 = DUSTSTORM OR SANDSTORM:
VSBY 1/2 MILE OR LESS
8 = SMOKE OR HAZE
[NO. OF DAYS WITH] [WEATHER - DAYS WITH] 9 = BLOWING SNOW
X = TORNADO
MAX 32 OR BELOW: 0 0.01 INCH OR MORE: 11
MAX 90 OR ABOVE: 12 0.10 INCH OR MORE: 8
MIN 32 OR BELOW: 0 0.50 INCH OR MORE: 3
MIN 0 OR BELOW: 0 1.00 INCH OR MORE: 1
[HDD (BASE 65) ]
TOTAL THIS MO. 0 CLEAR (SCALE 0-3) 21
DPTR FM NORMAL -4 PTCLDY (SCALE 4-7) 10
TOTAL FM JUL 1 1387 CLOUDY (SCALE 8-10) 0
DPTR FM NORMAL -144
[CDD (BASE 65) ]
TOTAL THIS MO. 414
DPTR FM NORMAL 86 [PRESSURE DATA]
TOTAL FM JAN 1 645 HIGHEST SLP M ON M
DPTR FM NORMAL 73 LOWEST SLP 29.76 ON 6
[REMARKS]
#FINAL-05-22#