000
CXUS54 KLIX 010910
CF6BTR
PRELIMINARY LOCAL CLIMATOLOGICAL DATA (WS FORM: F-6)
STATION: BATON ROUGE
MONTH: FEBRUARY
YEAR: 2022
LATITUDE: 30 31 N
LONGITUDE: 91 9 W
TEMPERATURE IN F: :PCPN: SNOW: WIND :SUNSHINE: SKY :PK WND
================================================================================
1 2 3 4 5 6A 6B 7 8 9 10 11 12 13 14 15 16 17 18
12Z AVG MX 2MIN
DY MAX MIN AVG DEP HDD CDD WTR SNW DPTH SPD SPD DIR MIN PSBL S-S WX SPD DR
================================================================================
1 63 51 57 4 8 0 0.22 0.0 M 13.1 22 120 M M 8 18 32 100
2 76 60 68 15 0 3 0.01 0.0 M 5.8 12 110 M M 8 1 16 120
3 73 37 55 1 10 0 0.57 M M 9.5 23 290 M M 10 13 29 280
4 39 33 36 -18 29 0 0.05 M M 10.3 18 350 M M 10 1 27 350
5 52 28 40 -14 25 0 0.00 0.0 M 6.3 15 360 M M 1 22 360
6 58 27 43 -11 22 0 0.00 0.0 M 3.5 9 10 M M 0 8 13 360
7 60 39 50 -4 15 0 0.00 0.0 M 6.0 15 350 M M 0 22 360
8 63 32 48 -6 17 0 0.00 0.0 M 2.4 13 30 M M 0 17 40
9 66 31 49 -6 16 0 0.00 0.0 M 4.6 13 230 M M 0 17 240
10 70 35 53 -2 12 0 0.00 0.0 M 3.2 12 230 M M 0 1 14 230
11 71 35 53 -2 12 0 0.00 0.0 M 3.4 13 180 M M 0 16 170
12 71 38 55 0 10 0 0.00 0.0 M 7.0 21 350 M M 3 1 28 350
13 57 33 45 -11 20 0 0.01 M M 7.0 17 340 M M 2 27 310
14 66 31 49 -7 16 0 0.00 0.0 M 3.6 13 220 M M 0 17 260
15 70 33 52 -4 13 0 0.00 0.0 M 7.4 17 180 M M 1 22 150
16 80 49 65 9 0 0 T M M 12.4 24 140 M M 5 32 140
17 76 52 64 8 1 0 0.56 0.0 M 16.3 31 200 M M 10 138 39 210
18 55 40 48 -9 17 0 0.00 0.0 M 8.9 18 350 M M 5 26 360
19 65 33 49 -8 16 0 0.00 0.0 M 6.8 17 30 M M 0 8 23 40
20 68 36 52 -5 13 0 0.00 0.0 M 7.5 15 140 M M 5 20 140
21 82 60 71 14 0 6 0.03 0.0 M 12.5 26 200 M M 8 3 34 200
22 83 71 77 19 0 12 0.04 0.0 M 12.8 24 200 M M 7 30 210
23 86 60 73 15 0 8 0.00 0.0 M 7.5 18 160 M M 8 1 25 160
24 85 59 72 14 0 7 T 0.0 M 9.6 23 190 M M 8 27 200
25 62 44 53 -5 12 0 0.62 0.0 M 9.8 17 320 M M 10 1 23 310
26 63 47 55 -3 10 0 T M M 6.6 12 50 M M 9 16 40
27 58 40 49 -10 16 0 0.02 M M 8.6 15 340 M M 7 1 20 330
28 66 37 52 -7 13 0 0.00 0.0 M 7.0 18 30 M M 0 23 30
================================================================================
SM 1884 1171 323 36 2.13 0.0 219.4 M 125
================================================================================
AV 67.3 41.8 7.8 FASTST M M 4 MAX(MPH)
MISC ----> 31 200 39 210
================================================================================
NOTES:
# LAST OF SEVERAL OCCURRENCES
COLUMN 17 PEAK WIND IN M.P.H.
PRELIMINARY LOCAL CLIMATOLOGICAL DATA (WS FORM: F-6) , PAGE 2
STATION: BATON ROUGE
MONTH: FEBRUARY
YEAR: 2022
LATITUDE: 30 31 N
LONGITUDE: 91 9 W
[TEMPERATURE DATA] [PRECIPITATION DATA] SYMBOLS USED IN COLUMN 16
AVERAGE MONTHLY: 54.6 TOTAL FOR MONTH: 2.13 1 = FOG OR MIST
DPTR FM NORMAL: -1.3 DPTR FM NORMAL: -2.29 2 = FOG REDUCING VISIBILITY
HIGHEST: 86 ON 23 GRTST 24HR 0.62 ON 24-25 TO 1/4 MILE OR LESS
LOWEST: 27 ON 6 3 = THUNDER
SNOW, ICE PELLETS, HAIL 4 = ICE PELLETS
TOTAL MONTH: 0.0 INCH 5 = HAIL
GRTST 24HR 0.0 6 = FREEZING RAIN OR DRIZZLE
GRTST DEPTH: M ON M 7 = DUSTSTORM OR SANDSTORM:
VSBY 1/2 MILE OR LESS
8 = SMOKE OR HAZE
[NO. OF DAYS WITH] [WEATHER - DAYS WITH] 9 = BLOWING SNOW
X = TORNADO
MAX 32 OR BELOW: 0 0.01 INCH OR MORE: 10
MAX 90 OR ABOVE: 0 0.10 INCH OR MORE: 4
MIN 32 OR BELOW: 5 0.50 INCH OR MORE: 3
MIN 0 OR BELOW: 0 1.00 INCH OR MORE: 0
[HDD (BASE 65) ]
TOTAL THIS MO. 323 CLEAR (SCALE 0-3) 13
DPTR FM NORMAL 44 PTCLDY (SCALE 4-7) 9
TOTAL FM JUL 1 1187 CLOUDY (SCALE 8-10) 6
DPTR FM NORMAL -134
[CDD (BASE 65) ]
TOTAL THIS MO. 36
DPTR FM NORMAL 11 [PRESSURE DATA]
TOTAL FM JAN 1 53 HIGHEST SLP 30.54 ON 5
DPTR FM NORMAL 13 LOWEST SLP 29.80 ON 3
[REMARKS]
#FINAL-02-22#