000
CXAK56 PAFG 021750
CF6BTT
PRELIMINARY LOCAL CLIMATOLOGICAL DATA (WS FORM: F-6)
STATION: BETTLES AK
MONTH: JANUARY
YEAR: 2022
LATITUDE: 66 55 N
LONGITUDE: 151 31 W
TEMPERATURE IN F: :PCPN: SNOW: WIND :SUNSHINE: SKY :PK WND
================================================================================
1 2 3 4 5 6A 6B 7 8 9 10 11 12 13 14 15 16 17 18
12Z AVG MX 2MIN
DY MAX MIN AVG DEP HDD CDD WTR SNW DPTH SPD SPD DIR MIN PSBL S-S WX SPD DR
================================================================================
1 -20 -50 -35 -25 100 0 0.00 M 37 1.0 6 70 M M 2 18 8 30
2 -48 -51 -49 -39 114 0 0.00 M 37 0.7 5 160 M M 4 1 6 320
3 -22 -50 -36 -26 101 0 0.00 M M 3.9 13 320 M M 1 1 16 320
4 -15 -31 -23 -13 88 0 0.00 M 35 5.8 14 350 M M 0 19 350
5 -8 -25 -16 -5 81 0 0.00 M 35 1.0 7 360 M M 5 11 350
6 -21 -36 -28 -17 93 0 0.00 M 34 0.1 5 220 M M 2 6 170
7 -10 -36 -23 -12 88 0 0.00 M 34 4.2 12 30 M M 1 13 20
8 -8 -21 -14 -3 79 0 0.00 M 34 6.8 15 30 M M 1 19 30
9 3 -19 -8 3 73 0 0.00 M 34 9.4 21 50 M M 0 8 34 60
10 10 -17 -3 9 68 0 0.00 M 34 6.3 20 50 M M 5 35 40
11 1 -14 -6 6 71 0 0.00 M 33 0.6 5 330 M M 8 1 6 330
12 2 -3 0 12 65 0 0.00 M 34 4.7 12 350 M M 10 1 18 350
13 5 -2 2 14 63 0 0.00 M 34 5.9 13 350 M M 8 1 17 350
14 7 -1 3 15 62 0 0.00 M 35 4.4 9 320 M M 10 1 13 330
15 1 -5 -2 10 67 0 0.00 M 35 5.0 8 340 M M 10 1 10 320
16 -2 -8 -5 7 70 0 0.00 M 35 2.3 6 330 M M 9 1 9 350
17 1 -6 -2 10 67 0 0.11 M 34 0.7 6 330 M M 10 1 M M
18 -2 -21 -11 1 76 0 0.00 M 36 3.0 9 320 M M 6 1 12 320
19 -6 -21 -13 -2 78 0 0.00 M 36 7.3 14 360 M M 5 19 20
20 -8 -19 -13 -2 78 0 0.00 0.0 35 6.2 13 350 M M 2 8 19 10
21 16 -12 2 13 63 0 M M 32 5.3 12 50 M M 7 18 50
22 16 6 11 22 54 0 0.05 M M 0.4 4 350 M M 10 1 M M
23 25 6 16 27 49 0 0.00 M 34 5.3 10 10 M M 9 1 15 10
24 32 20 26 36 39 0 0.00 M 35 2.3 12 140 M M 10 12 18 160
25 33 2 18 28 47 0 0.00 M 40 8.3 24 230 M M 8 1 36 230
26 2 -39 -18 -8 83 0 0.00 M 38 1.3 7 210 M M 3 18 10 210
27 -18 -43 -30 -21 95 0 0.00 M 38 2.2 9 360 M M 1 1 14 350
28 -7 -21 -14 -5 79 0 0.00 M M 6.3 13 350 M M 1 16 10
29 -10 -36 -23 -14 88 0 0.00 M 37 4.3 10 20 M M 0 15 10
30 -14 -39 -26 -18 91 0 0.00 M 37 1.1 7 350 M M 0 18 9 350
31 -25 -42 -33 -25 98 0 0.00 M 36 0.7 9 10 M M 0 18 10 10
================================================================================
SM -90 -634 2368 0 0.16 0.0 116.8 M 148
================================================================================
AV -2.9-20.5 3.8 FASTST M M 5 MAX(MPH)
MISC ----> 24 230 36 230
================================================================================
NOTES:
# LAST OF SEVERAL OCCURRENCES
COLUMN 17 PEAK WIND IN M.P.H.
PRELIMINARY LOCAL CLIMATOLOGICAL DATA (WS FORM: F-6) , PAGE 2
STATION: BETTLES AK
MONTH: JANUARY
YEAR: 2022
LATITUDE: 66 55 N
LONGITUDE: 151 31 W
[TEMPERATURE DATA] [PRECIPITATION DATA] SYMBOLS USED IN COLUMN 16
AVERAGE MONTHLY:-11.7 TOTAL FOR MONTH: 0.16 1 = FOG OR MIST
DPTR FM NORMAL: -1.1 DPTR FM NORMAL: -0.71 2 = FOG REDUCING VISIBILITY
HIGHEST: 33 ON 25 GRTST 24HR 0.13 ON 21-21 TO 1/4 MILE OR LESS
LOWEST: -51 ON 2 3 = THUNDER
SNOW, ICE PELLETS, HAIL 4 = ICE PELLETS
TOTAL MONTH: 0.0 INCH 5 = HAIL
GRTST 24HR 0.0 6 = FREEZING RAIN OR DRIZZLE
GRTST DEPTH: 40 ON 25 7 = DUSTSTORM OR SANDSTORM:
VSBY 1/2 MILE OR LESS
8 = SMOKE OR HAZE
[NO. OF DAYS WITH] [WEATHER - DAYS WITH] 9 = BLOWING SNOW
X = TORNADO
MAX 32 OR BELOW: 30 0.01 INCH OR MORE: 2
MAX 90 OR ABOVE: 0 0.10 INCH OR MORE: 1
MIN 32 OR BELOW: 31 0.50 INCH OR MORE: 0
MIN 0 OR BELOW: 27 1.00 INCH OR MORE: 0
[HDD (BASE 65) ]
TOTAL THIS MO. 2368 CLEAR (SCALE 0-3) 14
DPTR FM NORMAL 23 PTCLDY (SCALE 4-7) 8
TOTAL FM JUL 1 9158 CLOUDY (SCALE 8-10) 9
DPTR FM NORMAL 40
[CDD (BASE 65) ]
TOTAL THIS MO. 0
DPTR FM NORMAL 0 [PRESSURE DATA]
TOTAL FM JAN 1 0 HIGHEST SLP 31.02 ON 3
DPTR FM NORMAL 0 LOWEST SLP 29.35 ON 24
[REMARKS]
#FINAL-01-22#