000
CXUS51 KBUF 011421
CLMBUF
CLIMATE REPORT
NATIONAL WEATHER SERVICE BUFFALO NY
1021 AM EDT SAT JUL 01 2023
...................................
...THE BUFFALO NY CLIMATE SUMMARY FOR THE MONTH OF JUNE 2023...
CLIMATE NORMAL PERIOD: 1991 TO 2020
CLIMATE RECORD PERIOD: 1871 TO 2023
WEATHER OBSERVED NORMAL DEPART LAST YEAR`S
VALUE DATE(S) VALUE FROM VALUE DATE(S)
NORMAL
................................................................
TEMPERATURE (F)
RECORD
HIGH 97 06/29/1933
LOW 35 06/01/1945
HIGHEST 91 06/02 91 06/15
06/25
LOWEST 49 06/05 48 06/05
06/07
AVG. MAXIMUM 75.8 75.6 0.2 75.8
AVG. MINIMUM 57.9 58.1 -0.2 57.6
MEAN 66.8 66.9 -0.1 66.7
DAYS MAX >= 90 2 0.7 1.3 2
DAYS MAX <= 32 0 0.0 0.0 0
DAYS MIN <= 32 0 0.0 0.0 0
DAYS MIN <= 0 0 0.0 0.0 0
PRECIPITATION (INCHES)
RECORD
MAXIMUM 9.67 1928
MINIMUM 0.11 1955
TOTALS 2.42 3.37 -0.95 2.87
DAYS >= .01 11 8
DAYS >= .10 6 7
DAYS >= .50 1 2
DAYS >= 1.00 0 1
GREATEST
24 HR. TOTAL 0.95 06/23 TO 06/24 1.23 06/08 TO 06/09
SNOWFALL (INCHES)
RECORDS
TOTAL MM MM
TOTALS 0.0 0.0 0.0 0.0
SINCE 7/1 133.6 95.4 38.2
SNOWDEPTH AVG. 0 0
DAYS >= 1.0 0 0.0 0.0 0
DAYS >= 0.1 0 0
GREATEST
SNOW DEPTH 0 0 MM
24 HR TOTAL MM
DEGREE DAYS
HEATING TOTAL 44 54 -10 47
SINCE 7/1 5763 6467 -704 MM
COOLING TOTAL 104 110 -6 102
SINCE 1/1 135 144 -9 MM
................................................................
WIND (MPH)
AVERAGE WIND SPEED 8.2
HIGHEST WIND SPEED/DIRECTION 32/220
HIGHEST GUST SPEED/DIRECTION 43/210 DATE 06/26
SKY COVER
POSSIBLE SUNSHINE (PERCENT) MM
NUMBER OF DAYS FAIR 4
NUMBER OF DAYS PC 14
NUMBER OF DAYS CLOUDY 12
AVERAGE RH (PERCENT) 65
WEATHER CONDITIONS. NUMBER OF DAYS WITH
THUNDERSTORM 4 MIXED PRECIP 0
HEAVY RAIN 4 RAIN 4
LIGHT RAIN 14 FREEZING RAIN 0
LT FREEZING RAIN 0 HAIL 0
HEAVY SNOW 0 SNOW 0
LIGHT SNOW 0 SLEET 0
FOG 15 FOG W/VIS <= 1/4 MILE 1
HAZE 14
- INDICATES NEGATIVE NUMBERS.
R INDICATES RECORD WAS SET OR TIED.
MM INDICATES DATA IS MISSING.
T INDICATES TRACE AMOUNT.
$$