000
CXUS56 KLOX 011155
CF6BUR
PRELIMINARY LOCAL CLIMATOLOGICAL DATA (WS FORM: F-6)
STATION: HOLLYWOOD/BURBANK AIRPORT CA
MONTH: MARCH
YEAR: 2024
LATITUDE: 34 12 N
LONGITUDE: 118 22 W
TEMPERATURE IN F: :PCPN: SNOW: WIND :SUNSHINE: SKY :PK WND
================================================================================
1 2 3 4 5 6A 6B 7 8 9 10 11 12 13 14 15 16 17 18
12Z AVG MX 2MIN
DY MAX MIN AVG DEP HDD CDD WTR SNW DPTH SPD SPD DIR MIN PSBL S-S WX SPD DR
================================================================================
1 61 52 57 -1 8 0 0.13 M M 8.5 16 150 M M 10 1 23 130
2 58 50 54 -4 11 0 0.36 M M 6.9 16 200 M M 10 1 23 270
3 60 47 54 -4 11 0 0.08 M M 4.9 14 180 M M 7 1 20 170
4 63 45 54 -4 11 0 0.00 M M 2.2 14 180 M M 3 21 160
5 65 45 55 -3 10 0 0.00 M M 3.5 13 180 M M 2 17 130
6 59 48 54 -4 11 0 0.84 M M 5.9 15 130 M M 6 1 24 80
7 66 46 56 -2 9 0 0.02 M M 5.0 15 270 M M 2 3 23 340
8 73 43 58 -1 7 0 0.00 M M 4.5 17 350 M M 0 23 330
9 72 45 59 0 6 0 0.00 M M 4.1 13 210 M M 0 29 220
10 69 44 57 -2 8 0 0.00 M M 3.0 13 200 M M 0 18 140
11 64 47 56 -3 9 0 0.00 M M 5.0 14 170 M M 3 21 190
12 66 52 59 0 6 0 0.00 M M 5.3 14 150 M M 5 21 150
13 72 50 61 2 4 0 0.00 M M 8.1 20 320 M M 0 29 330
14 67 52 60 1 5 0 0.00 M M 15.7 45 40 M M 0 66 30
15 68 52 60 1 5 0 0.00 M M 4.8 18 80 M M 5 30 40
16 68 49 59 0 6 0 0.00 M M 4.5 15 180 M M 1 20 190
17 69 47 58 -1 7 0 0.00 M M 3.1 14 170 M M 0 18 120
18 77 50 64 4 1 0 0.00 M M 5.4 20 180 M M 1 26 180
19 72 50 61 1 4 0 0.00 M M 4.3 13 210 M M 0 18 180
20 74 52 63 3 2 0 0.00 M M 4.6 12 110 M M 0 21 190
21 72 52 62 2 3 0 0.00 M M 5.2 12 130 M M 4 18 18 240
22 72 52 62 2 3 0 0.00 M M 4.6 14 160 M M 1 18 22 120
23 62 50 56 -4 9 0 0.33 M M 10.4 22 270 M M 8 18 29 120
24 61 45 53 -7 12 0 0.01 M M 6.1 18 260 M M 1 3 26 270
25 65 46 56 -4 9 0 0.00 M M 8.0 15 200 M M 0 23 150
26 66 47 57 -3 8 0 0.00 M M 5.1 15 140 M M 1 25 240
27 69 47 58 -2 7 0 0.00 M M 4.1 14 150 M M 0 22 180
28 67 48 58 -2 7 0 0.00 M M 3.8 14 180 M M 2 19 180
29 61 49 55 -5 10 0 0.09 M M 11.2 20 120 M M 7 1 30 120
30 56 48 52 -8 13 0 1.36 M M 12.2 29 110 M M 9 1 36 110
31 61 47 54 -6 11 0 0.09 M M 8.6 22 150 M M 6 1 36 130
================================================================================
SM 2055 1497 233 0 3.31 M 188.6 M 94
================================================================================
AV 66.3 48.3 6.1 FASTST M M 3 MAX(MPH)
MISC ----> 45 40 66 30
================================================================================
NOTES:
# LAST OF SEVERAL OCCURRENCES
COLUMN 17 PEAK WIND IN M.P.H.
PRELIMINARY LOCAL CLIMATOLOGICAL DATA (WS FORM: F-6) , PAGE 2
STATION: HOLLYWOOD/BURBANK AIRPORT CA
MONTH: MARCH
YEAR: 2024
LATITUDE: 34 12 N
LONGITUDE: 118 22 W
[TEMPERATURE DATA] [PRECIPITATION DATA] SYMBOLS USED IN COLUMN 16
AVERAGE MONTHLY: 57.3 TOTAL FOR MONTH: 3.31 1 = FOG OR MIST
DPTR FM NORMAL: -2.0 DPTR FM NORMAL: 0.88 2 = FOG REDUCING VISIBILITY
HIGHEST: 77 ON 18 GRTST 24HR 1.36 ON 30-30 TO 1/4 MILE OR LESS
LOWEST: 43 ON 8 3 = THUNDER
SNOW, ICE PELLETS, HAIL 4 = ICE PELLETS
TOTAL MONTH: M 5 = HAIL
GRTST 24HR M ON M 6 = FREEZING RAIN OR DRIZZLE
GRTST DEPTH: M ON M 7 = DUSTSTORM OR SANDSTORM:
VSBY 1/2 MILE OR LESS
8 = SMOKE OR HAZE
[NO. OF DAYS WITH] [WEATHER - DAYS WITH] 9 = BLOWING SNOW
X = TORNADO
MAX 32 OR BELOW: 0 0.01 INCH OR MORE: 10
MAX 90 OR ABOVE: 0 0.10 INCH OR MORE: 5
MIN 32 OR BELOW: 0 0.50 INCH OR MORE: 2
MIN 0 OR BELOW: 0 1.00 INCH OR MORE: 1
[HDD (BASE 65) ]
TOTAL THIS MO. 233 CLEAR (SCALE 0-3) 19
DPTR FM NORMAL 38 PTCLDY (SCALE 4-7) 8
TOTAL FM JUL 1 1116 CLOUDY (SCALE 8-10) 4
DPTR FM NORMAL -99
[CDD (BASE 65) ]
TOTAL THIS MO. 0
DPTR FM NORMAL -17 [PRESSURE DATA]
TOTAL FM JAN 1 0 HIGHEST SLP 30.17 ON 27
DPTR FM NORMAL -28 LOWEST SLP 29.62 ON 30
[REMARKS]
#FINAL-03-24#