000
CXUS56 KLOX 021849
CF6BUR
PRELIMINARY LOCAL CLIMATOLOGICAL DATA (WS FORM: F-6)
STATION: HOLLYWOOD/BURBANK AIRPORT CA
MONTH: SEPTEMBER
YEAR: 2023
LATITUDE: 34 12 N
LONGITUDE: 118 22 W
TEMPERATURE IN F: :PCPN: SNOW: WIND :SUNSHINE: SKY :PK WND
================================================================================
1 2 3 4 5 6A 6B 7 8 9 10 11 12 13 14 15 16 17 18
12Z AVG MX 2MIN
DY MAX MIN AVG DEP HDD CDD WTR SNW DPTH SPD SPD DIR MIN PSBL S-S WX SPD DR
================================================================================
1 82 66 74 -3 0 9 T M M 9.8 20 180 M M 6 18 26 140
2 75 66 71 -6 0 6 0.03 M M 7.2 17 140 M M 10 1 26 120
3 77 65 71 -6 0 6 0.01 M M 4.8 14 220 M M 6 1 23 170
4 78 61 70 -7 0 5 0.00 M M 4.4 13 180 M M 0 20 170
5 76 64 70 -6 0 5 0.00 M M 4.9 12 190 M M 6 17 180
6 83 66 75 -1 0 10 0.00 M M 4.8 12 170 M M 4 17 120
7 85 62 74 -2 0 9 0.00 M M 3.9 13 180 M M 0 19 140
8 95 66 81 5 0 16 0.00 M M 3.7 13 200 M M 0 18 180
9 96 73 85 9 0 20 0.00 M M 6.2 14 270 M M 0 20 230
10 99 74 87 11 0 22 T M M 6.4 17 260 M M 1 26 270
11 90 72 81 5 0 16 0.00 M M 4.4 14 180 M M 0 18 220
12 84 66 75 -1 0 10 0.00 M M 6.0 15 120 M M 0 23 190
13 80 64 72 -3 0 7 0.00 M M 6.1 12 180 M M 4 20 220
14 78 63 71 -4 0 6 0.00 M M 5.8 13 180 M M 3 8 18 150
15 78 63 71 -4 0 6 0.00 M M 5.1 14 180 M M 7 18 17 160
16 72 64 68 -7 0 3 0.00 M M 4.9 12 160 M M 9 18 15 160
17 72 63 68 -7 0 3 T M M 3.8 9 170 M M 10 18 12 200
18 77 63 70 -4 0 5 0.00 M M 4.6 14 150 M M 4 21 170
19 78 60 69 -5 0 4 0.00 M M 4.8 13 180 M M 2 18 19 170
20 73 61 67 -7 0 2 0.01 M M 4.6 13 200 M M 8 1 19 240
21 71 60 66 -8 0 1 0.00 M M 6.6 13 200 M M 7 8 23 140
22 74 57 66 -8 0 1 0.00 M M 4.1 13 180 M M 0 21 120
23 78 59 69 -5 0 4 0.00 M M 4.8 12 170 M M 1 18 19 150
24 82 58 70 -3 0 5 0.00 M M 4.9 12 160 M M 1 18 16 170
25 82 55 69 -4 0 4 0.00 M M 4.0 12 170 M M 0 8 15 180
26 85 57 71 -2 0 6 0.00 M M 3.5 13 180 M M 0 17 110
27 83 60 72 -1 0 7 0.00 M M 4.6 13 190 M M 0 20 230
28 77 60 69 -3 0 4 0.00 M M 5.8 13 200 M M 4 18 23 170
29 70 63 67 -5 0 2 0.00 M M 5.6 9 210 M M 10 8 15 110
30 68 59 64 -8 1 0 T M M 7.4 16 170 M M 9 1 22 110
================================================================================
SM 2398 1890 1 204 0.05 M 157.5 M 112
================================================================================
AV 79.9 63.0 5.3 FASTST M M 4 MAX(MPH)
MISC ----> 20 180 # 26 140
================================================================================
NOTES:
# LAST OF SEVERAL OCCURRENCES
COLUMN 17 PEAK WIND IN M.P.H.
PRELIMINARY LOCAL CLIMATOLOGICAL DATA (WS FORM: F-6) , PAGE 2
STATION: HOLLYWOOD/BURBANK AIRPORT CA
MONTH: SEPTEMBER
YEAR: 2023
LATITUDE: 34 12 N
LONGITUDE: 118 22 W
[TEMPERATURE DATA] [PRECIPITATION DATA] SYMBOLS USED IN COLUMN 16
AVERAGE MONTHLY: 71.5 TOTAL FOR MONTH: 0.05 1 = FOG OR MIST
DPTR FM NORMAL: -3.2 DPTR FM NORMAL: -0.06 2 = FOG REDUCING VISIBILITY
HIGHEST: 99 ON 10 GRTST 24HR 0.04 ON 2- 3 TO 1/4 MILE OR LESS
LOWEST: 55 ON 25 3 = THUNDER
SNOW, ICE PELLETS, HAIL 4 = ICE PELLETS
TOTAL MONTH: M 5 = HAIL
GRTST 24HR M ON M 6 = FREEZING RAIN OR DRIZZLE
GRTST DEPTH: M ON M 7 = DUSTSTORM OR SANDSTORM:
VSBY 1/2 MILE OR LESS
8 = SMOKE OR HAZE
[NO. OF DAYS WITH] [WEATHER - DAYS WITH] 9 = BLOWING SNOW
X = TORNADO
MAX 32 OR BELOW: 0 0.01 INCH OR MORE: 3
MAX 90 OR ABOVE: 4 0.10 INCH OR MORE: 0
MIN 32 OR BELOW: 0 0.50 INCH OR MORE: 0
MIN 0 OR BELOW: 0 1.00 INCH OR MORE: 0
[HDD (BASE 65) ]
TOTAL THIS MO. 1 CLEAR (SCALE 0-3) 15
DPTR FM NORMAL -1 PTCLDY (SCALE 4-7) 10
TOTAL FM JUL 1 1 CLOUDY (SCALE 8-10) 5
DPTR FM NORMAL 1
[CDD (BASE 65) ]
TOTAL THIS MO. 204
DPTR FM NORMAL -91 [PRESSURE DATA]
TOTAL FM JAN 1 1123 HIGHEST SLP 30.06 ON 25
DPTR FM NORMAL -186 LOWEST SLP 29.78 ON 30
[REMARKS]
#FINAL-09-23#