000
CXUS53 KLMK 010710
CF6BWG
PRELIMINARY LOCAL CLIMATOLOGICAL DATA (WS FORM: F-6)
STATION: BOWLING GREEN KY
MONTH: MAY
YEAR: 2022
LATITUDE: 36 58 N
LONGITUDE: 86 26 W
TEMPERATURE IN F: :PCPN: SNOW: WIND :SUNSHINE: SKY :PK WND
================================================================================
1 2 3 4 5 6A 6B 7 8 9 10 11 12 13 14 15 16 17 18
12Z AVG MX 2MIN
DY MAX MIN AVG DEP HDD CDD WTR SNW DPTH SPD SPD DIR MIN PSBL S-S WX SPD DR
================================================================================
1 78 56 67 3 0 2 1.05 0.0 0 9.1 21 250 M M 4 13 38 260
2 81 50 66 2 0 1 0.00 0.0 0 4.3 13 100 M M 1 16 110
3 84 63 74 10 0 9 0.08 0.0 0 11.6 25 190 M M 4 3 38 210
4 64 53 59 -6 6 0 0.00 0.0 0 4.1 9 280 M M 8 16 330
5 80 51 66 1 0 1 0.32 0.0 0 5.4 17 290 M M 4 138 28 310
6 78 56 67 2 0 2 0.10 0.0 0 8.8 26 270 M M 8 13 37 280
7 62 55 59 -6 6 0 0.06 0.0 0 5.7 13 280 M M 10 1 19 360
8 72 49 61 -5 4 0 0.00 0.0 0 6.6 14 140 M M 2 20 100
9 81 54 68 2 0 3 0.00 0.0 0 6.8 15 190 M M 3 23 140
10 85 60 73 7 0 8 0.00 0.0 0 5.8 16 190 M M 2 31 170
11 90 64 77 11 0 12 0.00 0.0 0 2.4 14 90 M M 2 1 18 80
12 88 62 75 8 0 10 0.00 0.0 0 4.5 12 60 M M 0 1 17 60
13 87 59 73 6 0 8 0.00 0.0 0 4.7 15 180 M M 0 21 170
14 87 65 76 9 0 11 0.59 0.0 0 7.0 14 210 M M 4 138 27 20
15 87 62 75 7 0 10 0.00 0.0 0 3.5 14 280 M M 1 19 280
16 80 62 71 3 0 6 0.00 0.0 0 5.2 14 30 M M 2 21 40
17 86 54 70 2 0 5 0.00 0.0 0 3.2 12 260 M M 0 17 260
18 86 60 73 5 0 8 0.00 0.0 0 7.7 23 230 M M 1 35 220
19 90 68 79 10 0 14 0.00 0.0 0 8.6 22 220 M M 2 30 200
20 90 73 82 13 0 17 0.00 0.0 0 13.8 26 200 M M 0 37 190
21 91 68 80 11 0 15 0.06 0.0 0 9.8 23 280 M M 4 13 32 290
22 72 63 68 -2 0 3 0.20 0.0 0 4.6 13 100 M M 9 18 17 100
23 65 58 62 -8 3 0 T 0.0 0 10.1 16 50 M M 9 24 40
24 77 60 69 -1 0 4 0.50 0.0 0 7.6 16 70 M M 7 13 22 190
25 83 67 75 5 0 10 0.38 0.0 0 12.2 25 170 M M 5 13 35 180
26 76 65 71 0 0 6 0.50 0.0 0 10.3 23 180 M M 7 1 31 220
27 72 60 66 -5 0 1 0.09 0.0 0 8.3 16 250 M M 8 1 23 270
28 74 59 67 -4 0 2 0.00 0.0 0 2.9 9 40 M M 8 14 50
29 85 56 71 -1 0 6 0.00 0.0 0 6.3 17 150 M M 1 12 25 160
30 89 62 76 4 0 11 0.00 0.0 0 9.0 21 180 M M 1 29 180
31 90 69 80 8 0 15 0.00 0.0 0 5.8 14 240 M M 1 20 240
================================================================================
SM 2510 1863 19 200 3.93 0.0 215.7 M 118
================================================================================
AV 81.0 60.1 7.0 FASTST M M 4 MAX(MPH)
MISC ----> # 26 270 # 38 260
================================================================================
NOTES:
# LAST OF SEVERAL OCCURRENCES
COLUMN 17 PEAK WIND IN M.P.H.
PRELIMINARY LOCAL CLIMATOLOGICAL DATA (WS FORM: F-6) , PAGE 2
STATION: BOWLING GREEN KY
MONTH: MAY
YEAR: 2022
LATITUDE: 36 58 N
LONGITUDE: 86 26 W
[TEMPERATURE DATA] [PRECIPITATION DATA] SYMBOLS USED IN COLUMN 16
AVERAGE MONTHLY: 70.5 TOTAL FOR MONTH: 3.93 1 = FOG OR MIST
DPTR FM NORMAL: 2.5 DPTR FM NORMAL: -1.10 2 = FOG REDUCING VISIBILITY
HIGHEST: 91 ON 21 GRTST 24HR 1.05 ON 1- 1 TO 1/4 MILE OR LESS
LOWEST: 49 ON 8 3 = THUNDER
SNOW, ICE PELLETS, HAIL 4 = ICE PELLETS
TOTAL MONTH: 0.0 INCH 5 = HAIL
GRTST 24HR 0.0 6 = FREEZING RAIN OR DRIZZLE
GRTST DEPTH: 0 7 = DUSTSTORM OR SANDSTORM:
VSBY 1/2 MILE OR LESS
8 = SMOKE OR HAZE
[NO. OF DAYS WITH] [WEATHER - DAYS WITH] 9 = BLOWING SNOW
X = TORNADO
MAX 32 OR BELOW: 0 0.01 INCH OR MORE: 12
MAX 90 OR ABOVE: 5 0.10 INCH OR MORE: 8
MIN 32 OR BELOW: 0 0.50 INCH OR MORE: 4
MIN 0 OR BELOW: 0 1.00 INCH OR MORE: 1
[HDD (BASE 65) ]
TOTAL THIS MO. 19 CLEAR (SCALE 0-3) 16
DPTR FM NORMAL -40 PTCLDY (SCALE 4-7) 10
TOTAL FM JUL 1 3476 CLOUDY (SCALE 8-10) 5
DPTR FM NORMAL -318
[CDD (BASE 65) ]
TOTAL THIS MO. 200
DPTR FM NORMAL 50 [PRESSURE DATA]
TOTAL FM JAN 1 260 HIGHEST SLP M ON M
DPTR FM NORMAL 62 LOWEST SLP 29.50 ON 6
[REMARKS]
#FINAL-05-22#