000
CXUS55 KRIW 010945
CF6BYG
PRELIMINARY LOCAL CLIMATOLOGICAL DATA (WS FORM: F-6)
STATION: BUFFALO WY
MONTH: JUNE
YEAR: 2020
LATITUDE: 44 22 N
LONGITUDE: 106 43 W
TEMPERATURE IN F: :PCPN: SNOW: WIND :SUNSHINE: SKY :PK WND
================================================================================
1 2 3 4 5 6A 6B 7 8 9 10 11 12 13 14 15 16 17 18
12Z AVG MX 2MIN
DY MAX MIN AVG DEP HDD CDD WTR SNW DPTH SPD SPD DIR MIN PSBL S-S WX SPD DR
================================================================================
1 84 57 71 15 0 6 0.00 M M 8.5 16 340 M M 0 22 340
2 72 56 64 8 1 0 T M M 9.9 23 330 M M 3 31 330
3 81 53 67 10 0 2 T M M 9.1 37 260 M M 1 45 250
4 76 51 64 7 1 0 0.00 M M 7.1 31 340 M M 1 44 340
5 89 53 71 14 0 6 0.00 M M 13.4 29 190 M M 1 39 180
6 82 59 71 13 0 6 0.02 M M 18.5 44 180 M M 1 62 240
7 76 50 63 5 2 0 0.00 M M 12.3 32 350 M M 2 3 44 350
8 65 43 54 -4 11 0 0.00 M M 12.5 28 320 M M 4 1 39 320
9 63 41 52 -7 13 0 0.00 M M 15.6 26 350 M M 1 38 310
10 72 50 61 2 4 0 0.00 M M 8.0 20 350 M M 6 26 350
11 84 49 67 8 0 2 0.00 M M 8.8 17 150 M M 1 23 160
12 92 59 76 16 0 11 0.00 M M 11.7 24 160 M M 0 37 160
13 96 63 80 20 0 15 0.00 M M 20.7 43 200 M M 0 65 140
14 86 54 70 10 0 5 0.00 M M 12.9 25 330 M M 0 34 330
15 85 45 65 4 0 0 0.00 M M 11.8 29 150 M M 0 38 150
16 70 51 61 0 4 0 T M M 10.6 45 240 M M 3 3 64 240
17 64 38 51 -11 14 0 T M M 11.2 30 350 M M 5 42 360
18 66 37 52 -10 13 0 0.02 M M 8.0 26 330 M M 5 38 340
19 73 43 58 -4 7 0 0.08 M M 9.7 25 160 M M 2 3 34 350
20 78 50 64 1 1 0 0.00 M M 8.1 21 350 M M 4 29 350
21 71 53 62 -1 3 0 0.14 M M 7.7 25 320 M M 7 3 37 330
22 74 51 63 -1 2 0 T M M 8.2 23 340 M M 4 34 350
23 84 52 68 4 0 3 0.00 M M 6.2 14 350 M M 0 18 320
24 91 59 75 10 0 10 0.07 M M 7.5 31 260 M M 2 42 250
25 75 56 66 1 0 1 0.11 M M 9.9 25 320 M M 4 3 40 310
26 84 53 69 4 0 4 0.00 M M 7.0 16 150 M M 0 23 160
27 93 62 78 12 0 13 0.00 M M 9.2 20 330 M M 0 29 330
28 71 57 64 -2 1 0 0.24 M M 9.4 28 310 M M 4 13 41 310
29 70 54 62 -5 3 0 0.01 M M 10.4 22 350 M M 7 123 29 330
30 67 49 58 -9 7 0 0.49 M 999 6.7 22 250 M M 5 13 27 250
================================================================================
SM 2334 1548 87 84 1.18 M 310.6 M 73
================================================================================
AV 77.8 51.6 10.4 FASTST M M 2 MAX(MPH)
MISC ----> # 45 240 # 65 140
================================================================================
NOTES:
# LAST OF SEVERAL OCCURRENCES
COLUMN 17 PEAK WIND IN M.P.H.
PRELIMINARY LOCAL CLIMATOLOGICAL DATA (WS FORM: F-6) , PAGE 2
STATION: BUFFALO WY
MONTH: JUNE
YEAR: 2020
LATITUDE: 44 22 N
LONGITUDE: 106 43 W
[TEMPERATURE DATA] [PRECIPITATION DATA] SYMBOLS USED IN COLUMN 16
AVERAGE MONTHLY: 64.7 TOTAL FOR MONTH: 1.18 1 = FOG OR MIST
DPTR FM NORMAL: 3.4 DPTR FM NORMAL: -1.10 2 = FOG REDUCING VISIBILITY
HIGHEST: 96 ON 13 GRTST 24HR 0.49 ON 30-30 TO 1/4 MILE OR LESS
LOWEST: 37 ON 18 3 = THUNDER
SNOW, ICE PELLETS, HAIL 4 = ICE PELLETS
TOTAL MONTH: M 5 = HAIL
GRTST 24HR M ON M 6 = FREEZING RAIN OR DRIZZLE
GRTST DEPTH: 999 ON 30 7 = DUSTSTORM OR SANDSTORM:
VSBY 1/2 MILE OR LESS
8 = SMOKE OR HAZE
[NO. OF DAYS WITH] [WEATHER - DAYS WITH] 9 = BLOWING SNOW
X = TORNADO
MAX 32 OR BELOW: 0 0.01 INCH OR MORE: 9
MAX 90 OR ABOVE: 4 0.10 INCH OR MORE: 4
MIN 32 OR BELOW: 0 0.50 INCH OR MORE: 0
MIN 0 OR BELOW: 0 1.00 INCH OR MORE: 0
[HDD (BASE 65) ]
TOTAL THIS MO. 87 CLEAR (SCALE 0-3) 19
DPTR FM NORMAL -76 PTCLDY (SCALE 4-7) 11
TOTAL FM JUL 1 7455 CLOUDY (SCALE 8-10) 0
DPTR FM NORMAL 38
[CDD (BASE 65) ]
TOTAL THIS MO. 84
DPTR FM NORMAL 33 [PRESSURE DATA]
TOTAL FM JAN 1 106 HIGHEST SLP 30.18 ON 11
DPTR FM NORMAL 48 LOWEST SLP 29.30 ON 6
[REMARKS]
#FINAL-06-20#