000
CXUS52 KCAE 041137
CF6CAE
PRELIMINARY LOCAL CLIMATOLOGICAL DATA (WS FORM: F-6)
STATION: COLUMBIA METRO AIRPORT SC
MONTH: JANUARY
YEAR: 2022
LATITUDE: 33 57 N
LONGITUDE: 81 7 W
TEMPERATURE IN F: :PCPN: SNOW: WIND :SUNSHINE: SKY :PK WND
================================================================================
1 2 3 4 5 6A 6B 7 8 9 10 11 12 13 14 15 16 17 18
12Z AVG MX 2MIN
DY MAX MIN AVG DEP HDD CDD WTR SNW DPTH SPD SPD DIR MIN PSBL S-S WX SPD DR
================================================================================
1 80 69 75 29 0 10 0.00 0.0 0 12.3 22 200 M M 7 30 230
2 74 59 67 21 0 2 1.34 0.0 0 10.0 29 280 M M 8 13 36 270
3 66 37 52 6 13 0 0.41 0.0 0 12.9 38 220 M M 6 1 50 230
4 50 32 41 -5 24 0 0.00 0.0 0 5.6 15 110 M M 2 1 19 100
5 61 37 49 3 16 0 0.01 0.0 0 4.8 16 250 M M 6 21 260
6 62 32 47 1 18 0 T 0.0 0 7.2 26 280 M M 3 18 35 290
7 54 33 44 -2 21 0 T 0.0 0 6.9 26 280 M M 3 33 280
8 47 30 39 -7 26 0 0.00 0.0 0 7.9 13 60 M M 4 16 50
9 71 42 57 12 8 0 0.40 0.0 0 5.2 29 310 M M 8 1 40 310
10 57 30 44 -1 21 0 0.04 0.0 0 M 15 320 M M 5 1 19 340
11 49 28 39 -6 26 0 0.00 0.0 0 2.6 14 80 M M 0 1 17 70
12 57 23 40 -5 25 0 0.00 0.0 0 1.4 13 240 M M 2 1 15 240
13 61 28 45 0 20 0 T 0.0 0 4.0 14 230 M M 5 18 19 250
14 59 35 47 2 18 0 0.00 0.0 0 5.7 13 280 M M 1 19 350
15 48 34 41 -4 24 0 0.04 0.0 0 7.9 16 80 M M 7 20 70
16 41 32 37 -8 28 0 1.24 T 0 10.8 23 250 M M 10 1 29 250
17 46 34 40 -6 25 0 0.00 0.0 0 18.9 35 280 M M 3 43 290
18 53 27 40 -6 25 0 0.00 0.0 0 5.1 15 260 M M 0 19 270
19 62 28 45 -1 20 0 0.00 0.0 0 4.5 14 200 M M 3 1 18 200
20 52 41 47 1 18 0 0.28 0.0 0 5.5 15 40 M M 8 1 23 50
21 41 28 35 -11 30 0 0.22 2.0 2 8.8 16 70 M M 10 1468 23 30
22 42 26 34 -12 31 0 T T 2 4.4 10 20 M M 6 15 10
23 55 22 39 -7 26 0 0.00 0.0 0 5.1 17 240 M M 0 21 260
24 58 28 43 -3 22 0 0.00 0.0 0 4.0 13 200 M M 1 19 250
25 60 36 48 2 17 0 0.00 0.0 0 4.6 13 230 M M 9 16 230
26 53 33 43 -3 22 0 0.00 0.0 0 7.5 17 50 M M 3 1 22 50
27 49 30 40 -6 25 0 0.00 0.0 0 4.9 13 80 M M 2 16 60
28 46 28 37 -9 28 0 T T 0 2.2 22 310 M M 6 8 31 320
29 42 24 33 -13 32 0 0.06 T 0 7.9 25 290 M M 4 35 280
30 55 19 37 -9 28 0 0.00 0.0 0 6.2 20 210 M M 1 27 190
31 62 28 45 -1 20 0 0.00 0.0 0 2.1 10 310 M M 3 1 13 300
================================================================================
SM 1713 1013 657 12 4.04 2.0 196.9 M 136
================================================================================
AV 55.3 32.7 6.6 FASTST M M 4 MAX(MPH)
MISC ----> 38 220 50 230
================================================================================
NOTES:
# LAST OF SEVERAL OCCURRENCES
COLUMN 17 PEAK WIND IN M.P.H.
PRELIMINARY LOCAL CLIMATOLOGICAL DATA (WS FORM: F-6) , PAGE 2
STATION: COLUMBIA METRO AIRPORT SC
MONTH: JANUARY
YEAR: 2022
LATITUDE: 33 57 N
LONGITUDE: 81 7 W
[TEMPERATURE DATA] [PRECIPITATION DATA] SYMBOLS USED IN COLUMN 16
AVERAGE MONTHLY: 44.0 TOTAL FOR MONTH: 4.04 1 = FOG OR MIST
DPTR FM NORMAL: -1.7 DPTR FM NORMAL: 0.55 2 = FOG REDUCING VISIBILITY
HIGHEST: 80 ON 1 GRTST 24HR 1.34 ON 2- 2 TO 1/4 MILE OR LESS
LOWEST: 19 ON 30 3 = THUNDER
SNOW, ICE PELLETS, HAIL 4 = ICE PELLETS
TOTAL MONTH: 2.0 INCHES 5 = HAIL
GRTST 24HR 2.0 ON 21-21 6 = FREEZING RAIN OR DRIZZLE
GRTST DEPTH: 2 ON 22,21 7 = DUSTSTORM OR SANDSTORM:
VSBY 1/2 MILE OR LESS
8 = SMOKE OR HAZE
[NO. OF DAYS WITH] [WEATHER - DAYS WITH] 9 = BLOWING SNOW
X = TORNADO
MAX 32 OR BELOW: 0 0.01 INCH OR MORE: 10
MAX 90 OR ABOVE: 0 0.10 INCH OR MORE: 6
MIN 32 OR BELOW: 19 0.50 INCH OR MORE: 2
MIN 0 OR BELOW: 0 1.00 INCH OR MORE: 2
[HDD (BASE 65) ]
TOTAL THIS MO. 657 CLEAR (SCALE 0-3) 12
DPTR FM NORMAL 57 PTCLDY (SCALE 4-7) 14
TOTAL FM JUL 1 1422 CLOUDY (SCALE 8-10) 5
DPTR FM NORMAL -175
[CDD (BASE 65) ]
TOTAL THIS MO. 12
DPTR FM NORMAL 10 [PRESSURE DATA]
TOTAL FM JAN 1 12 HIGHEST SLP 30.24 ON 31
DPTR FM NORMAL 10 LOWEST SLP 30.08 ON 31
[REMARKS]
#FINAL-01-22#